{"version":"1.0","provider_name":"Doyenn\u00e9 de Beaucourt - Delle","provider_url":"https:\/\/www.diocese-belfort-montbeliard.fr\/beaucourt-delle","author_name":"paroissejeanpaul2","author_url":"https:\/\/www.diocese-belfort-montbeliard.fr\/beaucourt-delle\/author\/paroissejeanpaul2\/","title":"Repas choucroute \u00e0 emporter - Doyenn\u00e9 de Beaucourt - Delle","type":"rich","width":600,"height":338,"html":"<blockquote class=\"wp-embedded-content\" data-secret=\"D5IY4KY85y\"><a href=\"https:\/\/www.diocese-belfort-montbeliard.fr\/beaucourt-delle\/agenda\/repas-choucroute-a-emporter\/\">Repas choucroute \u00e0 emporter<\/a><\/blockquote><iframe sandbox=\"allow-scripts\" security=\"restricted\" src=\"https:\/\/www.diocese-belfort-montbeliard.fr\/beaucourt-delle\/agenda\/repas-choucroute-a-emporter\/embed\/#?secret=D5IY4KY85y\" width=\"600\" height=\"338\" title=\"\u00ab\u00a0Repas choucroute \u00e0 emporter\u00a0\u00bb &#8212; Doyenn\u00e9 de Beaucourt - Delle\" data-secret=\"D5IY4KY85y\" frameborder=\"0\" marginwidth=\"0\" marginheight=\"0\" scrolling=\"no\" class=\"wp-embedded-content\"><\/iframe><script type=\"text\/javascript\">\n\/* <![CDATA[ *\/\n\/*! This file is auto-generated *\/\n!function(d,l){\"use strict\";l.querySelector&&d.addEventListener&&\"undefined\"!=typeof URL&&(d.wp=d.wp||{},d.wp.receiveEmbedMessage||(d.wp.receiveEmbedMessage=function(e){var t=e.data;if((t||t.secret||t.message||t.value)&&!\/[^a-zA-Z0-9]\/.test(t.secret)){for(var s,r,n,a=l.querySelectorAll('iframe[data-secret=\"'+t.secret+'\"]'),o=l.querySelectorAll('blockquote[data-secret=\"'+t.secret+'\"]'),c=new RegExp(\"^https?:$\",\"i\"),i=0;i<o.length;i++)o[i].style.display=\"none\";for(i=0;i<a.length;i++)s=a[i],e.source===s.contentWindow&&(s.removeAttribute(\"style\"),\"height\"===t.message?(1e3<(r=parseInt(t.value,10))?r=1e3:~~r<200&&(r=200),s.height=r):\"link\"===t.message&&(r=new URL(s.getAttribute(\"src\")),n=new URL(t.value),c.test(n.protocol))&&n.host===r.host&&l.activeElement===s&&(d.top.location.href=t.value))}},d.addEventListener(\"message\",d.wp.receiveEmbedMessage,!1),l.addEventListener(\"DOMContentLoaded\",function(){for(var e,t,s=l.querySelectorAll(\"iframe.wp-embedded-content\"),r=0;r<s.length;r++)(t=(e=s[r]).getAttribute(\"data-secret\"))||(t=Math.random().toString(36).substring(2,12),e.src+=\"#?secret=\"+t,e.setAttribute(\"data-secret\",t)),e.contentWindow.postMessage({message:\"ready\",secret:t},\"*\")},!1)))}(window,document);\n\/\/# sourceURL=https:\/\/www.diocese-belfort-montbeliard.fr\/beaucourt-delle\/wp-includes\/js\/wp-embed.min.js\n\/* ]]> *\/\n<\/script>\n","description":"Repas choucroute \u00e0 emporter \u00bb organis\u00e9e par l\u2019Association Ste Jeanne d\u2019Arc le dimanche27 octobre. Les bulletins de r\u00e9servations sont d\u00e9j\u00e0 disponibles au fond de l\u2019\u00e9glise. Les b\u00e9n\u00e9fices des op\u00e9rationsd\u00e9j\u00e0 men\u00e9es ont permis \u00e0 l\u2019association Jeanne d\u2019arc de participer \u00e0 l\u2019achat de la nouvelle photocopieuse de lacure, de verser \u00e0 la paroisse 390\u20ac pour le projet [&hellip;]"}

Doyenné de Beaucourt - Delle

Repas choucroute à emporter - Doyenné de Beaucourt - Delle

<blockquote class="wp-embedded-content" data-secret="D5IY4KY85y"><a href="https://www.diocese-belfort-montbeliard.fr/beaucourt-delle/agenda/repas-choucroute-a-emporter/">Repas choucroute à emporter</a></blockquote><iframe sandbox="allow-scripts" security="restricted" src="https://www.diocese-belfort-montbeliard.fr/beaucourt-delle/agenda/repas-choucroute-a-emporter/embed/#?secret=D5IY4KY85y" width="600" height="338" title="« Repas choucroute à emporter » &#8212; Doyenné de Beaucourt - Delle" data-secret="D5IY4KY85y" frameborder="0" marginwidth="0" marginheight="0" scrolling="no" class="wp-embedded-content"></iframe><script type="text/javascript">
/* <![CDATA[ */
/*! This file is auto-generated */
!function(d,l){"use strict";l.querySelector&&d.addEventListener&&"undefined"!=typeof URL&&(d.wp=d.wp||{},d.wp.receiveEmbedMessage||(d.wp.receiveEmbedMessage=function(e){var t=e.data;if((t||t.secret||t.message||t.value)&&!/[^a-zA-Z0-9]/.test(t.secret)){for(var s,r,n,a=l.querySelectorAll('iframe[data-secret="'+t.secret+'"]'),o=l.querySelectorAll('blockquote[data-secret="'+t.secret+'"]'),c=new RegExp("^https?:$","i"),i=0;i<o.length;i++)o[i].style.display="none";for(i=0;i<a.length;i++)s=a[i],e.source===s.contentWindow&&(s.removeAttribute("style"),"height"===t.message?(1e3<(r=parseInt(t.value,10))?r=1e3:~~r<200&&(r=200),s.height=r):"link"===t.message&&(r=new URL(s.getAttribute("src")),n=new URL(t.value),c.test(n.protocol))&&n.host===r.host&&l.activeElement===s&&(d.top.location.href=t.value))}},d.addEventListener("message",d.wp.receiveEmbedMessage,!1),l.addEventListener("DOMContentLoaded",function(){for(var e,t,s=l.querySelectorAll("iframe.wp-embedded-content"),r=0;r<s.length;r++)(t=(e=s[r]).getAttribute("data-secret"))||(t=Math.random().toString(36).substring(2,12),e.src+="#?secret="+t,e.setAttribute("data-secret",t)),e.contentWindow.postMessage({message:"ready",secret:t},"*")},!1)))}(window,document);
//# sourceURL=https://www.diocese-belfort-montbeliard.fr/beaucourt-delle/wp-includes/js/wp-embed.min.js
/* ]]> */
</script>

Repas choucroute à emporter » organisée par l’Association Ste Jeanne d’Arc le dimanche27 octobre. Les bulletins de réservations sont déjà disponibles au fond de l’église. Les bénéfices des opérationsdéjà menées ont permis à l’association Jeanne d’arc de participer à l’achat de la nouvelle photocopieuse de lacure, de verser à la paroisse 390€ pour le projet [&hellip;]
