{"id":11724,"date":"2024-06-18T21:26:48","date_gmt":"2024-06-18T19:26:48","guid":{"rendered":"https:\/\/www.diocese-belfort-montbeliard.fr\/beaucourt-delle\/?post_type=paroisse&#038;p=11724"},"modified":"2024-06-18T22:17:15","modified_gmt":"2024-06-18T20:17:15","slug":"nos-fiches-dominicales","status":"publish","type":"paroisse","link":"https:\/\/www.diocese-belfort-montbeliard.fr\/beaucourt-delle\/paroisses\/saint-francois-de-sales-presentation\/nos-fiches-dominicales\/","title":{"rendered":"Nos fiches dominicales"},"content":{"rendered":"\n<p class=\"has-text-align-center has-background has-large-font-size\" style=\"background-color:#a4f8f0\">Retrouver ici les fiches dominicales, par dates.<\/p>\n\n\n\n<p>Ann\u00e9e B &#8211; 12\u00e8me dimanche ordinaire &#8211; le 22 juin 2024<\/p>\n\n\n\n<p>Ann\u00e9e B &#8211; 11\u00e8me  dimanche ordinaire le 15 juin 2024 <\/p>\n","protected":false},"author":15,"featured_media":0,"parent":6,"menu_order":1,"template":"","meta":{"_acf_changed":false,"footnotes":""},"class_list":["post-11724","paroisse","type-paroisse","status-publish","hentry"],"acf":[],"yoast_head":"<!-- This site is optimized with the Yoast SEO plugin v27.4 - https:\/\/yoast.com\/product\/yoast-seo-wordpress\/ -->\n<title>Nos fiches dominicales - Doyenn\u00e9 de Beaucourt - Delle<\/title>\n<meta name=\"robots\" content=\"index, follow, max-snippet:-1, max-image-preview:large, max-video-preview:-1\" \/>\n<link rel=\"canonical\" href=\"https:\/\/www.diocese-belfort-montbeliard.fr\/beaucourt-delle\/paroisses\/saint-francois-de-sales-presentation\/nos-fiches-dominicales\/\" \/>\n<meta property=\"og:locale\" content=\"fr_FR\" \/>\n<meta property=\"og:type\" content=\"article\" \/>\n<meta property=\"og:title\" content=\"Nos fiches dominicales - Doyenn\u00e9 de Beaucourt - Delle\" \/>\n<meta property=\"og:description\" content=\"Retrouver ici les fiches dominicales, par dates. Ann\u00e9e B &#8211; 12\u00e8me dimanche ordinaire &#8211; le 22 juin 2024 Ann\u00e9e B &#8211; 11\u00e8me dimanche ordinaire le 15 juin 2024\" \/>\n<meta property=\"og:url\" content=\"https:\/\/www.diocese-belfort-montbeliard.fr\/beaucourt-delle\/paroisses\/saint-francois-de-sales-presentation\/nos-fiches-dominicales\/\" \/>\n<meta property=\"og:site_name\" content=\"Doyenn\u00e9 de Beaucourt - Delle\" \/>\n<meta property=\"article:modified_time\" content=\"2024-06-18T20:17:15+00:00\" \/>\n<meta name=\"twitter:card\" content=\"summary_large_image\" \/>\n<meta name=\"twitter:label1\" content=\"Dur\u00e9e de lecture estim\u00e9e\" \/>\n\t<meta name=\"twitter:data1\" content=\"1 minute\" \/>\n<script type=\"application\/ld+json\" class=\"yoast-schema-graph\">{\"@context\":\"https:\\\/\\\/schema.org\",\"@graph\":[{\"@type\":\"WebPage\",\"@id\":\"https:\\\/\\\/www.diocese-belfort-montbeliard.fr\\\/beaucourt-delle\\\/paroisses\\\/saint-francois-de-sales-presentation\\\/nos-fiches-dominicales\\\/\",\"url\":\"https:\\\/\\\/www.diocese-belfort-montbeliard.fr\\\/beaucourt-delle\\\/paroisses\\\/saint-francois-de-sales-presentation\\\/nos-fiches-dominicales\\\/\",\"name\":\"Nos fiches dominicales - Doyenn\u00e9 de Beaucourt - Delle\",\"isPartOf\":{\"@id\":\"https:\\\/\\\/www.diocese-belfort-montbeliard.fr\\\/beaucourt-delle\\\/#website\"},\"datePublished\":\"2024-06-18T19:26:48+00:00\",\"dateModified\":\"2024-06-18T20:17:15+00:00\",\"breadcrumb\":{\"@id\":\"https:\\\/\\\/www.diocese-belfort-montbeliard.fr\\\/beaucourt-delle\\\/paroisses\\\/saint-francois-de-sales-presentation\\\/nos-fiches-dominicales\\\/#breadcrumb\"},\"inLanguage\":\"fr-FR\",\"potentialAction\":[{\"@type\":\"ReadAction\",\"target\":[\"https:\\\/\\\/www.diocese-belfort-montbeliard.fr\\\/beaucourt-delle\\\/paroisses\\\/saint-francois-de-sales-presentation\\\/nos-fiches-dominicales\\\/\"]}]},{\"@type\":\"BreadcrumbList\",\"@id\":\"https:\\\/\\\/www.diocese-belfort-montbeliard.fr\\\/beaucourt-delle\\\/paroisses\\\/saint-francois-de-sales-presentation\\\/nos-fiches-dominicales\\\/#breadcrumb\",\"itemListElement\":[{\"@type\":\"ListItem\",\"position\":1,\"name\":\"Accueil\",\"item\":\"https:\\\/\\\/www.diocese-belfort-montbeliard.fr\\\/beaucourt-delle\\\/\"},{\"@type\":\"ListItem\",\"position\":2,\"name\":\"Saint Fran\u00e7ois de Sales\",\"item\":\"https:\\\/\\\/www.diocese-belfort-montbeliard.fr\\\/beaucourt-delle\\\/paroisses\\\/saint-francois-de-sales-presentation\\\/\"},{\"@type\":\"ListItem\",\"position\":3,\"name\":\"Nos fiches dominicales\"}]},{\"@type\":\"WebSite\",\"@id\":\"https:\\\/\\\/www.diocese-belfort-montbeliard.fr\\\/beaucourt-delle\\\/#website\",\"url\":\"https:\\\/\\\/www.diocese-belfort-montbeliard.fr\\\/beaucourt-delle\\\/\",\"name\":\"Doyenn\u00e9 de Beaucourt - Delle\",\"description\":\"Dioc\u00e8se de Belfort - Montb\u00e9liard\",\"potentialAction\":[{\"@type\":\"SearchAction\",\"target\":{\"@type\":\"EntryPoint\",\"urlTemplate\":\"https:\\\/\\\/www.diocese-belfort-montbeliard.fr\\\/beaucourt-delle\\\/?s={search_term_string}\"},\"query-input\":{\"@type\":\"PropertyValueSpecification\",\"valueRequired\":true,\"valueName\":\"search_term_string\"}}],\"inLanguage\":\"fr-FR\"}]}<\/script>\n<!-- \/ Yoast SEO plugin. -->","yoast_head_json":{"title":"Nos fiches dominicales - Doyenn\u00e9 de Beaucourt - Delle","robots":{"index":"index","follow":"follow","max-snippet":"max-snippet:-1","max-image-preview":"max-image-preview:large","max-video-preview":"max-video-preview:-1"},"canonical":"https:\/\/www.diocese-belfort-montbeliard.fr\/beaucourt-delle\/paroisses\/saint-francois-de-sales-presentation\/nos-fiches-dominicales\/","og_locale":"fr_FR","og_type":"article","og_title":"Nos fiches dominicales - Doyenn\u00e9 de Beaucourt - Delle","og_description":"Retrouver ici les fiches dominicales, par dates. Ann\u00e9e B &#8211; 12\u00e8me dimanche ordinaire &#8211; le 22 juin 2024 Ann\u00e9e B &#8211; 11\u00e8me dimanche ordinaire le 15 juin 2024","og_url":"https:\/\/www.diocese-belfort-montbeliard.fr\/beaucourt-delle\/paroisses\/saint-francois-de-sales-presentation\/nos-fiches-dominicales\/","og_site_name":"Doyenn\u00e9 de Beaucourt - Delle","article_modified_time":"2024-06-18T20:17:15+00:00","twitter_card":"summary_large_image","twitter_misc":{"Dur\u00e9e de lecture estim\u00e9e":"1 minute"},"schema":{"@context":"https:\/\/schema.org","@graph":[{"@type":"WebPage","@id":"https:\/\/www.diocese-belfort-montbeliard.fr\/beaucourt-delle\/paroisses\/saint-francois-de-sales-presentation\/nos-fiches-dominicales\/","url":"https:\/\/www.diocese-belfort-montbeliard.fr\/beaucourt-delle\/paroisses\/saint-francois-de-sales-presentation\/nos-fiches-dominicales\/","name":"Nos fiches dominicales - Doyenn\u00e9 de Beaucourt - Delle","isPartOf":{"@id":"https:\/\/www.diocese-belfort-montbeliard.fr\/beaucourt-delle\/#website"},"datePublished":"2024-06-18T19:26:48+00:00","dateModified":"2024-06-18T20:17:15+00:00","breadcrumb":{"@id":"https:\/\/www.diocese-belfort-montbeliard.fr\/beaucourt-delle\/paroisses\/saint-francois-de-sales-presentation\/nos-fiches-dominicales\/#breadcrumb"},"inLanguage":"fr-FR","potentialAction":[{"@type":"ReadAction","target":["https:\/\/www.diocese-belfort-montbeliard.fr\/beaucourt-delle\/paroisses\/saint-francois-de-sales-presentation\/nos-fiches-dominicales\/"]}]},{"@type":"BreadcrumbList","@id":"https:\/\/www.diocese-belfort-montbeliard.fr\/beaucourt-delle\/paroisses\/saint-francois-de-sales-presentation\/nos-fiches-dominicales\/#breadcrumb","itemListElement":[{"@type":"ListItem","position":1,"name":"Accueil","item":"https:\/\/www.diocese-belfort-montbeliard.fr\/beaucourt-delle\/"},{"@type":"ListItem","position":2,"name":"Saint Fran\u00e7ois de Sales","item":"https:\/\/www.diocese-belfort-montbeliard.fr\/beaucourt-delle\/paroisses\/saint-francois-de-sales-presentation\/"},{"@type":"ListItem","position":3,"name":"Nos fiches dominicales"}]},{"@type":"WebSite","@id":"https:\/\/www.diocese-belfort-montbeliard.fr\/beaucourt-delle\/#website","url":"https:\/\/www.diocese-belfort-montbeliard.fr\/beaucourt-delle\/","name":"Doyenn\u00e9 de Beaucourt - Delle","description":"Dioc\u00e8se de Belfort - Montb\u00e9liard","potentialAction":[{"@type":"SearchAction","target":{"@type":"EntryPoint","urlTemplate":"https:\/\/www.diocese-belfort-montbeliard.fr\/beaucourt-delle\/?s={search_term_string}"},"query-input":{"@type":"PropertyValueSpecification","valueRequired":true,"valueName":"search_term_string"}}],"inLanguage":"fr-FR"}]}},"_links":{"self":[{"href":"https:\/\/www.diocese-belfort-montbeliard.fr\/beaucourt-delle\/wp-json\/wp\/v2\/paroisse\/11724","targetHints":{"allow":["GET"]}}],"collection":[{"href":"https:\/\/www.diocese-belfort-montbeliard.fr\/beaucourt-delle\/wp-json\/wp\/v2\/paroisse"}],"about":[{"href":"https:\/\/www.diocese-belfort-montbeliard.fr\/beaucourt-delle\/wp-json\/wp\/v2\/types\/paroisse"}],"author":[{"embeddable":true,"href":"https:\/\/www.diocese-belfort-montbeliard.fr\/beaucourt-delle\/wp-json\/wp\/v2\/users\/15"}],"version-history":[{"count":3,"href":"https:\/\/www.diocese-belfort-montbeliard.fr\/beaucourt-delle\/wp-json\/wp\/v2\/paroisse\/11724\/revisions"}],"predecessor-version":[{"id":11730,"href":"https:\/\/www.diocese-belfort-montbeliard.fr\/beaucourt-delle\/wp-json\/wp\/v2\/paroisse\/11724\/revisions\/11730"}],"up":[{"embeddable":true,"href":"https:\/\/www.diocese-belfort-montbeliard.fr\/beaucourt-delle\/wp-json\/wp\/v2\/paroisse\/6"}],"wp:attachment":[{"href":"https:\/\/www.diocese-belfort-montbeliard.fr\/beaucourt-delle\/wp-json\/wp\/v2\/media?parent=11724"}],"curies":[{"name":"wp","href":"https:\/\/api.w.org\/{rel}","templated":true}]}}

<p class="has-text-align-center has-background has-large-font-size" style="background-color:#a4f8f0">Retrouver ici les fiches dominicales, par dates.</p>



<p>Année B &#8211; 12ème dimanche ordinaire &#8211; le 22 juin 2024</p>



<p>Année B &#8211; 11ème  dimanche ordinaire le 15 juin 2024 </p>

<!-- This site is optimized with the Yoast SEO plugin v27.4 - https://yoast.com/product/yoast-seo-wordpress/ -->
<title>Nos fiches dominicales - Doyenné de Beaucourt - Delle</title>
<meta name="robots" content="index, follow, max-snippet:-1, max-image-preview:large, max-video-preview:-1" />
<link rel="canonical" href="https://www.diocese-belfort-montbeliard.fr/beaucourt-delle/paroisses/saint-francois-de-sales-presentation/nos-fiches-dominicales/" />
<meta property="og:locale" content="fr_FR" />
<meta property="og:type" content="article" />
<meta property="og:title" content="Nos fiches dominicales - Doyenné de Beaucourt - Delle" />
<meta property="og:description" content="Retrouver ici les fiches dominicales, par dates. Année B &#8211; 12ème dimanche ordinaire &#8211; le 22 juin 2024 Année B &#8211; 11ème dimanche ordinaire le 15 juin 2024" />
<meta property="og:url" content="https://www.diocese-belfort-montbeliard.fr/beaucourt-delle/paroisses/saint-francois-de-sales-presentation/nos-fiches-dominicales/" />
<meta property="og:site_name" content="Doyenné de Beaucourt - Delle" />
<meta property="article:modified_time" content="2024-06-18T20:17:15+00:00" />
<meta name="twitter:card" content="summary_large_image" />
<meta name="twitter:label1" content="Durée de lecture estimée" />
	<meta name="twitter:data1" content="1 minute" />
<script type="application/ld+json" class="yoast-schema-graph">{"@context":"https:\/\/schema.org","@graph":[{"@type":"WebPage","@id":"https:\/\/www.diocese-belfort-montbeliard.fr\/beaucourt-delle\/paroisses\/saint-francois-de-sales-presentation\/nos-fiches-dominicales\/","url":"https:\/\/www.diocese-belfort-montbeliard.fr\/beaucourt-delle\/paroisses\/saint-francois-de-sales-presentation\/nos-fiches-dominicales\/","name":"Nos fiches dominicales - Doyenné de Beaucourt - Delle","isPartOf":{"@id":"https:\/\/www.diocese-belfort-montbeliard.fr\/beaucourt-delle\/#website"},"datePublished":"2024-06-18T19:26:48+00:00","dateModified":"2024-06-18T20:17:15+00:00","breadcrumb":{"@id":"https:\/\/www.diocese-belfort-montbeliard.fr\/beaucourt-delle\/paroisses\/saint-francois-de-sales-presentation\/nos-fiches-dominicales\/#breadcrumb"},"inLanguage":"fr-FR","potentialAction":[{"@type":"ReadAction","target":["https:\/\/www.diocese-belfort-montbeliard.fr\/beaucourt-delle\/paroisses\/saint-francois-de-sales-presentation\/nos-fiches-dominicales\/"]}]},{"@type":"BreadcrumbList","@id":"https:\/\/www.diocese-belfort-montbeliard.fr\/beaucourt-delle\/paroisses\/saint-francois-de-sales-presentation\/nos-fiches-dominicales\/#breadcrumb","itemListElement":[{"@type":"ListItem","position":1,"name":"Accueil","item":"https:\/\/www.diocese-belfort-montbeliard.fr\/beaucourt-delle\/"},{"@type":"ListItem","position":2,"name":"Saint François de Sales","item":"https:\/\/www.diocese-belfort-montbeliard.fr\/beaucourt-delle\/paroisses\/saint-francois-de-sales-presentation\/"},{"@type":"ListItem","position":3,"name":"Nos fiches dominicales"}]},{"@type":"WebSite","@id":"https:\/\/www.diocese-belfort-montbeliard.fr\/beaucourt-delle\/#website","url":"https:\/\/www.diocese-belfort-montbeliard.fr\/beaucourt-delle\/","name":"Doyenné de Beaucourt - Delle","description":"Diocèse de Belfort - Montbéliard","potentialAction":[{"@type":"SearchAction","target":{"@type":"EntryPoint","urlTemplate":"https:\/\/www.diocese-belfort-montbeliard.fr\/beaucourt-delle\/?s={search_term_string}"},"query-input":{"@type":"PropertyValueSpecification","valueRequired":true,"valueName":"search_term_string"}}],"inLanguage":"fr-FR"}]}</script>
<!-- / Yoast SEO plugin. -->

Nos fiches dominicales - Doyenné de Beaucourt - Delle

Retrouver ici les fiches dominicales, par dates. Année B &#8211; 12ème dimanche ordinaire &#8211; le 22 juin 2024 Année B &#8211; 11ème dimanche ordinaire le 15 juin 2024

Doyenné de Beaucourt - Delle

Saint François de Sales

Diocèse de Belfort - Montbéliard
