{"version":"1.0","provider_name":"Doyenn\u00e9 de Belfort","provider_url":"https:\/\/www.diocese-belfort-montbeliard.fr\/belfort","author_name":"paroissemereteresa","author_url":"https:\/\/www.diocese-belfort-montbeliard.fr\/belfort\/author\/paroissemereteresa\/","title":"Concerts 1001 et nuits - Doyenn\u00e9 de Belfort","type":"rich","width":600,"height":338,"html":"<blockquote class=\"wp-embedded-content\" data-secret=\"5Iu4eeHikp\"><a href=\"https:\/\/www.diocese-belfort-montbeliard.fr\/belfort\/actualites\/concerts-1001-et-nuits\/\">Concerts 1001 et nuits<\/a><\/blockquote><iframe sandbox=\"allow-scripts\" security=\"restricted\" src=\"https:\/\/www.diocese-belfort-montbeliard.fr\/belfort\/actualites\/concerts-1001-et-nuits\/embed\/#?secret=5Iu4eeHikp\" width=\"600\" height=\"338\" title=\"\u00ab\u00a0Concerts 1001 et nuits\u00a0\u00bb &#8212; Doyenn\u00e9 de Belfort\" data-secret=\"5Iu4eeHikp\" frameborder=\"0\" marginwidth=\"0\" marginheight=\"0\" scrolling=\"no\" class=\"wp-embedded-content\"><\/iframe><script type=\"text\/javascript\">\n\/* <![CDATA[ *\/\n\/*! This file is auto-generated *\/\n!function(d,l){\"use strict\";l.querySelector&&d.addEventListener&&\"undefined\"!=typeof URL&&(d.wp=d.wp||{},d.wp.receiveEmbedMessage||(d.wp.receiveEmbedMessage=function(e){var t=e.data;if((t||t.secret||t.message||t.value)&&!\/[^a-zA-Z0-9]\/.test(t.secret)){for(var s,r,n,a=l.querySelectorAll('iframe[data-secret=\"'+t.secret+'\"]'),o=l.querySelectorAll('blockquote[data-secret=\"'+t.secret+'\"]'),c=new RegExp(\"^https?:$\",\"i\"),i=0;i<o.length;i++)o[i].style.display=\"none\";for(i=0;i<a.length;i++)s=a[i],e.source===s.contentWindow&&(s.removeAttribute(\"style\"),\"height\"===t.message?(1e3<(r=parseInt(t.value,10))?r=1e3:~~r<200&&(r=200),s.height=r):\"link\"===t.message&&(r=new URL(s.getAttribute(\"src\")),n=new URL(t.value),c.test(n.protocol))&&n.host===r.host&&l.activeElement===s&&(d.top.location.href=t.value))}},d.addEventListener(\"message\",d.wp.receiveEmbedMessage,!1),l.addEventListener(\"DOMContentLoaded\",function(){for(var e,t,s=l.querySelectorAll(\"iframe.wp-embedded-content\"),r=0;r<s.length;r++)(t=(e=s[r]).getAttribute(\"data-secret\"))||(t=Math.random().toString(36).substring(2,12),e.src+=\"#?secret=\"+t,e.setAttribute(\"data-secret\",t)),e.contentWindow.postMessage({message:\"ready\",secret:t},\"*\")},!1)))}(window,document);\n\/\/# sourceURL=https:\/\/www.diocese-belfort-montbeliard.fr\/belfort\/wp-includes\/js\/wp-embed.min.js\n\/* ]]> *\/\n<\/script>\n","thumbnail_url":"https:\/\/www.diocese-belfort-montbeliard.fr\/belfort\/wp-content\/uploads\/sites\/2\/2026\/03\/20260227_205044-scaled.jpg","thumbnail_width":2560,"thumbnail_height":1920,"description":"Les 27 et 28 f\u00e9vrier 2026 se sont tenus \u00e0 l&rsquo;\u00e9glise Sainte Th\u00e9r\u00e8se 4 concerts organis\u00e9s par \u00ab\u00a0Mille et Une nuits\u00a0\u00bb.V\u00e9ritable moment suspendu, un millier de bougies ont embrass\u00e9es le quatuor \u00e0 cordes Lutecia autour des musiques de Queen, Hans Zimmer, Vivaldi ou Cold Play Nous vous proposons de revivre ce moment en images !"}

Doyenné de Belfort

Concerts 1001 et nuits - Doyenné de Belfort

<blockquote class="wp-embedded-content" data-secret="5Iu4eeHikp"><a href="https://www.diocese-belfort-montbeliard.fr/belfort/actualites/concerts-1001-et-nuits/">Concerts 1001 et nuits</a></blockquote><iframe sandbox="allow-scripts" security="restricted" src="https://www.diocese-belfort-montbeliard.fr/belfort/actualites/concerts-1001-et-nuits/embed/#?secret=5Iu4eeHikp" width="600" height="338" title="« Concerts 1001 et nuits » &#8212; Doyenné de Belfort" data-secret="5Iu4eeHikp" frameborder="0" marginwidth="0" marginheight="0" scrolling="no" class="wp-embedded-content"></iframe><script type="text/javascript">
/* <![CDATA[ */
/*! This file is auto-generated */
!function(d,l){"use strict";l.querySelector&&d.addEventListener&&"undefined"!=typeof URL&&(d.wp=d.wp||{},d.wp.receiveEmbedMessage||(d.wp.receiveEmbedMessage=function(e){var t=e.data;if((t||t.secret||t.message||t.value)&&!/[^a-zA-Z0-9]/.test(t.secret)){for(var s,r,n,a=l.querySelectorAll('iframe[data-secret="'+t.secret+'"]'),o=l.querySelectorAll('blockquote[data-secret="'+t.secret+'"]'),c=new RegExp("^https?:$","i"),i=0;i<o.length;i++)o[i].style.display="none";for(i=0;i<a.length;i++)s=a[i],e.source===s.contentWindow&&(s.removeAttribute("style"),"height"===t.message?(1e3<(r=parseInt(t.value,10))?r=1e3:~~r<200&&(r=200),s.height=r):"link"===t.message&&(r=new URL(s.getAttribute("src")),n=new URL(t.value),c.test(n.protocol))&&n.host===r.host&&l.activeElement===s&&(d.top.location.href=t.value))}},d.addEventListener("message",d.wp.receiveEmbedMessage,!1),l.addEventListener("DOMContentLoaded",function(){for(var e,t,s=l.querySelectorAll("iframe.wp-embedded-content"),r=0;r<s.length;r++)(t=(e=s[r]).getAttribute("data-secret"))||(t=Math.random().toString(36).substring(2,12),e.src+="#?secret="+t,e.setAttribute("data-secret",t)),e.contentWindow.postMessage({message:"ready",secret:t},"*")},!1)))}(window,document);
//# sourceURL=https://www.diocese-belfort-montbeliard.fr/belfort/wp-includes/js/wp-embed.min.js
/* ]]> */
</script>

Les 27 et 28 février 2026 se sont tenus à l&rsquo;église Sainte Thérèse 4 concerts organisés par « Mille et Une nuits ».Véritable moment suspendu, un millier de bougies ont embrassées le quatuor à cordes Lutecia autour des musiques de Queen, Hans Zimmer, Vivaldi ou Cold Play Nous vous proposons de revivre ce moment en images !
