{"version":"1.0","provider_name":"Doyenn\u00e9 de Belfort","provider_url":"https:\/\/www.diocese-belfort-montbeliard.fr\/belfort","author_name":"paroissemereteresa","author_url":"https:\/\/www.diocese-belfort-montbeliard.fr\/belfort\/author\/paroissemereteresa\/","title":"Le mariage - Doyenn\u00e9 de Belfort","type":"rich","width":600,"height":338,"html":"<blockquote class=\"wp-embedded-content\" data-secret=\"QyXgXBTB9T\"><a href=\"https:\/\/www.diocese-belfort-montbeliard.fr\/belfort\/paroisses\/mere-teresa\/le-mariage\/\">Le mariage<\/a><\/blockquote><iframe sandbox=\"allow-scripts\" security=\"restricted\" src=\"https:\/\/www.diocese-belfort-montbeliard.fr\/belfort\/paroisses\/mere-teresa\/le-mariage\/embed\/#?secret=QyXgXBTB9T\" width=\"600\" height=\"338\" title=\"\u00ab\u00a0Le mariage\u00a0\u00bb &#8212; Doyenn\u00e9 de Belfort\" data-secret=\"QyXgXBTB9T\" frameborder=\"0\" marginwidth=\"0\" marginheight=\"0\" scrolling=\"no\" class=\"wp-embedded-content\"><\/iframe><script type=\"text\/javascript\">\n\/* <![CDATA[ *\/\n\/*! This file is auto-generated *\/\n!function(d,l){\"use strict\";l.querySelector&&d.addEventListener&&\"undefined\"!=typeof URL&&(d.wp=d.wp||{},d.wp.receiveEmbedMessage||(d.wp.receiveEmbedMessage=function(e){var t=e.data;if((t||t.secret||t.message||t.value)&&!\/[^a-zA-Z0-9]\/.test(t.secret)){for(var s,r,n,a=l.querySelectorAll('iframe[data-secret=\"'+t.secret+'\"]'),o=l.querySelectorAll('blockquote[data-secret=\"'+t.secret+'\"]'),c=new RegExp(\"^https?:$\",\"i\"),i=0;i<o.length;i++)o[i].style.display=\"none\";for(i=0;i<a.length;i++)s=a[i],e.source===s.contentWindow&&(s.removeAttribute(\"style\"),\"height\"===t.message?(1e3<(r=parseInt(t.value,10))?r=1e3:~~r<200&&(r=200),s.height=r):\"link\"===t.message&&(r=new URL(s.getAttribute(\"src\")),n=new URL(t.value),c.test(n.protocol))&&n.host===r.host&&l.activeElement===s&&(d.top.location.href=t.value))}},d.addEventListener(\"message\",d.wp.receiveEmbedMessage,!1),l.addEventListener(\"DOMContentLoaded\",function(){for(var e,t,s=l.querySelectorAll(\"iframe.wp-embedded-content\"),r=0;r<s.length;r++)(t=(e=s[r]).getAttribute(\"data-secret\"))||(t=Math.random().toString(36).substring(2,12),e.src+=\"#?secret=\"+t,e.setAttribute(\"data-secret\",t)),e.contentWindow.postMessage({message:\"ready\",secret:t},\"*\")},!1)))}(window,document);\n\/\/# sourceURL=https:\/\/www.diocese-belfort-montbeliard.fr\/belfort\/wp-includes\/js\/wp-embed.min.js\n\/* ]]> *\/\n<\/script>\n","thumbnail_url":"https:\/\/www.diocese-belfort-montbeliard.fr\/belfort\/wp-content\/uploads\/sites\/2\/2022\/02\/mariage-3.jpg","thumbnail_width":612,"thumbnail_height":407,"description":"Le mariage chr\u00e9tien C\u2019est un sacrement o\u00f9 Dieu vient donner sa gr\u00e2ce au couple.Ainsi, il pourra vivre en pl\u00e9nitude l\u2019amour qui l\u2019unit et refl\u00e9ter, \u00e0 sa mani\u00e8re, l\u2019Alliance du Christ et de l\u2019\u00c9glise.Le sacrement du mariage donne aux \u00e9poux la gr\u00e2ce de renforcer et perfectionner leur amour, d\u2019affermir leur unit\u00e9 indissoluble et de se sanctifier [&hellip;]"}

Doyenné de Belfort

Le mariage - Doyenné de Belfort

<blockquote class="wp-embedded-content" data-secret="QyXgXBTB9T"><a href="https://www.diocese-belfort-montbeliard.fr/belfort/paroisses/mere-teresa/le-mariage/">Le mariage</a></blockquote><iframe sandbox="allow-scripts" security="restricted" src="https://www.diocese-belfort-montbeliard.fr/belfort/paroisses/mere-teresa/le-mariage/embed/#?secret=QyXgXBTB9T" width="600" height="338" title="« Le mariage » &#8212; Doyenné de Belfort" data-secret="QyXgXBTB9T" frameborder="0" marginwidth="0" marginheight="0" scrolling="no" class="wp-embedded-content"></iframe><script type="text/javascript">
/* <![CDATA[ */
/*! This file is auto-generated */
!function(d,l){"use strict";l.querySelector&&d.addEventListener&&"undefined"!=typeof URL&&(d.wp=d.wp||{},d.wp.receiveEmbedMessage||(d.wp.receiveEmbedMessage=function(e){var t=e.data;if((t||t.secret||t.message||t.value)&&!/[^a-zA-Z0-9]/.test(t.secret)){for(var s,r,n,a=l.querySelectorAll('iframe[data-secret="'+t.secret+'"]'),o=l.querySelectorAll('blockquote[data-secret="'+t.secret+'"]'),c=new RegExp("^https?:$","i"),i=0;i<o.length;i++)o[i].style.display="none";for(i=0;i<a.length;i++)s=a[i],e.source===s.contentWindow&&(s.removeAttribute("style"),"height"===t.message?(1e3<(r=parseInt(t.value,10))?r=1e3:~~r<200&&(r=200),s.height=r):"link"===t.message&&(r=new URL(s.getAttribute("src")),n=new URL(t.value),c.test(n.protocol))&&n.host===r.host&&l.activeElement===s&&(d.top.location.href=t.value))}},d.addEventListener("message",d.wp.receiveEmbedMessage,!1),l.addEventListener("DOMContentLoaded",function(){for(var e,t,s=l.querySelectorAll("iframe.wp-embedded-content"),r=0;r<s.length;r++)(t=(e=s[r]).getAttribute("data-secret"))||(t=Math.random().toString(36).substring(2,12),e.src+="#?secret="+t,e.setAttribute("data-secret",t)),e.contentWindow.postMessage({message:"ready",secret:t},"*")},!1)))}(window,document);
//# sourceURL=https://www.diocese-belfort-montbeliard.fr/belfort/wp-includes/js/wp-embed.min.js
/* ]]> */
</script>

Le mariage chrétien C’est un sacrement où Dieu vient donner sa grâce au couple.Ainsi, il pourra vivre en plénitude l’amour qui l’unit et refléter, à sa manière, l’Alliance du Christ et de l’Église.Le sacrement du mariage donne aux époux la grâce de renforcer et perfectionner leur amour, d’affermir leur unité indissoluble et de se sanctifier [&hellip;]
