{"id":156,"date":"2021-01-30T11:05:08","date_gmt":"2021-01-30T10:05:08","guid":{"rendered":"https:\/\/www.diocese-belfort-montbeliard.fr\/belfort\/?post_type=evenement&#038;p=156"},"modified":"2021-02-09T22:43:16","modified_gmt":"2021-02-09T21:43:16","slug":"rofession-de-foi","status":"publish","type":"evenement","link":"https:\/\/www.diocese-belfort-montbeliard.fr\/belfort\/agenda\/rofession-de-foi\/","title":{"rendered":"Profession de Foi"},"content":{"rendered":"\n<p>C\u00e9l\u00e9bration des jeunes pr\u00e9parant la Profession de Foi dimanche 30 mai 2021 \u00e0 11h \u00e0 l&rsquo;\u00e9glise Saint-Joseph de Belfort<\/p>\n\n\n\n<figure class=\"wp-block-image size-large\"><img loading=\"lazy\" decoding=\"async\" width=\"1249\" height=\"833\" src=\"https:\/\/www.diocese-belfort-montbeliard.fr\/belfort\/wp-content\/uploads\/sites\/2\/2021\/01\/Profession-de-Foi.jpg\" alt=\"\" class=\"wp-image-157\" srcset=\"https:\/\/www.diocese-belfort-montbeliard.fr\/belfort\/wp-content\/uploads\/sites\/2\/2021\/01\/Profession-de-Foi.jpg 1249w, https:\/\/www.diocese-belfort-montbeliard.fr\/belfort\/wp-content\/uploads\/sites\/2\/2021\/01\/Profession-de-Foi-600x400.jpg 600w, https:\/\/www.diocese-belfort-montbeliard.fr\/belfort\/wp-content\/uploads\/sites\/2\/2021\/01\/Profession-de-Foi-768x512.jpg 768w\" sizes=\"auto, (max-width: 1249px) 100vw, 1249px\" \/><\/figure>\n","protected":false},"author":17,"featured_media":0,"template":"","meta":{"_acf_changed":false,"footnotes":""},"categories":[],"tags":[],"class_list":["post-156","evenement","type-evenement","status-publish","hentry"],"acf":[],"yoast_head":"<!-- This site is optimized with the Yoast SEO plugin v27.4 - https:\/\/yoast.com\/product\/yoast-seo-wordpress\/ -->\n<title>Profession de Foi - Doyenn\u00e9 de Belfort<\/title>\n<meta name=\"description\" content=\"C\u00e9l\u00e9bration des jeunes pr\u00e9parant la Profession de Foi dimanche 30 mai 2021 \u00e0 11h \u00e0 l&#039;\u00e9glise Saint-Joseph de Belfort\" \/>\n<meta name=\"robots\" content=\"index, follow, max-snippet:-1, max-image-preview:large, max-video-preview:-1\" \/>\n<link rel=\"canonical\" href=\"https:\/\/www.diocese-belfort-montbeliard.fr\/belfort\/agenda\/rofession-de-foi\/\" \/>\n<meta property=\"og:locale\" content=\"fr_FR\" \/>\n<meta property=\"og:type\" content=\"article\" \/>\n<meta property=\"og:title\" content=\"Profession de Foi - Doyenn\u00e9 de Belfort\" \/>\n<meta property=\"og:description\" content=\"C\u00e9l\u00e9bration des jeunes pr\u00e9parant la Profession de Foi dimanche 30 mai 2021 \u00e0 11h \u00e0 l&#039;\u00e9glise Saint-Joseph de Belfort\" \/>\n<meta property=\"og:url\" content=\"https:\/\/www.diocese-belfort-montbeliard.fr\/belfort\/agenda\/rofession-de-foi\/\" \/>\n<meta property=\"og:site_name\" content=\"Doyenn\u00e9 de Belfort\" \/>\n<meta property=\"article:modified_time\" content=\"2021-02-09T21:43:16+00:00\" \/>\n<meta property=\"og:image\" content=\"https:\/\/www.diocese-belfort-montbeliard.fr\/belfort\/wp-content\/uploads\/sites\/2\/2021\/01\/Profession-de-Foi.jpg\" \/>\n<meta name=\"twitter:card\" content=\"summary_large_image\" \/>\n<meta name=\"twitter:label1\" content=\"Dur\u00e9e de lecture estim\u00e9e\" \/>\n\t<meta name=\"twitter:data1\" content=\"1 minute\" \/>\n<script type=\"application\/ld+json\" class=\"yoast-schema-graph\">{\"@context\":\"https:\\\/\\\/schema.org\",\"@graph\":[{\"@type\":\"WebPage\",\"@id\":\"https:\\\/\\\/www.diocese-belfort-montbeliard.fr\\\/belfort\\\/agenda\\\/rofession-de-foi\\\/\",\"url\":\"https:\\\/\\\/www.diocese-belfort-montbeliard.fr\\\/belfort\\\/agenda\\\/rofession-de-foi\\\/\",\"name\":\"Profession de Foi - Doyenn\u00e9 de Belfort\",\"isPartOf\":{\"@id\":\"https:\\\/\\\/www.diocese-belfort-montbeliard.fr\\\/belfort\\\/#website\"},\"primaryImageOfPage\":{\"@id\":\"https:\\\/\\\/www.diocese-belfort-montbeliard.fr\\\/belfort\\\/agenda\\\/rofession-de-foi\\\/#primaryimage\"},\"image\":{\"@id\":\"https:\\\/\\\/www.diocese-belfort-montbeliard.fr\\\/belfort\\\/agenda\\\/rofession-de-foi\\\/#primaryimage\"},\"thumbnailUrl\":\"https:\\\/\\\/www.diocese-belfort-montbeliard.fr\\\/belfort\\\/wp-content\\\/uploads\\\/sites\\\/2\\\/2021\\\/01\\\/Profession-de-Foi.jpg\",\"datePublished\":\"2021-01-30T10:05:08+00:00\",\"dateModified\":\"2021-02-09T21:43:16+00:00\",\"description\":\"C\u00e9l\u00e9bration des jeunes pr\u00e9parant la Profession de Foi dimanche 30 mai 2021 \u00e0 11h \u00e0 l'\u00e9glise Saint-Joseph de Belfort\",\"breadcrumb\":{\"@id\":\"https:\\\/\\\/www.diocese-belfort-montbeliard.fr\\\/belfort\\\/agenda\\\/rofession-de-foi\\\/#breadcrumb\"},\"inLanguage\":\"fr-FR\",\"potentialAction\":[{\"@type\":\"ReadAction\",\"target\":[\"https:\\\/\\\/www.diocese-belfort-montbeliard.fr\\\/belfort\\\/agenda\\\/rofession-de-foi\\\/\"]}]},{\"@type\":\"ImageObject\",\"inLanguage\":\"fr-FR\",\"@id\":\"https:\\\/\\\/www.diocese-belfort-montbeliard.fr\\\/belfort\\\/agenda\\\/rofession-de-foi\\\/#primaryimage\",\"url\":\"https:\\\/\\\/www.diocese-belfort-montbeliard.fr\\\/belfort\\\/wp-content\\\/uploads\\\/sites\\\/2\\\/2021\\\/01\\\/Profession-de-Foi.jpg\",\"contentUrl\":\"https:\\\/\\\/www.diocese-belfort-montbeliard.fr\\\/belfort\\\/wp-content\\\/uploads\\\/sites\\\/2\\\/2021\\\/01\\\/Profession-de-Foi.jpg\",\"width\":1249,\"height\":833},{\"@type\":\"BreadcrumbList\",\"@id\":\"https:\\\/\\\/www.diocese-belfort-montbeliard.fr\\\/belfort\\\/agenda\\\/rofession-de-foi\\\/#breadcrumb\",\"itemListElement\":[{\"@type\":\"ListItem\",\"position\":1,\"name\":\"Accueil\",\"item\":\"https:\\\/\\\/www.diocese-belfort-montbeliard.fr\\\/belfort\\\/\"},{\"@type\":\"ListItem\",\"position\":2,\"name\":\"Profession de Foi\"}]},{\"@type\":\"WebSite\",\"@id\":\"https:\\\/\\\/www.diocese-belfort-montbeliard.fr\\\/belfort\\\/#website\",\"url\":\"https:\\\/\\\/www.diocese-belfort-montbeliard.fr\\\/belfort\\\/\",\"name\":\"Doyenn\u00e9 de Belfort\",\"description\":\"Dioc\u00e8se de Belfort-Montb\u00e9liard\",\"potentialAction\":[{\"@type\":\"SearchAction\",\"target\":{\"@type\":\"EntryPoint\",\"urlTemplate\":\"https:\\\/\\\/www.diocese-belfort-montbeliard.fr\\\/belfort\\\/?s={search_term_string}\"},\"query-input\":{\"@type\":\"PropertyValueSpecification\",\"valueRequired\":true,\"valueName\":\"search_term_string\"}}],\"inLanguage\":\"fr-FR\"}]}<\/script>\n<!-- \/ Yoast SEO plugin. -->","yoast_head_json":{"title":"Profession de Foi - Doyenn\u00e9 de Belfort","description":"C\u00e9l\u00e9bration des jeunes pr\u00e9parant la Profession de Foi dimanche 30 mai 2021 \u00e0 11h \u00e0 l'\u00e9glise Saint-Joseph de Belfort","robots":{"index":"index","follow":"follow","max-snippet":"max-snippet:-1","max-image-preview":"max-image-preview:large","max-video-preview":"max-video-preview:-1"},"canonical":"https:\/\/www.diocese-belfort-montbeliard.fr\/belfort\/agenda\/rofession-de-foi\/","og_locale":"fr_FR","og_type":"article","og_title":"Profession de Foi - Doyenn\u00e9 de Belfort","og_description":"C\u00e9l\u00e9bration des jeunes pr\u00e9parant la Profession de Foi dimanche 30 mai 2021 \u00e0 11h \u00e0 l'\u00e9glise Saint-Joseph de Belfort","og_url":"https:\/\/www.diocese-belfort-montbeliard.fr\/belfort\/agenda\/rofession-de-foi\/","og_site_name":"Doyenn\u00e9 de Belfort","article_modified_time":"2021-02-09T21:43:16+00:00","og_image":[{"url":"https:\/\/www.diocese-belfort-montbeliard.fr\/belfort\/wp-content\/uploads\/sites\/2\/2021\/01\/Profession-de-Foi.jpg","type":"","width":"","height":""}],"twitter_card":"summary_large_image","twitter_misc":{"Dur\u00e9e de lecture estim\u00e9e":"1 minute"},"schema":{"@context":"https:\/\/schema.org","@graph":[{"@type":"WebPage","@id":"https:\/\/www.diocese-belfort-montbeliard.fr\/belfort\/agenda\/rofession-de-foi\/","url":"https:\/\/www.diocese-belfort-montbeliard.fr\/belfort\/agenda\/rofession-de-foi\/","name":"Profession de Foi - Doyenn\u00e9 de Belfort","isPartOf":{"@id":"https:\/\/www.diocese-belfort-montbeliard.fr\/belfort\/#website"},"primaryImageOfPage":{"@id":"https:\/\/www.diocese-belfort-montbeliard.fr\/belfort\/agenda\/rofession-de-foi\/#primaryimage"},"image":{"@id":"https:\/\/www.diocese-belfort-montbeliard.fr\/belfort\/agenda\/rofession-de-foi\/#primaryimage"},"thumbnailUrl":"https:\/\/www.diocese-belfort-montbeliard.fr\/belfort\/wp-content\/uploads\/sites\/2\/2021\/01\/Profession-de-Foi.jpg","datePublished":"2021-01-30T10:05:08+00:00","dateModified":"2021-02-09T21:43:16+00:00","description":"C\u00e9l\u00e9bration des jeunes pr\u00e9parant la Profession de Foi dimanche 30 mai 2021 \u00e0 11h \u00e0 l'\u00e9glise Saint-Joseph de Belfort","breadcrumb":{"@id":"https:\/\/www.diocese-belfort-montbeliard.fr\/belfort\/agenda\/rofession-de-foi\/#breadcrumb"},"inLanguage":"fr-FR","potentialAction":[{"@type":"ReadAction","target":["https:\/\/www.diocese-belfort-montbeliard.fr\/belfort\/agenda\/rofession-de-foi\/"]}]},{"@type":"ImageObject","inLanguage":"fr-FR","@id":"https:\/\/www.diocese-belfort-montbeliard.fr\/belfort\/agenda\/rofession-de-foi\/#primaryimage","url":"https:\/\/www.diocese-belfort-montbeliard.fr\/belfort\/wp-content\/uploads\/sites\/2\/2021\/01\/Profession-de-Foi.jpg","contentUrl":"https:\/\/www.diocese-belfort-montbeliard.fr\/belfort\/wp-content\/uploads\/sites\/2\/2021\/01\/Profession-de-Foi.jpg","width":1249,"height":833},{"@type":"BreadcrumbList","@id":"https:\/\/www.diocese-belfort-montbeliard.fr\/belfort\/agenda\/rofession-de-foi\/#breadcrumb","itemListElement":[{"@type":"ListItem","position":1,"name":"Accueil","item":"https:\/\/www.diocese-belfort-montbeliard.fr\/belfort\/"},{"@type":"ListItem","position":2,"name":"Profession de Foi"}]},{"@type":"WebSite","@id":"https:\/\/www.diocese-belfort-montbeliard.fr\/belfort\/#website","url":"https:\/\/www.diocese-belfort-montbeliard.fr\/belfort\/","name":"Doyenn\u00e9 de Belfort","description":"Dioc\u00e8se de Belfort-Montb\u00e9liard","potentialAction":[{"@type":"SearchAction","target":{"@type":"EntryPoint","urlTemplate":"https:\/\/www.diocese-belfort-montbeliard.fr\/belfort\/?s={search_term_string}"},"query-input":{"@type":"PropertyValueSpecification","valueRequired":true,"valueName":"search_term_string"}}],"inLanguage":"fr-FR"}]}},"_links":{"self":[{"href":"https:\/\/www.diocese-belfort-montbeliard.fr\/belfort\/wp-json\/wp\/v2\/evenement\/156","targetHints":{"allow":["GET"]}}],"collection":[{"href":"https:\/\/www.diocese-belfort-montbeliard.fr\/belfort\/wp-json\/wp\/v2\/evenement"}],"about":[{"href":"https:\/\/www.diocese-belfort-montbeliard.fr\/belfort\/wp-json\/wp\/v2\/types\/evenement"}],"author":[{"embeddable":true,"href":"https:\/\/www.diocese-belfort-montbeliard.fr\/belfort\/wp-json\/wp\/v2\/users\/17"}],"version-history":[{"count":2,"href":"https:\/\/www.diocese-belfort-montbeliard.fr\/belfort\/wp-json\/wp\/v2\/evenement\/156\/revisions"}],"predecessor-version":[{"id":217,"href":"https:\/\/www.diocese-belfort-montbeliard.fr\/belfort\/wp-json\/wp\/v2\/evenement\/156\/revisions\/217"}],"wp:attachment":[{"href":"https:\/\/www.diocese-belfort-montbeliard.fr\/belfort\/wp-json\/wp\/v2\/media?parent=156"}],"wp:term":[{"taxonomy":"category","embeddable":true,"href":"https:\/\/www.diocese-belfort-montbeliard.fr\/belfort\/wp-json\/wp\/v2\/categories?post=156"},{"taxonomy":"post_tag","embeddable":true,"href":"https:\/\/www.diocese-belfort-montbeliard.fr\/belfort\/wp-json\/wp\/v2\/tags?post=156"}],"curies":[{"name":"wp","href":"https:\/\/api.w.org\/{rel}","templated":true}]}}

<p>Célébration des jeunes préparant la Profession de Foi dimanche 30 mai 2021 à 11h à l&rsquo;église Saint-Joseph de Belfort</p>



<figure class="wp-block-image size-large"><img loading="lazy" decoding="async" width="1249" height="833" src="https://www.diocese-belfort-montbeliard.fr/belfort/wp-content/uploads/sites/2/2021/01/Profession-de-Foi.jpg" alt="" class="wp-image-157" srcset="https://www.diocese-belfort-montbeliard.fr/belfort/wp-content/uploads/sites/2/2021/01/Profession-de-Foi.jpg 1249w, https://www.diocese-belfort-montbeliard.fr/belfort/wp-content/uploads/sites/2/2021/01/Profession-de-Foi-600x400.jpg 600w, https://www.diocese-belfort-montbeliard.fr/belfort/wp-content/uploads/sites/2/2021/01/Profession-de-Foi-768x512.jpg 768w" sizes="auto, (max-width: 1249px) 100vw, 1249px" /></figure>

<!-- This site is optimized with the Yoast SEO plugin v27.4 - https://yoast.com/product/yoast-seo-wordpress/ -->
<title>Profession de Foi - Doyenné de Belfort</title>
<meta name="description" content="Célébration des jeunes préparant la Profession de Foi dimanche 30 mai 2021 à 11h à l&#039;église Saint-Joseph de Belfort" />
<meta name="robots" content="index, follow, max-snippet:-1, max-image-preview:large, max-video-preview:-1" />
<link rel="canonical" href="https://www.diocese-belfort-montbeliard.fr/belfort/agenda/rofession-de-foi/" />
<meta property="og:locale" content="fr_FR" />
<meta property="og:type" content="article" />
<meta property="og:title" content="Profession de Foi - Doyenné de Belfort" />
<meta property="og:description" content="Célébration des jeunes préparant la Profession de Foi dimanche 30 mai 2021 à 11h à l&#039;église Saint-Joseph de Belfort" />
<meta property="og:url" content="https://www.diocese-belfort-montbeliard.fr/belfort/agenda/rofession-de-foi/" />
<meta property="og:site_name" content="Doyenné de Belfort" />
<meta property="article:modified_time" content="2021-02-09T21:43:16+00:00" />
<meta property="og:image" content="https://www.diocese-belfort-montbeliard.fr/belfort/wp-content/uploads/sites/2/2021/01/Profession-de-Foi.jpg" />
<meta name="twitter:card" content="summary_large_image" />
<meta name="twitter:label1" content="Durée de lecture estimée" />
	<meta name="twitter:data1" content="1 minute" />
<script type="application/ld+json" class="yoast-schema-graph">{"@context":"https:\/\/schema.org","@graph":[{"@type":"WebPage","@id":"https:\/\/www.diocese-belfort-montbeliard.fr\/belfort\/agenda\/rofession-de-foi\/","url":"https:\/\/www.diocese-belfort-montbeliard.fr\/belfort\/agenda\/rofession-de-foi\/","name":"Profession de Foi - Doyenné de Belfort","isPartOf":{"@id":"https:\/\/www.diocese-belfort-montbeliard.fr\/belfort\/#website"},"primaryImageOfPage":{"@id":"https:\/\/www.diocese-belfort-montbeliard.fr\/belfort\/agenda\/rofession-de-foi\/#primaryimage"},"image":{"@id":"https:\/\/www.diocese-belfort-montbeliard.fr\/belfort\/agenda\/rofession-de-foi\/#primaryimage"},"thumbnailUrl":"https:\/\/www.diocese-belfort-montbeliard.fr\/belfort\/wp-content\/uploads\/sites\/2\/2021\/01\/Profession-de-Foi.jpg","datePublished":"2021-01-30T10:05:08+00:00","dateModified":"2021-02-09T21:43:16+00:00","description":"Célébration des jeunes préparant la Profession de Foi dimanche 30 mai 2021 à 11h à l'église Saint-Joseph de Belfort","breadcrumb":{"@id":"https:\/\/www.diocese-belfort-montbeliard.fr\/belfort\/agenda\/rofession-de-foi\/#breadcrumb"},"inLanguage":"fr-FR","potentialAction":[{"@type":"ReadAction","target":["https:\/\/www.diocese-belfort-montbeliard.fr\/belfort\/agenda\/rofession-de-foi\/"]}]},{"@type":"ImageObject","inLanguage":"fr-FR","@id":"https:\/\/www.diocese-belfort-montbeliard.fr\/belfort\/agenda\/rofession-de-foi\/#primaryimage","url":"https:\/\/www.diocese-belfort-montbeliard.fr\/belfort\/wp-content\/uploads\/sites\/2\/2021\/01\/Profession-de-Foi.jpg","contentUrl":"https:\/\/www.diocese-belfort-montbeliard.fr\/belfort\/wp-content\/uploads\/sites\/2\/2021\/01\/Profession-de-Foi.jpg","width":1249,"height":833},{"@type":"BreadcrumbList","@id":"https:\/\/www.diocese-belfort-montbeliard.fr\/belfort\/agenda\/rofession-de-foi\/#breadcrumb","itemListElement":[{"@type":"ListItem","position":1,"name":"Accueil","item":"https:\/\/www.diocese-belfort-montbeliard.fr\/belfort\/"},{"@type":"ListItem","position":2,"name":"Profession de Foi"}]},{"@type":"WebSite","@id":"https:\/\/www.diocese-belfort-montbeliard.fr\/belfort\/#website","url":"https:\/\/www.diocese-belfort-montbeliard.fr\/belfort\/","name":"Doyenné de Belfort","description":"Diocèse de Belfort-Montbéliard","potentialAction":[{"@type":"SearchAction","target":{"@type":"EntryPoint","urlTemplate":"https:\/\/www.diocese-belfort-montbeliard.fr\/belfort\/?s={search_term_string}"},"query-input":{"@type":"PropertyValueSpecification","valueRequired":true,"valueName":"search_term_string"}}],"inLanguage":"fr-FR"}]}</script>
<!-- / Yoast SEO plugin. -->

Profession de Foi - Doyenné de Belfort

Célébration des jeunes préparant la Profession de Foi dimanche 30 mai 2021 à 11h à l'église Saint-Joseph de Belfort

Doyenné de Belfort

Diocèse de Belfort-Montbéliard
