{"id":2065,"date":"2022-09-05T18:48:56","date_gmt":"2022-09-05T16:48:56","guid":{"rendered":"https:\/\/www.diocese-belfort-montbeliard.fr\/belfort\/?post_type=evenement&#038;p=2065"},"modified":"2022-09-05T18:48:57","modified_gmt":"2022-09-05T16:48:57","slug":"pique-nique-de-rentree","status":"publish","type":"evenement","link":"https:\/\/www.diocese-belfort-montbeliard.fr\/belfort\/agenda\/pique-nique-de-rentree\/","title":{"rendered":"Pique-nique de rentr\u00e9e"},"content":{"rendered":"\n<p>La paroisse a la joie de vous convier \u00e0 son Pique-Nique de Rentr\u00e9e qui aura lieu \u00e0 l&rsquo;issue de la messe de 11h dimanche 11 septembre dans le jardin de la cure Saint-Joseph. Nos pr\u00eatres fourniront le pain et le vin. A nous d&rsquo;apporter le reste !<\/p>\n\n\n\n<p>Paroissiens habituels, de passage ou nouvel arrivant, soyez les bienvenus !<\/p>\n\n\n\n<figure class=\"wp-block-image size-full\"><img loading=\"lazy\" decoding=\"async\" width=\"1200\" height=\"800\" src=\"https:\/\/www.diocese-belfort-montbeliard.fr\/belfort\/wp-content\/uploads\/sites\/2\/2022\/09\/PiqueNiqueRentree-1.jpg\" alt=\"\" class=\"wp-image-2066\" srcset=\"https:\/\/www.diocese-belfort-montbeliard.fr\/belfort\/wp-content\/uploads\/sites\/2\/2022\/09\/PiqueNiqueRentree-1.jpg 1200w, https:\/\/www.diocese-belfort-montbeliard.fr\/belfort\/wp-content\/uploads\/sites\/2\/2022\/09\/PiqueNiqueRentree-1-600x400.jpg 600w, https:\/\/www.diocese-belfort-montbeliard.fr\/belfort\/wp-content\/uploads\/sites\/2\/2022\/09\/PiqueNiqueRentree-1-768x512.jpg 768w\" sizes=\"auto, (max-width: 1200px) 100vw, 1200px\" \/><\/figure>\n","protected":false},"author":17,"featured_media":2063,"template":"","meta":{"_acf_changed":false,"footnotes":""},"categories":[1,5],"tags":[],"class_list":["post-2065","evenement","type-evenement","status-publish","has-post-thumbnail","hentry","category-belfort","category-saint-jean-baptiste"],"acf":[],"yoast_head":"<!-- This site is optimized with the Yoast SEO plugin v27.4 - https:\/\/yoast.com\/product\/yoast-seo-wordpress\/ -->\n<title>Pique-nique de rentr\u00e9e - Doyenn\u00e9 de Belfort<\/title>\n<meta name=\"description\" content=\"Pique-nique de rentr\u00e9e dimanche 11 septembre apr\u00e8s la messe de 11h : paroissiens habituels, de passage ou nouvellement arriv\u00e9s, bienvenus !\" \/>\n<meta name=\"robots\" content=\"index, follow, max-snippet:-1, max-image-preview:large, max-video-preview:-1\" \/>\n<link rel=\"canonical\" href=\"https:\/\/www.diocese-belfort-montbeliard.fr\/belfort\/agenda\/pique-nique-de-rentree\/\" \/>\n<meta property=\"og:locale\" content=\"fr_FR\" \/>\n<meta property=\"og:type\" content=\"article\" \/>\n<meta property=\"og:title\" content=\"Pique-nique de rentr\u00e9e - Doyenn\u00e9 de Belfort\" \/>\n<meta property=\"og:description\" content=\"Pique-nique de rentr\u00e9e dimanche 11 septembre apr\u00e8s la messe de 11h : paroissiens habituels, de passage ou nouvellement arriv\u00e9s, bienvenus !\" \/>\n<meta property=\"og:url\" content=\"https:\/\/www.diocese-belfort-montbeliard.fr\/belfort\/agenda\/pique-nique-de-rentree\/\" \/>\n<meta property=\"og:site_name\" content=\"Doyenn\u00e9 de Belfort\" \/>\n<meta property=\"article:modified_time\" content=\"2022-09-05T16:48:57+00:00\" \/>\n<meta property=\"og:image\" content=\"https:\/\/www.diocese-belfort-montbeliard.fr\/belfort\/wp-content\/uploads\/sites\/2\/2022\/09\/PiqueNiqueRentree.jpg\" \/>\n\t<meta property=\"og:image:width\" content=\"1200\" \/>\n\t<meta property=\"og:image:height\" content=\"800\" \/>\n\t<meta property=\"og:image:type\" content=\"image\/jpeg\" \/>\n<meta name=\"twitter:card\" content=\"summary_large_image\" \/>\n<meta name=\"twitter:label1\" content=\"Dur\u00e9e de lecture estim\u00e9e\" \/>\n\t<meta name=\"twitter:data1\" content=\"1 minute\" \/>\n<script type=\"application\/ld+json\" class=\"yoast-schema-graph\">{\"@context\":\"https:\\\/\\\/schema.org\",\"@graph\":[{\"@type\":\"WebPage\",\"@id\":\"https:\\\/\\\/www.diocese-belfort-montbeliard.fr\\\/belfort\\\/agenda\\\/pique-nique-de-rentree\\\/\",\"url\":\"https:\\\/\\\/www.diocese-belfort-montbeliard.fr\\\/belfort\\\/agenda\\\/pique-nique-de-rentree\\\/\",\"name\":\"Pique-nique de rentr\u00e9e - Doyenn\u00e9 de Belfort\",\"isPartOf\":{\"@id\":\"https:\\\/\\\/www.diocese-belfort-montbeliard.fr\\\/belfort\\\/#website\"},\"primaryImageOfPage\":{\"@id\":\"https:\\\/\\\/www.diocese-belfort-montbeliard.fr\\\/belfort\\\/agenda\\\/pique-nique-de-rentree\\\/#primaryimage\"},\"image\":{\"@id\":\"https:\\\/\\\/www.diocese-belfort-montbeliard.fr\\\/belfort\\\/agenda\\\/pique-nique-de-rentree\\\/#primaryimage\"},\"thumbnailUrl\":\"https:\\\/\\\/www.diocese-belfort-montbeliard.fr\\\/belfort\\\/wp-content\\\/uploads\\\/sites\\\/2\\\/2022\\\/09\\\/PiqueNiqueRentree.jpg\",\"datePublished\":\"2022-09-05T16:48:56+00:00\",\"dateModified\":\"2022-09-05T16:48:57+00:00\",\"description\":\"Pique-nique de rentr\u00e9e dimanche 11 septembre apr\u00e8s la messe de 11h : paroissiens habituels, de passage ou nouvellement arriv\u00e9s, bienvenus !\",\"breadcrumb\":{\"@id\":\"https:\\\/\\\/www.diocese-belfort-montbeliard.fr\\\/belfort\\\/agenda\\\/pique-nique-de-rentree\\\/#breadcrumb\"},\"inLanguage\":\"fr-FR\",\"potentialAction\":[{\"@type\":\"ReadAction\",\"target\":[\"https:\\\/\\\/www.diocese-belfort-montbeliard.fr\\\/belfort\\\/agenda\\\/pique-nique-de-rentree\\\/\"]}]},{\"@type\":\"ImageObject\",\"inLanguage\":\"fr-FR\",\"@id\":\"https:\\\/\\\/www.diocese-belfort-montbeliard.fr\\\/belfort\\\/agenda\\\/pique-nique-de-rentree\\\/#primaryimage\",\"url\":\"https:\\\/\\\/www.diocese-belfort-montbeliard.fr\\\/belfort\\\/wp-content\\\/uploads\\\/sites\\\/2\\\/2022\\\/09\\\/PiqueNiqueRentree.jpg\",\"contentUrl\":\"https:\\\/\\\/www.diocese-belfort-montbeliard.fr\\\/belfort\\\/wp-content\\\/uploads\\\/sites\\\/2\\\/2022\\\/09\\\/PiqueNiqueRentree.jpg\",\"width\":1200,\"height\":800},{\"@type\":\"BreadcrumbList\",\"@id\":\"https:\\\/\\\/www.diocese-belfort-montbeliard.fr\\\/belfort\\\/agenda\\\/pique-nique-de-rentree\\\/#breadcrumb\",\"itemListElement\":[{\"@type\":\"ListItem\",\"position\":1,\"name\":\"Accueil\",\"item\":\"https:\\\/\\\/www.diocese-belfort-montbeliard.fr\\\/belfort\\\/\"},{\"@type\":\"ListItem\",\"position\":2,\"name\":\"Pique-nique de rentr\u00e9e\"}]},{\"@type\":\"WebSite\",\"@id\":\"https:\\\/\\\/www.diocese-belfort-montbeliard.fr\\\/belfort\\\/#website\",\"url\":\"https:\\\/\\\/www.diocese-belfort-montbeliard.fr\\\/belfort\\\/\",\"name\":\"Doyenn\u00e9 de Belfort\",\"description\":\"Dioc\u00e8se de Belfort-Montb\u00e9liard\",\"potentialAction\":[{\"@type\":\"SearchAction\",\"target\":{\"@type\":\"EntryPoint\",\"urlTemplate\":\"https:\\\/\\\/www.diocese-belfort-montbeliard.fr\\\/belfort\\\/?s={search_term_string}\"},\"query-input\":{\"@type\":\"PropertyValueSpecification\",\"valueRequired\":true,\"valueName\":\"search_term_string\"}}],\"inLanguage\":\"fr-FR\"}]}<\/script>\n<!-- \/ Yoast SEO plugin. -->","yoast_head_json":{"title":"Pique-nique de rentr\u00e9e - Doyenn\u00e9 de Belfort","description":"Pique-nique de rentr\u00e9e dimanche 11 septembre apr\u00e8s la messe de 11h : paroissiens habituels, de passage ou nouvellement arriv\u00e9s, bienvenus !","robots":{"index":"index","follow":"follow","max-snippet":"max-snippet:-1","max-image-preview":"max-image-preview:large","max-video-preview":"max-video-preview:-1"},"canonical":"https:\/\/www.diocese-belfort-montbeliard.fr\/belfort\/agenda\/pique-nique-de-rentree\/","og_locale":"fr_FR","og_type":"article","og_title":"Pique-nique de rentr\u00e9e - Doyenn\u00e9 de Belfort","og_description":"Pique-nique de rentr\u00e9e dimanche 11 septembre apr\u00e8s la messe de 11h : paroissiens habituels, de passage ou nouvellement arriv\u00e9s, bienvenus !","og_url":"https:\/\/www.diocese-belfort-montbeliard.fr\/belfort\/agenda\/pique-nique-de-rentree\/","og_site_name":"Doyenn\u00e9 de Belfort","article_modified_time":"2022-09-05T16:48:57+00:00","og_image":[{"width":1200,"height":800,"url":"https:\/\/www.diocese-belfort-montbeliard.fr\/belfort\/wp-content\/uploads\/sites\/2\/2022\/09\/PiqueNiqueRentree.jpg","type":"image\/jpeg"}],"twitter_card":"summary_large_image","twitter_misc":{"Dur\u00e9e de lecture estim\u00e9e":"1 minute"},"schema":{"@context":"https:\/\/schema.org","@graph":[{"@type":"WebPage","@id":"https:\/\/www.diocese-belfort-montbeliard.fr\/belfort\/agenda\/pique-nique-de-rentree\/","url":"https:\/\/www.diocese-belfort-montbeliard.fr\/belfort\/agenda\/pique-nique-de-rentree\/","name":"Pique-nique de rentr\u00e9e - Doyenn\u00e9 de Belfort","isPartOf":{"@id":"https:\/\/www.diocese-belfort-montbeliard.fr\/belfort\/#website"},"primaryImageOfPage":{"@id":"https:\/\/www.diocese-belfort-montbeliard.fr\/belfort\/agenda\/pique-nique-de-rentree\/#primaryimage"},"image":{"@id":"https:\/\/www.diocese-belfort-montbeliard.fr\/belfort\/agenda\/pique-nique-de-rentree\/#primaryimage"},"thumbnailUrl":"https:\/\/www.diocese-belfort-montbeliard.fr\/belfort\/wp-content\/uploads\/sites\/2\/2022\/09\/PiqueNiqueRentree.jpg","datePublished":"2022-09-05T16:48:56+00:00","dateModified":"2022-09-05T16:48:57+00:00","description":"Pique-nique de rentr\u00e9e dimanche 11 septembre apr\u00e8s la messe de 11h : paroissiens habituels, de passage ou nouvellement arriv\u00e9s, bienvenus !","breadcrumb":{"@id":"https:\/\/www.diocese-belfort-montbeliard.fr\/belfort\/agenda\/pique-nique-de-rentree\/#breadcrumb"},"inLanguage":"fr-FR","potentialAction":[{"@type":"ReadAction","target":["https:\/\/www.diocese-belfort-montbeliard.fr\/belfort\/agenda\/pique-nique-de-rentree\/"]}]},{"@type":"ImageObject","inLanguage":"fr-FR","@id":"https:\/\/www.diocese-belfort-montbeliard.fr\/belfort\/agenda\/pique-nique-de-rentree\/#primaryimage","url":"https:\/\/www.diocese-belfort-montbeliard.fr\/belfort\/wp-content\/uploads\/sites\/2\/2022\/09\/PiqueNiqueRentree.jpg","contentUrl":"https:\/\/www.diocese-belfort-montbeliard.fr\/belfort\/wp-content\/uploads\/sites\/2\/2022\/09\/PiqueNiqueRentree.jpg","width":1200,"height":800},{"@type":"BreadcrumbList","@id":"https:\/\/www.diocese-belfort-montbeliard.fr\/belfort\/agenda\/pique-nique-de-rentree\/#breadcrumb","itemListElement":[{"@type":"ListItem","position":1,"name":"Accueil","item":"https:\/\/www.diocese-belfort-montbeliard.fr\/belfort\/"},{"@type":"ListItem","position":2,"name":"Pique-nique de rentr\u00e9e"}]},{"@type":"WebSite","@id":"https:\/\/www.diocese-belfort-montbeliard.fr\/belfort\/#website","url":"https:\/\/www.diocese-belfort-montbeliard.fr\/belfort\/","name":"Doyenn\u00e9 de Belfort","description":"Dioc\u00e8se de Belfort-Montb\u00e9liard","potentialAction":[{"@type":"SearchAction","target":{"@type":"EntryPoint","urlTemplate":"https:\/\/www.diocese-belfort-montbeliard.fr\/belfort\/?s={search_term_string}"},"query-input":{"@type":"PropertyValueSpecification","valueRequired":true,"valueName":"search_term_string"}}],"inLanguage":"fr-FR"}]}},"_links":{"self":[{"href":"https:\/\/www.diocese-belfort-montbeliard.fr\/belfort\/wp-json\/wp\/v2\/evenement\/2065","targetHints":{"allow":["GET"]}}],"collection":[{"href":"https:\/\/www.diocese-belfort-montbeliard.fr\/belfort\/wp-json\/wp\/v2\/evenement"}],"about":[{"href":"https:\/\/www.diocese-belfort-montbeliard.fr\/belfort\/wp-json\/wp\/v2\/types\/evenement"}],"author":[{"embeddable":true,"href":"https:\/\/www.diocese-belfort-montbeliard.fr\/belfort\/wp-json\/wp\/v2\/users\/17"}],"version-history":[{"count":2,"href":"https:\/\/www.diocese-belfort-montbeliard.fr\/belfort\/wp-json\/wp\/v2\/evenement\/2065\/revisions"}],"predecessor-version":[{"id":2068,"href":"https:\/\/www.diocese-belfort-montbeliard.fr\/belfort\/wp-json\/wp\/v2\/evenement\/2065\/revisions\/2068"}],"wp:featuredmedia":[{"embeddable":true,"href":"https:\/\/www.diocese-belfort-montbeliard.fr\/belfort\/wp-json\/wp\/v2\/media\/2063"}],"wp:attachment":[{"href":"https:\/\/www.diocese-belfort-montbeliard.fr\/belfort\/wp-json\/wp\/v2\/media?parent=2065"}],"wp:term":[{"taxonomy":"category","embeddable":true,"href":"https:\/\/www.diocese-belfort-montbeliard.fr\/belfort\/wp-json\/wp\/v2\/categories?post=2065"},{"taxonomy":"post_tag","embeddable":true,"href":"https:\/\/www.diocese-belfort-montbeliard.fr\/belfort\/wp-json\/wp\/v2\/tags?post=2065"}],"curies":[{"name":"wp","href":"https:\/\/api.w.org\/{rel}","templated":true}]}}

Pique-nique de rentrée

<p>La paroisse a la joie de vous convier à son Pique-Nique de Rentrée qui aura lieu à l&rsquo;issue de la messe de 11h dimanche 11 septembre dans le jardin de la cure Saint-Joseph. Nos prêtres fourniront le pain et le vin. A nous d&rsquo;apporter le reste !</p>



<p>Paroissiens habituels, de passage ou nouvel arrivant, soyez les bienvenus !</p>



<figure class="wp-block-image size-full"><img loading="lazy" decoding="async" width="1200" height="800" src="https://www.diocese-belfort-montbeliard.fr/belfort/wp-content/uploads/sites/2/2022/09/PiqueNiqueRentree-1.jpg" alt="" class="wp-image-2066" srcset="https://www.diocese-belfort-montbeliard.fr/belfort/wp-content/uploads/sites/2/2022/09/PiqueNiqueRentree-1.jpg 1200w, https://www.diocese-belfort-montbeliard.fr/belfort/wp-content/uploads/sites/2/2022/09/PiqueNiqueRentree-1-600x400.jpg 600w, https://www.diocese-belfort-montbeliard.fr/belfort/wp-content/uploads/sites/2/2022/09/PiqueNiqueRentree-1-768x512.jpg 768w" sizes="auto, (max-width: 1200px) 100vw, 1200px" /></figure>

<!-- This site is optimized with the Yoast SEO plugin v27.4 - https://yoast.com/product/yoast-seo-wordpress/ -->
<title>Pique-nique de rentrée - Doyenné de Belfort</title>
<meta name="description" content="Pique-nique de rentrée dimanche 11 septembre après la messe de 11h : paroissiens habituels, de passage ou nouvellement arrivés, bienvenus !" />
<meta name="robots" content="index, follow, max-snippet:-1, max-image-preview:large, max-video-preview:-1" />
<link rel="canonical" href="https://www.diocese-belfort-montbeliard.fr/belfort/agenda/pique-nique-de-rentree/" />
<meta property="og:locale" content="fr_FR" />
<meta property="og:type" content="article" />
<meta property="og:title" content="Pique-nique de rentrée - Doyenné de Belfort" />
<meta property="og:description" content="Pique-nique de rentrée dimanche 11 septembre après la messe de 11h : paroissiens habituels, de passage ou nouvellement arrivés, bienvenus !" />
<meta property="og:url" content="https://www.diocese-belfort-montbeliard.fr/belfort/agenda/pique-nique-de-rentree/" />
<meta property="og:site_name" content="Doyenné de Belfort" />
<meta property="article:modified_time" content="2022-09-05T16:48:57+00:00" />
<meta property="og:image" content="https://www.diocese-belfort-montbeliard.fr/belfort/wp-content/uploads/sites/2/2022/09/PiqueNiqueRentree.jpg" />
	<meta property="og:image:width" content="1200" />
	<meta property="og:image:height" content="800" />
	<meta property="og:image:type" content="image/jpeg" />
<meta name="twitter:card" content="summary_large_image" />
<meta name="twitter:label1" content="Durée de lecture estimée" />
	<meta name="twitter:data1" content="1 minute" />
<script type="application/ld+json" class="yoast-schema-graph">{"@context":"https:\/\/schema.org","@graph":[{"@type":"WebPage","@id":"https:\/\/www.diocese-belfort-montbeliard.fr\/belfort\/agenda\/pique-nique-de-rentree\/","url":"https:\/\/www.diocese-belfort-montbeliard.fr\/belfort\/agenda\/pique-nique-de-rentree\/","name":"Pique-nique de rentrée - Doyenné de Belfort","isPartOf":{"@id":"https:\/\/www.diocese-belfort-montbeliard.fr\/belfort\/#website"},"primaryImageOfPage":{"@id":"https:\/\/www.diocese-belfort-montbeliard.fr\/belfort\/agenda\/pique-nique-de-rentree\/#primaryimage"},"image":{"@id":"https:\/\/www.diocese-belfort-montbeliard.fr\/belfort\/agenda\/pique-nique-de-rentree\/#primaryimage"},"thumbnailUrl":"https:\/\/www.diocese-belfort-montbeliard.fr\/belfort\/wp-content\/uploads\/sites\/2\/2022\/09\/PiqueNiqueRentree.jpg","datePublished":"2022-09-05T16:48:56+00:00","dateModified":"2022-09-05T16:48:57+00:00","description":"Pique-nique de rentrée dimanche 11 septembre après la messe de 11h : paroissiens habituels, de passage ou nouvellement arrivés, bienvenus !","breadcrumb":{"@id":"https:\/\/www.diocese-belfort-montbeliard.fr\/belfort\/agenda\/pique-nique-de-rentree\/#breadcrumb"},"inLanguage":"fr-FR","potentialAction":[{"@type":"ReadAction","target":["https:\/\/www.diocese-belfort-montbeliard.fr\/belfort\/agenda\/pique-nique-de-rentree\/"]}]},{"@type":"ImageObject","inLanguage":"fr-FR","@id":"https:\/\/www.diocese-belfort-montbeliard.fr\/belfort\/agenda\/pique-nique-de-rentree\/#primaryimage","url":"https:\/\/www.diocese-belfort-montbeliard.fr\/belfort\/wp-content\/uploads\/sites\/2\/2022\/09\/PiqueNiqueRentree.jpg","contentUrl":"https:\/\/www.diocese-belfort-montbeliard.fr\/belfort\/wp-content\/uploads\/sites\/2\/2022\/09\/PiqueNiqueRentree.jpg","width":1200,"height":800},{"@type":"BreadcrumbList","@id":"https:\/\/www.diocese-belfort-montbeliard.fr\/belfort\/agenda\/pique-nique-de-rentree\/#breadcrumb","itemListElement":[{"@type":"ListItem","position":1,"name":"Accueil","item":"https:\/\/www.diocese-belfort-montbeliard.fr\/belfort\/"},{"@type":"ListItem","position":2,"name":"Pique-nique de rentrée"}]},{"@type":"WebSite","@id":"https:\/\/www.diocese-belfort-montbeliard.fr\/belfort\/#website","url":"https:\/\/www.diocese-belfort-montbeliard.fr\/belfort\/","name":"Doyenné de Belfort","description":"Diocèse de Belfort-Montbéliard","potentialAction":[{"@type":"SearchAction","target":{"@type":"EntryPoint","urlTemplate":"https:\/\/www.diocese-belfort-montbeliard.fr\/belfort\/?s={search_term_string}"},"query-input":{"@type":"PropertyValueSpecification","valueRequired":true,"valueName":"search_term_string"}}],"inLanguage":"fr-FR"}]}</script>
<!-- / Yoast SEO plugin. -->

Pique-nique de rentrée - Doyenné de Belfort

Pique-nique de rentrée dimanche 11 septembre après la messe de 11h : paroissiens habituels, de passage ou nouvellement arrivés, bienvenus !

Doyenné de Belfort

Diocèse de Belfort-Montbéliard
