{"id":2469,"date":"2022-12-07T11:32:29","date_gmt":"2022-12-07T10:32:29","guid":{"rendered":"https:\/\/www.diocese-belfort-montbeliard.fr\/belfort\/?post_type=evenement&#038;p=2469"},"modified":"2022-12-07T11:32:29","modified_gmt":"2022-12-07T10:32:29","slug":"horaires-des-messes-de-noel","status":"publish","type":"evenement","link":"https:\/\/www.diocese-belfort-montbeliard.fr\/belfort\/agenda\/horaires-des-messes-de-noel\/","title":{"rendered":"Horaires des messes de No\u00ebl"},"content":{"rendered":"\n<p><strong>Veill\u00e9e de No\u00ebl samedi 24 d\u00e9cembre<\/strong><\/p>\n\n\n\n<p>18h &#8211; Saint-Joseph<\/p>\n\n\n\n<p>22h &#8211; Cath\u00e9drale<\/p>\n\n\n\n<h2 class=\"wp-block-heading\">Jour de No\u00ebl dimanche 25 novembre<\/h2>\n\n\n\n<p>10h &#8211; Cath\u00e9drale, pr\u00e9sid\u00e9e par Mgr Jachiet<\/p>\n\n\n\n<p>10h &#8211; Notre-Dame-de-Brasse (forme traditionnelle)<\/p>\n\n\n\n<p>11h &#8211; Saint-Joseph<\/p>\n\n\n\n<figure class=\"wp-block-image size-large\"><img loading=\"lazy\" decoding=\"async\" width=\"1440\" height=\"1080\" src=\"https:\/\/www.diocese-belfort-montbeliard.fr\/belfort\/wp-content\/uploads\/sites\/2\/2022\/12\/IMG_2639-1440x1080.jpg\" alt=\"\" class=\"wp-image-2470\" srcset=\"https:\/\/www.diocese-belfort-montbeliard.fr\/belfort\/wp-content\/uploads\/sites\/2\/2022\/12\/IMG_2639-1440x1080.jpg 1440w, https:\/\/www.diocese-belfort-montbeliard.fr\/belfort\/wp-content\/uploads\/sites\/2\/2022\/12\/IMG_2639-600x450.jpg 600w, https:\/\/www.diocese-belfort-montbeliard.fr\/belfort\/wp-content\/uploads\/sites\/2\/2022\/12\/IMG_2639-768x576.jpg 768w, https:\/\/www.diocese-belfort-montbeliard.fr\/belfort\/wp-content\/uploads\/sites\/2\/2022\/12\/IMG_2639-1536x1152.jpg 1536w, https:\/\/www.diocese-belfort-montbeliard.fr\/belfort\/wp-content\/uploads\/sites\/2\/2022\/12\/IMG_2639.jpg 2016w\" sizes=\"auto, (max-width: 1440px) 100vw, 1440px\" \/><\/figure>\n","protected":false},"author":17,"featured_media":2470,"template":"","meta":{"_acf_changed":false,"footnotes":""},"categories":[1,5],"tags":[],"class_list":["post-2469","evenement","type-evenement","status-publish","has-post-thumbnail","hentry","category-belfort","category-saint-jean-baptiste"],"acf":[],"yoast_head":"<!-- This site is optimized with the Yoast SEO plugin v27.4 - https:\/\/yoast.com\/product\/yoast-seo-wordpress\/ -->\n<title>Horaires des messes de No\u00ebl - Doyenn\u00e9 de Belfort<\/title>\n<meta name=\"description\" content=\"Horaires des messes de No\u00ebl\" \/>\n<meta name=\"robots\" content=\"index, follow, max-snippet:-1, max-image-preview:large, max-video-preview:-1\" \/>\n<link rel=\"canonical\" href=\"https:\/\/www.diocese-belfort-montbeliard.fr\/belfort\/agenda\/horaires-des-messes-de-noel\/\" \/>\n<meta property=\"og:locale\" content=\"fr_FR\" \/>\n<meta property=\"og:type\" content=\"article\" \/>\n<meta property=\"og:title\" content=\"Horaires des messes de No\u00ebl - Doyenn\u00e9 de Belfort\" \/>\n<meta property=\"og:description\" content=\"Horaires des messes de No\u00ebl\" \/>\n<meta property=\"og:url\" content=\"https:\/\/www.diocese-belfort-montbeliard.fr\/belfort\/agenda\/horaires-des-messes-de-noel\/\" \/>\n<meta property=\"og:site_name\" content=\"Doyenn\u00e9 de Belfort\" \/>\n<meta property=\"og:image\" content=\"https:\/\/www.diocese-belfort-montbeliard.fr\/belfort\/wp-content\/uploads\/sites\/2\/2022\/12\/IMG_2639.jpg\" \/>\n\t<meta property=\"og:image:width\" content=\"2016\" \/>\n\t<meta property=\"og:image:height\" content=\"1512\" \/>\n\t<meta property=\"og:image:type\" content=\"image\/jpeg\" \/>\n<meta name=\"twitter:card\" content=\"summary_large_image\" \/>\n<meta name=\"twitter:label1\" content=\"Dur\u00e9e de lecture estim\u00e9e\" \/>\n\t<meta name=\"twitter:data1\" content=\"1 minute\" \/>\n<script type=\"application\/ld+json\" class=\"yoast-schema-graph\">{\"@context\":\"https:\\\/\\\/schema.org\",\"@graph\":[{\"@type\":\"WebPage\",\"@id\":\"https:\\\/\\\/www.diocese-belfort-montbeliard.fr\\\/belfort\\\/agenda\\\/horaires-des-messes-de-noel\\\/\",\"url\":\"https:\\\/\\\/www.diocese-belfort-montbeliard.fr\\\/belfort\\\/agenda\\\/horaires-des-messes-de-noel\\\/\",\"name\":\"Horaires des messes de No\u00ebl - Doyenn\u00e9 de Belfort\",\"isPartOf\":{\"@id\":\"https:\\\/\\\/www.diocese-belfort-montbeliard.fr\\\/belfort\\\/#website\"},\"primaryImageOfPage\":{\"@id\":\"https:\\\/\\\/www.diocese-belfort-montbeliard.fr\\\/belfort\\\/agenda\\\/horaires-des-messes-de-noel\\\/#primaryimage\"},\"image\":{\"@id\":\"https:\\\/\\\/www.diocese-belfort-montbeliard.fr\\\/belfort\\\/agenda\\\/horaires-des-messes-de-noel\\\/#primaryimage\"},\"thumbnailUrl\":\"https:\\\/\\\/www.diocese-belfort-montbeliard.fr\\\/belfort\\\/wp-content\\\/uploads\\\/sites\\\/2\\\/2022\\\/12\\\/IMG_2639.jpg\",\"datePublished\":\"2022-12-07T10:32:29+00:00\",\"description\":\"Horaires des messes de No\u00ebl\",\"breadcrumb\":{\"@id\":\"https:\\\/\\\/www.diocese-belfort-montbeliard.fr\\\/belfort\\\/agenda\\\/horaires-des-messes-de-noel\\\/#breadcrumb\"},\"inLanguage\":\"fr-FR\",\"potentialAction\":[{\"@type\":\"ReadAction\",\"target\":[\"https:\\\/\\\/www.diocese-belfort-montbeliard.fr\\\/belfort\\\/agenda\\\/horaires-des-messes-de-noel\\\/\"]}]},{\"@type\":\"ImageObject\",\"inLanguage\":\"fr-FR\",\"@id\":\"https:\\\/\\\/www.diocese-belfort-montbeliard.fr\\\/belfort\\\/agenda\\\/horaires-des-messes-de-noel\\\/#primaryimage\",\"url\":\"https:\\\/\\\/www.diocese-belfort-montbeliard.fr\\\/belfort\\\/wp-content\\\/uploads\\\/sites\\\/2\\\/2022\\\/12\\\/IMG_2639.jpg\",\"contentUrl\":\"https:\\\/\\\/www.diocese-belfort-montbeliard.fr\\\/belfort\\\/wp-content\\\/uploads\\\/sites\\\/2\\\/2022\\\/12\\\/IMG_2639.jpg\",\"width\":2016,\"height\":1512},{\"@type\":\"BreadcrumbList\",\"@id\":\"https:\\\/\\\/www.diocese-belfort-montbeliard.fr\\\/belfort\\\/agenda\\\/horaires-des-messes-de-noel\\\/#breadcrumb\",\"itemListElement\":[{\"@type\":\"ListItem\",\"position\":1,\"name\":\"Accueil\",\"item\":\"https:\\\/\\\/www.diocese-belfort-montbeliard.fr\\\/belfort\\\/\"},{\"@type\":\"ListItem\",\"position\":2,\"name\":\"Horaires des messes de No\u00ebl\"}]},{\"@type\":\"WebSite\",\"@id\":\"https:\\\/\\\/www.diocese-belfort-montbeliard.fr\\\/belfort\\\/#website\",\"url\":\"https:\\\/\\\/www.diocese-belfort-montbeliard.fr\\\/belfort\\\/\",\"name\":\"Doyenn\u00e9 de Belfort\",\"description\":\"Dioc\u00e8se de Belfort-Montb\u00e9liard\",\"potentialAction\":[{\"@type\":\"SearchAction\",\"target\":{\"@type\":\"EntryPoint\",\"urlTemplate\":\"https:\\\/\\\/www.diocese-belfort-montbeliard.fr\\\/belfort\\\/?s={search_term_string}\"},\"query-input\":{\"@type\":\"PropertyValueSpecification\",\"valueRequired\":true,\"valueName\":\"search_term_string\"}}],\"inLanguage\":\"fr-FR\"}]}<\/script>\n<!-- \/ Yoast SEO plugin. -->","yoast_head_json":{"title":"Horaires des messes de No\u00ebl - Doyenn\u00e9 de Belfort","description":"Horaires des messes de No\u00ebl","robots":{"index":"index","follow":"follow","max-snippet":"max-snippet:-1","max-image-preview":"max-image-preview:large","max-video-preview":"max-video-preview:-1"},"canonical":"https:\/\/www.diocese-belfort-montbeliard.fr\/belfort\/agenda\/horaires-des-messes-de-noel\/","og_locale":"fr_FR","og_type":"article","og_title":"Horaires des messes de No\u00ebl - Doyenn\u00e9 de Belfort","og_description":"Horaires des messes de No\u00ebl","og_url":"https:\/\/www.diocese-belfort-montbeliard.fr\/belfort\/agenda\/horaires-des-messes-de-noel\/","og_site_name":"Doyenn\u00e9 de Belfort","og_image":[{"width":2016,"height":1512,"url":"https:\/\/www.diocese-belfort-montbeliard.fr\/belfort\/wp-content\/uploads\/sites\/2\/2022\/12\/IMG_2639.jpg","type":"image\/jpeg"}],"twitter_card":"summary_large_image","twitter_misc":{"Dur\u00e9e de lecture estim\u00e9e":"1 minute"},"schema":{"@context":"https:\/\/schema.org","@graph":[{"@type":"WebPage","@id":"https:\/\/www.diocese-belfort-montbeliard.fr\/belfort\/agenda\/horaires-des-messes-de-noel\/","url":"https:\/\/www.diocese-belfort-montbeliard.fr\/belfort\/agenda\/horaires-des-messes-de-noel\/","name":"Horaires des messes de No\u00ebl - Doyenn\u00e9 de Belfort","isPartOf":{"@id":"https:\/\/www.diocese-belfort-montbeliard.fr\/belfort\/#website"},"primaryImageOfPage":{"@id":"https:\/\/www.diocese-belfort-montbeliard.fr\/belfort\/agenda\/horaires-des-messes-de-noel\/#primaryimage"},"image":{"@id":"https:\/\/www.diocese-belfort-montbeliard.fr\/belfort\/agenda\/horaires-des-messes-de-noel\/#primaryimage"},"thumbnailUrl":"https:\/\/www.diocese-belfort-montbeliard.fr\/belfort\/wp-content\/uploads\/sites\/2\/2022\/12\/IMG_2639.jpg","datePublished":"2022-12-07T10:32:29+00:00","description":"Horaires des messes de No\u00ebl","breadcrumb":{"@id":"https:\/\/www.diocese-belfort-montbeliard.fr\/belfort\/agenda\/horaires-des-messes-de-noel\/#breadcrumb"},"inLanguage":"fr-FR","potentialAction":[{"@type":"ReadAction","target":["https:\/\/www.diocese-belfort-montbeliard.fr\/belfort\/agenda\/horaires-des-messes-de-noel\/"]}]},{"@type":"ImageObject","inLanguage":"fr-FR","@id":"https:\/\/www.diocese-belfort-montbeliard.fr\/belfort\/agenda\/horaires-des-messes-de-noel\/#primaryimage","url":"https:\/\/www.diocese-belfort-montbeliard.fr\/belfort\/wp-content\/uploads\/sites\/2\/2022\/12\/IMG_2639.jpg","contentUrl":"https:\/\/www.diocese-belfort-montbeliard.fr\/belfort\/wp-content\/uploads\/sites\/2\/2022\/12\/IMG_2639.jpg","width":2016,"height":1512},{"@type":"BreadcrumbList","@id":"https:\/\/www.diocese-belfort-montbeliard.fr\/belfort\/agenda\/horaires-des-messes-de-noel\/#breadcrumb","itemListElement":[{"@type":"ListItem","position":1,"name":"Accueil","item":"https:\/\/www.diocese-belfort-montbeliard.fr\/belfort\/"},{"@type":"ListItem","position":2,"name":"Horaires des messes de No\u00ebl"}]},{"@type":"WebSite","@id":"https:\/\/www.diocese-belfort-montbeliard.fr\/belfort\/#website","url":"https:\/\/www.diocese-belfort-montbeliard.fr\/belfort\/","name":"Doyenn\u00e9 de Belfort","description":"Dioc\u00e8se de Belfort-Montb\u00e9liard","potentialAction":[{"@type":"SearchAction","target":{"@type":"EntryPoint","urlTemplate":"https:\/\/www.diocese-belfort-montbeliard.fr\/belfort\/?s={search_term_string}"},"query-input":{"@type":"PropertyValueSpecification","valueRequired":true,"valueName":"search_term_string"}}],"inLanguage":"fr-FR"}]}},"_links":{"self":[{"href":"https:\/\/www.diocese-belfort-montbeliard.fr\/belfort\/wp-json\/wp\/v2\/evenement\/2469","targetHints":{"allow":["GET"]}}],"collection":[{"href":"https:\/\/www.diocese-belfort-montbeliard.fr\/belfort\/wp-json\/wp\/v2\/evenement"}],"about":[{"href":"https:\/\/www.diocese-belfort-montbeliard.fr\/belfort\/wp-json\/wp\/v2\/types\/evenement"}],"author":[{"embeddable":true,"href":"https:\/\/www.diocese-belfort-montbeliard.fr\/belfort\/wp-json\/wp\/v2\/users\/17"}],"version-history":[{"count":2,"href":"https:\/\/www.diocese-belfort-montbeliard.fr\/belfort\/wp-json\/wp\/v2\/evenement\/2469\/revisions"}],"predecessor-version":[{"id":2472,"href":"https:\/\/www.diocese-belfort-montbeliard.fr\/belfort\/wp-json\/wp\/v2\/evenement\/2469\/revisions\/2472"}],"wp:featuredmedia":[{"embeddable":true,"href":"https:\/\/www.diocese-belfort-montbeliard.fr\/belfort\/wp-json\/wp\/v2\/media\/2470"}],"wp:attachment":[{"href":"https:\/\/www.diocese-belfort-montbeliard.fr\/belfort\/wp-json\/wp\/v2\/media?parent=2469"}],"wp:term":[{"taxonomy":"category","embeddable":true,"href":"https:\/\/www.diocese-belfort-montbeliard.fr\/belfort\/wp-json\/wp\/v2\/categories?post=2469"},{"taxonomy":"post_tag","embeddable":true,"href":"https:\/\/www.diocese-belfort-montbeliard.fr\/belfort\/wp-json\/wp\/v2\/tags?post=2469"}],"curies":[{"name":"wp","href":"https:\/\/api.w.org\/{rel}","templated":true}]}}

Horaires des messes de Noël

<p><strong>Veillée de Noël samedi 24 décembre</strong></p>



<p>18h &#8211; Saint-Joseph</p>



<p>22h &#8211; Cathédrale</p>



<h2 class="wp-block-heading">Jour de Noël dimanche 25 novembre</h2>



<p>10h &#8211; Cathédrale, présidée par Mgr Jachiet</p>



<p>10h &#8211; Notre-Dame-de-Brasse (forme traditionnelle)</p>



<p>11h &#8211; Saint-Joseph</p>



<figure class="wp-block-image size-large"><img loading="lazy" decoding="async" width="1440" height="1080" src="https://www.diocese-belfort-montbeliard.fr/belfort/wp-content/uploads/sites/2/2022/12/IMG_2639-1440x1080.jpg" alt="" class="wp-image-2470" srcset="https://www.diocese-belfort-montbeliard.fr/belfort/wp-content/uploads/sites/2/2022/12/IMG_2639-1440x1080.jpg 1440w, https://www.diocese-belfort-montbeliard.fr/belfort/wp-content/uploads/sites/2/2022/12/IMG_2639-600x450.jpg 600w, https://www.diocese-belfort-montbeliard.fr/belfort/wp-content/uploads/sites/2/2022/12/IMG_2639-768x576.jpg 768w, https://www.diocese-belfort-montbeliard.fr/belfort/wp-content/uploads/sites/2/2022/12/IMG_2639-1536x1152.jpg 1536w, https://www.diocese-belfort-montbeliard.fr/belfort/wp-content/uploads/sites/2/2022/12/IMG_2639.jpg 2016w" sizes="auto, (max-width: 1440px) 100vw, 1440px" /></figure>

<!-- This site is optimized with the Yoast SEO plugin v27.4 - https://yoast.com/product/yoast-seo-wordpress/ -->
<title>Horaires des messes de Noël - Doyenné de Belfort</title>
<meta name="description" content="Horaires des messes de Noël" />
<meta name="robots" content="index, follow, max-snippet:-1, max-image-preview:large, max-video-preview:-1" />
<link rel="canonical" href="https://www.diocese-belfort-montbeliard.fr/belfort/agenda/horaires-des-messes-de-noel/" />
<meta property="og:locale" content="fr_FR" />
<meta property="og:type" content="article" />
<meta property="og:title" content="Horaires des messes de Noël - Doyenné de Belfort" />
<meta property="og:description" content="Horaires des messes de Noël" />
<meta property="og:url" content="https://www.diocese-belfort-montbeliard.fr/belfort/agenda/horaires-des-messes-de-noel/" />
<meta property="og:site_name" content="Doyenné de Belfort" />
<meta property="og:image" content="https://www.diocese-belfort-montbeliard.fr/belfort/wp-content/uploads/sites/2/2022/12/IMG_2639.jpg" />
	<meta property="og:image:width" content="2016" />
	<meta property="og:image:height" content="1512" />
	<meta property="og:image:type" content="image/jpeg" />
<meta name="twitter:card" content="summary_large_image" />
<meta name="twitter:label1" content="Durée de lecture estimée" />
	<meta name="twitter:data1" content="1 minute" />
<script type="application/ld+json" class="yoast-schema-graph">{"@context":"https:\/\/schema.org","@graph":[{"@type":"WebPage","@id":"https:\/\/www.diocese-belfort-montbeliard.fr\/belfort\/agenda\/horaires-des-messes-de-noel\/","url":"https:\/\/www.diocese-belfort-montbeliard.fr\/belfort\/agenda\/horaires-des-messes-de-noel\/","name":"Horaires des messes de Noël - Doyenné de Belfort","isPartOf":{"@id":"https:\/\/www.diocese-belfort-montbeliard.fr\/belfort\/#website"},"primaryImageOfPage":{"@id":"https:\/\/www.diocese-belfort-montbeliard.fr\/belfort\/agenda\/horaires-des-messes-de-noel\/#primaryimage"},"image":{"@id":"https:\/\/www.diocese-belfort-montbeliard.fr\/belfort\/agenda\/horaires-des-messes-de-noel\/#primaryimage"},"thumbnailUrl":"https:\/\/www.diocese-belfort-montbeliard.fr\/belfort\/wp-content\/uploads\/sites\/2\/2022\/12\/IMG_2639.jpg","datePublished":"2022-12-07T10:32:29+00:00","description":"Horaires des messes de Noël","breadcrumb":{"@id":"https:\/\/www.diocese-belfort-montbeliard.fr\/belfort\/agenda\/horaires-des-messes-de-noel\/#breadcrumb"},"inLanguage":"fr-FR","potentialAction":[{"@type":"ReadAction","target":["https:\/\/www.diocese-belfort-montbeliard.fr\/belfort\/agenda\/horaires-des-messes-de-noel\/"]}]},{"@type":"ImageObject","inLanguage":"fr-FR","@id":"https:\/\/www.diocese-belfort-montbeliard.fr\/belfort\/agenda\/horaires-des-messes-de-noel\/#primaryimage","url":"https:\/\/www.diocese-belfort-montbeliard.fr\/belfort\/wp-content\/uploads\/sites\/2\/2022\/12\/IMG_2639.jpg","contentUrl":"https:\/\/www.diocese-belfort-montbeliard.fr\/belfort\/wp-content\/uploads\/sites\/2\/2022\/12\/IMG_2639.jpg","width":2016,"height":1512},{"@type":"BreadcrumbList","@id":"https:\/\/www.diocese-belfort-montbeliard.fr\/belfort\/agenda\/horaires-des-messes-de-noel\/#breadcrumb","itemListElement":[{"@type":"ListItem","position":1,"name":"Accueil","item":"https:\/\/www.diocese-belfort-montbeliard.fr\/belfort\/"},{"@type":"ListItem","position":2,"name":"Horaires des messes de Noël"}]},{"@type":"WebSite","@id":"https:\/\/www.diocese-belfort-montbeliard.fr\/belfort\/#website","url":"https:\/\/www.diocese-belfort-montbeliard.fr\/belfort\/","name":"Doyenné de Belfort","description":"Diocèse de Belfort-Montbéliard","potentialAction":[{"@type":"SearchAction","target":{"@type":"EntryPoint","urlTemplate":"https:\/\/www.diocese-belfort-montbeliard.fr\/belfort\/?s={search_term_string}"},"query-input":{"@type":"PropertyValueSpecification","valueRequired":true,"valueName":"search_term_string"}}],"inLanguage":"fr-FR"}]}</script>
<!-- / Yoast SEO plugin. -->

Horaires des messes de Noël - Doyenné de Belfort

Doyenné de Belfort

Diocèse de Belfort-Montbéliard
