{"id":268,"date":"2021-02-27T21:58:15","date_gmt":"2021-02-27T20:58:15","guid":{"rendered":"https:\/\/www.diocese-belfort-montbeliard.fr\/belfort\/?post_type=evenement&#038;p=268"},"modified":"2021-02-27T22:45:19","modified_gmt":"2021-02-27T21:45:19","slug":"quete-pour-le-secours-catholique","status":"publish","type":"evenement","link":"https:\/\/www.diocese-belfort-montbeliard.fr\/belfort\/agenda\/quete-pour-le-secours-catholique\/","title":{"rendered":"Qu\u00eate pour le Secours Catholique"},"content":{"rendered":"\n<p>Dimanche 7 mars : qu\u00eate pour le Secours Catholique \u00e0 l&rsquo;occasion de l&rsquo;op\u00e9ration Entraide<\/p>\n\n\n\n<figure class=\"wp-block-image size-large\"><img loading=\"lazy\" decoding=\"async\" width=\"1920\" height=\"614\" src=\"https:\/\/www.diocese-belfort-montbeliard.fr\/belfort\/wp-content\/uploads\/sites\/2\/2021\/02\/secours-catholique-1920x614.png\" alt=\"\" class=\"wp-image-269\" srcset=\"https:\/\/www.diocese-belfort-montbeliard.fr\/belfort\/wp-content\/uploads\/sites\/2\/2021\/02\/secours-catholique-1920x614.png 1920w, https:\/\/www.diocese-belfort-montbeliard.fr\/belfort\/wp-content\/uploads\/sites\/2\/2021\/02\/secours-catholique-600x192.png 600w, https:\/\/www.diocese-belfort-montbeliard.fr\/belfort\/wp-content\/uploads\/sites\/2\/2021\/02\/secours-catholique-768x246.png 768w, https:\/\/www.diocese-belfort-montbeliard.fr\/belfort\/wp-content\/uploads\/sites\/2\/2021\/02\/secours-catholique-1536x492.png 1536w, https:\/\/www.diocese-belfort-montbeliard.fr\/belfort\/wp-content\/uploads\/sites\/2\/2021\/02\/secours-catholique-2048x655.png 2048w\" sizes=\"auto, (max-width: 1920px) 100vw, 1920px\" \/><figcaption>Aidons-nous les uns les autres<\/figcaption><\/figure>\n\n\n\n<p><a href=\"https:\/\/don.secours-catholique.org\/don_non_affecte\/~mon-don?_cv=1\">https:\/\/don.secours-catholique.org\/don_non_affecte\/~mon-don?_cv=1<\/a><\/p>\n","protected":false},"author":17,"featured_media":0,"template":"","meta":{"_acf_changed":false,"footnotes":""},"categories":[],"tags":[],"class_list":["post-268","evenement","type-evenement","status-publish","hentry"],"acf":[],"yoast_head":"<!-- This site is optimized with the Yoast SEO plugin v27.4 - https:\/\/yoast.com\/product\/yoast-seo-wordpress\/ -->\n<title>Qu\u00eate pour le Secours Catholique - Doyenn\u00e9 de Belfort<\/title>\n<meta name=\"description\" content=\"Dimanche 7 mars : qu\u00eate pour le Secours Catholique \u00e0 l&#039;occasion de l&#039;op\u00e9ration Entraide dans toutes les \u00e9glises de Belfort\" \/>\n<meta name=\"robots\" content=\"index, follow, max-snippet:-1, max-image-preview:large, max-video-preview:-1\" \/>\n<link rel=\"canonical\" href=\"https:\/\/www.diocese-belfort-montbeliard.fr\/belfort\/agenda\/quete-pour-le-secours-catholique\/\" \/>\n<meta property=\"og:locale\" content=\"fr_FR\" \/>\n<meta property=\"og:type\" content=\"article\" \/>\n<meta property=\"og:title\" content=\"Qu\u00eate pour le Secours Catholique - Doyenn\u00e9 de Belfort\" \/>\n<meta property=\"og:description\" content=\"Dimanche 7 mars : qu\u00eate pour le Secours Catholique \u00e0 l&#039;occasion de l&#039;op\u00e9ration Entraide dans toutes les \u00e9glises de Belfort\" \/>\n<meta property=\"og:url\" content=\"https:\/\/www.diocese-belfort-montbeliard.fr\/belfort\/agenda\/quete-pour-le-secours-catholique\/\" \/>\n<meta property=\"og:site_name\" content=\"Doyenn\u00e9 de Belfort\" \/>\n<meta property=\"article:modified_time\" content=\"2021-02-27T21:45:19+00:00\" \/>\n<meta property=\"og:image\" content=\"https:\/\/www.diocese-belfort-montbeliard.fr\/belfort\/wp-content\/uploads\/sites\/2\/2021\/02\/secours-catholique-1920x614.png\" \/>\n<meta name=\"twitter:card\" content=\"summary_large_image\" \/>\n<meta name=\"twitter:label1\" content=\"Dur\u00e9e de lecture estim\u00e9e\" \/>\n\t<meta name=\"twitter:data1\" content=\"1 minute\" \/>\n<script type=\"application\/ld+json\" class=\"yoast-schema-graph\">{\"@context\":\"https:\\\/\\\/schema.org\",\"@graph\":[{\"@type\":\"WebPage\",\"@id\":\"https:\\\/\\\/www.diocese-belfort-montbeliard.fr\\\/belfort\\\/agenda\\\/quete-pour-le-secours-catholique\\\/\",\"url\":\"https:\\\/\\\/www.diocese-belfort-montbeliard.fr\\\/belfort\\\/agenda\\\/quete-pour-le-secours-catholique\\\/\",\"name\":\"Qu\u00eate pour le Secours Catholique - Doyenn\u00e9 de Belfort\",\"isPartOf\":{\"@id\":\"https:\\\/\\\/www.diocese-belfort-montbeliard.fr\\\/belfort\\\/#website\"},\"primaryImageOfPage\":{\"@id\":\"https:\\\/\\\/www.diocese-belfort-montbeliard.fr\\\/belfort\\\/agenda\\\/quete-pour-le-secours-catholique\\\/#primaryimage\"},\"image\":{\"@id\":\"https:\\\/\\\/www.diocese-belfort-montbeliard.fr\\\/belfort\\\/agenda\\\/quete-pour-le-secours-catholique\\\/#primaryimage\"},\"thumbnailUrl\":\"https:\\\/\\\/www.diocese-belfort-montbeliard.fr\\\/belfort\\\/wp-content\\\/uploads\\\/sites\\\/2\\\/2021\\\/02\\\/secours-catholique-1920x614.png\",\"datePublished\":\"2021-02-27T20:58:15+00:00\",\"dateModified\":\"2021-02-27T21:45:19+00:00\",\"description\":\"Dimanche 7 mars : qu\u00eate pour le Secours Catholique \u00e0 l'occasion de l'op\u00e9ration Entraide dans toutes les \u00e9glises de Belfort\",\"breadcrumb\":{\"@id\":\"https:\\\/\\\/www.diocese-belfort-montbeliard.fr\\\/belfort\\\/agenda\\\/quete-pour-le-secours-catholique\\\/#breadcrumb\"},\"inLanguage\":\"fr-FR\",\"potentialAction\":[{\"@type\":\"ReadAction\",\"target\":[\"https:\\\/\\\/www.diocese-belfort-montbeliard.fr\\\/belfort\\\/agenda\\\/quete-pour-le-secours-catholique\\\/\"]}]},{\"@type\":\"ImageObject\",\"inLanguage\":\"fr-FR\",\"@id\":\"https:\\\/\\\/www.diocese-belfort-montbeliard.fr\\\/belfort\\\/agenda\\\/quete-pour-le-secours-catholique\\\/#primaryimage\",\"url\":\"https:\\\/\\\/www.diocese-belfort-montbeliard.fr\\\/belfort\\\/wp-content\\\/uploads\\\/sites\\\/2\\\/2021\\\/02\\\/secours-catholique.png\",\"contentUrl\":\"https:\\\/\\\/www.diocese-belfort-montbeliard.fr\\\/belfort\\\/wp-content\\\/uploads\\\/sites\\\/2\\\/2021\\\/02\\\/secours-catholique.png\",\"width\":3937,\"height\":1260},{\"@type\":\"BreadcrumbList\",\"@id\":\"https:\\\/\\\/www.diocese-belfort-montbeliard.fr\\\/belfort\\\/agenda\\\/quete-pour-le-secours-catholique\\\/#breadcrumb\",\"itemListElement\":[{\"@type\":\"ListItem\",\"position\":1,\"name\":\"Accueil\",\"item\":\"https:\\\/\\\/www.diocese-belfort-montbeliard.fr\\\/belfort\\\/\"},{\"@type\":\"ListItem\",\"position\":2,\"name\":\"Qu\u00eate pour le Secours Catholique\"}]},{\"@type\":\"WebSite\",\"@id\":\"https:\\\/\\\/www.diocese-belfort-montbeliard.fr\\\/belfort\\\/#website\",\"url\":\"https:\\\/\\\/www.diocese-belfort-montbeliard.fr\\\/belfort\\\/\",\"name\":\"Doyenn\u00e9 de Belfort\",\"description\":\"Dioc\u00e8se de Belfort-Montb\u00e9liard\",\"potentialAction\":[{\"@type\":\"SearchAction\",\"target\":{\"@type\":\"EntryPoint\",\"urlTemplate\":\"https:\\\/\\\/www.diocese-belfort-montbeliard.fr\\\/belfort\\\/?s={search_term_string}\"},\"query-input\":{\"@type\":\"PropertyValueSpecification\",\"valueRequired\":true,\"valueName\":\"search_term_string\"}}],\"inLanguage\":\"fr-FR\"}]}<\/script>\n<!-- \/ Yoast SEO plugin. -->","yoast_head_json":{"title":"Qu\u00eate pour le Secours Catholique - Doyenn\u00e9 de Belfort","description":"Dimanche 7 mars : qu\u00eate pour le Secours Catholique \u00e0 l'occasion de l'op\u00e9ration Entraide dans toutes les \u00e9glises de Belfort","robots":{"index":"index","follow":"follow","max-snippet":"max-snippet:-1","max-image-preview":"max-image-preview:large","max-video-preview":"max-video-preview:-1"},"canonical":"https:\/\/www.diocese-belfort-montbeliard.fr\/belfort\/agenda\/quete-pour-le-secours-catholique\/","og_locale":"fr_FR","og_type":"article","og_title":"Qu\u00eate pour le Secours Catholique - Doyenn\u00e9 de Belfort","og_description":"Dimanche 7 mars : qu\u00eate pour le Secours Catholique \u00e0 l'occasion de l'op\u00e9ration Entraide dans toutes les \u00e9glises de Belfort","og_url":"https:\/\/www.diocese-belfort-montbeliard.fr\/belfort\/agenda\/quete-pour-le-secours-catholique\/","og_site_name":"Doyenn\u00e9 de Belfort","article_modified_time":"2021-02-27T21:45:19+00:00","og_image":[{"url":"https:\/\/www.diocese-belfort-montbeliard.fr\/belfort\/wp-content\/uploads\/sites\/2\/2021\/02\/secours-catholique-1920x614.png","type":"","width":"","height":""}],"twitter_card":"summary_large_image","twitter_misc":{"Dur\u00e9e de lecture estim\u00e9e":"1 minute"},"schema":{"@context":"https:\/\/schema.org","@graph":[{"@type":"WebPage","@id":"https:\/\/www.diocese-belfort-montbeliard.fr\/belfort\/agenda\/quete-pour-le-secours-catholique\/","url":"https:\/\/www.diocese-belfort-montbeliard.fr\/belfort\/agenda\/quete-pour-le-secours-catholique\/","name":"Qu\u00eate pour le Secours Catholique - Doyenn\u00e9 de Belfort","isPartOf":{"@id":"https:\/\/www.diocese-belfort-montbeliard.fr\/belfort\/#website"},"primaryImageOfPage":{"@id":"https:\/\/www.diocese-belfort-montbeliard.fr\/belfort\/agenda\/quete-pour-le-secours-catholique\/#primaryimage"},"image":{"@id":"https:\/\/www.diocese-belfort-montbeliard.fr\/belfort\/agenda\/quete-pour-le-secours-catholique\/#primaryimage"},"thumbnailUrl":"https:\/\/www.diocese-belfort-montbeliard.fr\/belfort\/wp-content\/uploads\/sites\/2\/2021\/02\/secours-catholique-1920x614.png","datePublished":"2021-02-27T20:58:15+00:00","dateModified":"2021-02-27T21:45:19+00:00","description":"Dimanche 7 mars : qu\u00eate pour le Secours Catholique \u00e0 l'occasion de l'op\u00e9ration Entraide dans toutes les \u00e9glises de Belfort","breadcrumb":{"@id":"https:\/\/www.diocese-belfort-montbeliard.fr\/belfort\/agenda\/quete-pour-le-secours-catholique\/#breadcrumb"},"inLanguage":"fr-FR","potentialAction":[{"@type":"ReadAction","target":["https:\/\/www.diocese-belfort-montbeliard.fr\/belfort\/agenda\/quete-pour-le-secours-catholique\/"]}]},{"@type":"ImageObject","inLanguage":"fr-FR","@id":"https:\/\/www.diocese-belfort-montbeliard.fr\/belfort\/agenda\/quete-pour-le-secours-catholique\/#primaryimage","url":"https:\/\/www.diocese-belfort-montbeliard.fr\/belfort\/wp-content\/uploads\/sites\/2\/2021\/02\/secours-catholique.png","contentUrl":"https:\/\/www.diocese-belfort-montbeliard.fr\/belfort\/wp-content\/uploads\/sites\/2\/2021\/02\/secours-catholique.png","width":3937,"height":1260},{"@type":"BreadcrumbList","@id":"https:\/\/www.diocese-belfort-montbeliard.fr\/belfort\/agenda\/quete-pour-le-secours-catholique\/#breadcrumb","itemListElement":[{"@type":"ListItem","position":1,"name":"Accueil","item":"https:\/\/www.diocese-belfort-montbeliard.fr\/belfort\/"},{"@type":"ListItem","position":2,"name":"Qu\u00eate pour le Secours Catholique"}]},{"@type":"WebSite","@id":"https:\/\/www.diocese-belfort-montbeliard.fr\/belfort\/#website","url":"https:\/\/www.diocese-belfort-montbeliard.fr\/belfort\/","name":"Doyenn\u00e9 de Belfort","description":"Dioc\u00e8se de Belfort-Montb\u00e9liard","potentialAction":[{"@type":"SearchAction","target":{"@type":"EntryPoint","urlTemplate":"https:\/\/www.diocese-belfort-montbeliard.fr\/belfort\/?s={search_term_string}"},"query-input":{"@type":"PropertyValueSpecification","valueRequired":true,"valueName":"search_term_string"}}],"inLanguage":"fr-FR"}]}},"_links":{"self":[{"href":"https:\/\/www.diocese-belfort-montbeliard.fr\/belfort\/wp-json\/wp\/v2\/evenement\/268","targetHints":{"allow":["GET"]}}],"collection":[{"href":"https:\/\/www.diocese-belfort-montbeliard.fr\/belfort\/wp-json\/wp\/v2\/evenement"}],"about":[{"href":"https:\/\/www.diocese-belfort-montbeliard.fr\/belfort\/wp-json\/wp\/v2\/types\/evenement"}],"author":[{"embeddable":true,"href":"https:\/\/www.diocese-belfort-montbeliard.fr\/belfort\/wp-json\/wp\/v2\/users\/17"}],"version-history":[{"count":3,"href":"https:\/\/www.diocese-belfort-montbeliard.fr\/belfort\/wp-json\/wp\/v2\/evenement\/268\/revisions"}],"predecessor-version":[{"id":272,"href":"https:\/\/www.diocese-belfort-montbeliard.fr\/belfort\/wp-json\/wp\/v2\/evenement\/268\/revisions\/272"}],"wp:attachment":[{"href":"https:\/\/www.diocese-belfort-montbeliard.fr\/belfort\/wp-json\/wp\/v2\/media?parent=268"}],"wp:term":[{"taxonomy":"category","embeddable":true,"href":"https:\/\/www.diocese-belfort-montbeliard.fr\/belfort\/wp-json\/wp\/v2\/categories?post=268"},{"taxonomy":"post_tag","embeddable":true,"href":"https:\/\/www.diocese-belfort-montbeliard.fr\/belfort\/wp-json\/wp\/v2\/tags?post=268"}],"curies":[{"name":"wp","href":"https:\/\/api.w.org\/{rel}","templated":true}]}}

Quête pour le Secours Catholique

<p>Dimanche 7 mars : quête pour le Secours Catholique à l&rsquo;occasion de l&rsquo;opération Entraide</p>



<figure class="wp-block-image size-large"><img loading="lazy" decoding="async" width="1920" height="614" src="https://www.diocese-belfort-montbeliard.fr/belfort/wp-content/uploads/sites/2/2021/02/secours-catholique-1920x614.png" alt="" class="wp-image-269" srcset="https://www.diocese-belfort-montbeliard.fr/belfort/wp-content/uploads/sites/2/2021/02/secours-catholique-1920x614.png 1920w, https://www.diocese-belfort-montbeliard.fr/belfort/wp-content/uploads/sites/2/2021/02/secours-catholique-600x192.png 600w, https://www.diocese-belfort-montbeliard.fr/belfort/wp-content/uploads/sites/2/2021/02/secours-catholique-768x246.png 768w, https://www.diocese-belfort-montbeliard.fr/belfort/wp-content/uploads/sites/2/2021/02/secours-catholique-1536x492.png 1536w, https://www.diocese-belfort-montbeliard.fr/belfort/wp-content/uploads/sites/2/2021/02/secours-catholique-2048x655.png 2048w" sizes="auto, (max-width: 1920px) 100vw, 1920px" /><figcaption>Aidons-nous les uns les autres</figcaption></figure>



<p><a href="https://don.secours-catholique.org/don_non_affecte/~mon-don?_cv=1">https://don.secours-catholique.org/don_non_affecte/~mon-don?_cv=1</a></p>

<!-- This site is optimized with the Yoast SEO plugin v27.4 - https://yoast.com/product/yoast-seo-wordpress/ -->
<title>Quête pour le Secours Catholique - Doyenné de Belfort</title>
<meta name="description" content="Dimanche 7 mars : quête pour le Secours Catholique à l&#039;occasion de l&#039;opération Entraide dans toutes les églises de Belfort" />
<meta name="robots" content="index, follow, max-snippet:-1, max-image-preview:large, max-video-preview:-1" />
<link rel="canonical" href="https://www.diocese-belfort-montbeliard.fr/belfort/agenda/quete-pour-le-secours-catholique/" />
<meta property="og:locale" content="fr_FR" />
<meta property="og:type" content="article" />
<meta property="og:title" content="Quête pour le Secours Catholique - Doyenné de Belfort" />
<meta property="og:description" content="Dimanche 7 mars : quête pour le Secours Catholique à l&#039;occasion de l&#039;opération Entraide dans toutes les églises de Belfort" />
<meta property="og:url" content="https://www.diocese-belfort-montbeliard.fr/belfort/agenda/quete-pour-le-secours-catholique/" />
<meta property="og:site_name" content="Doyenné de Belfort" />
<meta property="article:modified_time" content="2021-02-27T21:45:19+00:00" />
<meta property="og:image" content="https://www.diocese-belfort-montbeliard.fr/belfort/wp-content/uploads/sites/2/2021/02/secours-catholique-1920x614.png" />
<meta name="twitter:card" content="summary_large_image" />
<meta name="twitter:label1" content="Durée de lecture estimée" />
	<meta name="twitter:data1" content="1 minute" />
<script type="application/ld+json" class="yoast-schema-graph">{"@context":"https:\/\/schema.org","@graph":[{"@type":"WebPage","@id":"https:\/\/www.diocese-belfort-montbeliard.fr\/belfort\/agenda\/quete-pour-le-secours-catholique\/","url":"https:\/\/www.diocese-belfort-montbeliard.fr\/belfort\/agenda\/quete-pour-le-secours-catholique\/","name":"Quête pour le Secours Catholique - Doyenné de Belfort","isPartOf":{"@id":"https:\/\/www.diocese-belfort-montbeliard.fr\/belfort\/#website"},"primaryImageOfPage":{"@id":"https:\/\/www.diocese-belfort-montbeliard.fr\/belfort\/agenda\/quete-pour-le-secours-catholique\/#primaryimage"},"image":{"@id":"https:\/\/www.diocese-belfort-montbeliard.fr\/belfort\/agenda\/quete-pour-le-secours-catholique\/#primaryimage"},"thumbnailUrl":"https:\/\/www.diocese-belfort-montbeliard.fr\/belfort\/wp-content\/uploads\/sites\/2\/2021\/02\/secours-catholique-1920x614.png","datePublished":"2021-02-27T20:58:15+00:00","dateModified":"2021-02-27T21:45:19+00:00","description":"Dimanche 7 mars : quête pour le Secours Catholique à l'occasion de l'opération Entraide dans toutes les églises de Belfort","breadcrumb":{"@id":"https:\/\/www.diocese-belfort-montbeliard.fr\/belfort\/agenda\/quete-pour-le-secours-catholique\/#breadcrumb"},"inLanguage":"fr-FR","potentialAction":[{"@type":"ReadAction","target":["https:\/\/www.diocese-belfort-montbeliard.fr\/belfort\/agenda\/quete-pour-le-secours-catholique\/"]}]},{"@type":"ImageObject","inLanguage":"fr-FR","@id":"https:\/\/www.diocese-belfort-montbeliard.fr\/belfort\/agenda\/quete-pour-le-secours-catholique\/#primaryimage","url":"https:\/\/www.diocese-belfort-montbeliard.fr\/belfort\/wp-content\/uploads\/sites\/2\/2021\/02\/secours-catholique.png","contentUrl":"https:\/\/www.diocese-belfort-montbeliard.fr\/belfort\/wp-content\/uploads\/sites\/2\/2021\/02\/secours-catholique.png","width":3937,"height":1260},{"@type":"BreadcrumbList","@id":"https:\/\/www.diocese-belfort-montbeliard.fr\/belfort\/agenda\/quete-pour-le-secours-catholique\/#breadcrumb","itemListElement":[{"@type":"ListItem","position":1,"name":"Accueil","item":"https:\/\/www.diocese-belfort-montbeliard.fr\/belfort\/"},{"@type":"ListItem","position":2,"name":"Quête pour le Secours Catholique"}]},{"@type":"WebSite","@id":"https:\/\/www.diocese-belfort-montbeliard.fr\/belfort\/#website","url":"https:\/\/www.diocese-belfort-montbeliard.fr\/belfort\/","name":"Doyenné de Belfort","description":"Diocèse de Belfort-Montbéliard","potentialAction":[{"@type":"SearchAction","target":{"@type":"EntryPoint","urlTemplate":"https:\/\/www.diocese-belfort-montbeliard.fr\/belfort\/?s={search_term_string}"},"query-input":{"@type":"PropertyValueSpecification","valueRequired":true,"valueName":"search_term_string"}}],"inLanguage":"fr-FR"}]}</script>
<!-- / Yoast SEO plugin. -->

Quête pour le Secours Catholique - Doyenné de Belfort

Dimanche 7 mars : quête pour le Secours Catholique à l'occasion de l'opération Entraide dans toutes les églises de Belfort

Doyenné de Belfort

Diocèse de Belfort-Montbéliard
