{"id":14,"date":"2021-01-05T21:16:12","date_gmt":"2021-01-05T20:16:12","guid":{"rendered":"https:\/\/www.diocese-belfort-montbeliard.fr\/charmont-montbeliard\/?page_id=14"},"modified":"2021-01-05T21:18:06","modified_gmt":"2021-01-05T20:18:06","slug":"celebrations-de-la-parole","status":"publish","type":"page","link":"https:\/\/www.diocese-belfort-montbeliard.fr\/charmont-montbeliard\/accueil\/celebrations-de-la-parole\/","title":{"rendered":"C\u00e9l\u00e9brations de la Parole"},"content":{"rendered":"\n<h2 class=\"wp-block-heading\">C\u00e9l\u00e9bration de la Parole <\/h2>\n\n\n\n<p><strong>La liturgie de la Parole a l\u2019importance \u00e9gale \u00e0 la liturgie du sacrement car le Christ y est pr\u00e9sent dans les deux cas. Le Pape Fran\u00e7ois l\u2019a affirm\u00e9 avec puissance instaurant par <em>le motu proprio Aperuit illis<\/em> le 30 septembre dernier le&nbsp;Dimanche de la Parole de Dieu sera c\u00e9l\u00e9br\u00e9 chaque ann\u00e9e le 3e dimanche du Temps Ordinaire, en \u00e9cho \u00e0 la F\u00eate du Saint Sacrement.<\/strong><\/p>\n\n\n\n<h3 class=\"wp-block-heading\">Vivre une c\u00e9l\u00e9bration de la Parole tous les jours<\/h3>\n\n\n\n<p>Dans une c\u00e9l\u00e9bration de la Parole que nous pouvons vivre \u00e0 la maison, nous rencontrons donc le Christ aussi pleinement qu\u2019\u00e0 la messe. Le p\u00e8re Louis Groslambert nous propose des fiches de pri\u00e8re quotidiennes pour prier avec la Parole seul, en famille ou en groupe.<\/p>\n\n\n\n<ul class=\"wp-block-list\"><li><a href=\"https:\/\/www.diocese-belfort-montbeliard.fr\/charmont-montbeliard\/wp-content\/uploads\/sites\/8\/2021\/01\/4-jan-21.pdf\" target=\"_blank\" rel=\"noreferrer noopener\">C\u00e9l\u00e9bration de la Parole du 4 janvier<\/a><\/li><li><a href=\"https:\/\/www.diocese-belfort-montbeliard.fr\/charmont-montbeliard\/wp-content\/uploads\/sites\/8\/2021\/01\/5-jan-21.pdf\" target=\"_blank\" rel=\"noreferrer noopener\">C\u00e9l\u00e9bration de la Parole du 5 janvier<\/a><\/li><li><a href=\"https:\/\/www.diocese-belfort-montbeliard.fr\/charmont-montbeliard\/wp-content\/uploads\/sites\/8\/2021\/01\/6-jan-21.pdf\" target=\"_blank\" rel=\"noreferrer noopener\">C\u00e9l\u00e9bration de la Parole du 6 janvier<\/a><\/li><li><a href=\"https:\/\/www.diocese-belfort-montbeliard.fr\/charmont-montbeliard\/wp-content\/uploads\/sites\/8\/2021\/01\/7-jan-21.pdf\" target=\"_blank\" rel=\"noreferrer noopener\">C\u00e9l\u00e9bration de la Parole du 7 janvier<\/a><\/li><li><a href=\"https:\/\/www.diocese-belfort-montbeliard.fr\/charmont-montbeliard\/wp-content\/uploads\/sites\/8\/2021\/01\/8-jan-21.pdf\" target=\"_blank\" rel=\"noreferrer noopener\">C\u00e9l\u00e9bration de la Parole du 8 janvier<\/a><\/li><li><a href=\"https:\/\/www.diocese-belfort-montbeliard.fr\/charmont-montbeliard\/wp-content\/uploads\/sites\/8\/2021\/01\/9-jan-21.pdf\" target=\"_blank\" rel=\"noreferrer noopener\">C\u00e9l\u00e9bration de la Parole du 9 janvier<\/a><\/li><li><a href=\"https:\/\/www.diocese-belfort-montbeliard.fr\/charmont-montbeliard\/wp-content\/uploads\/sites\/8\/2021\/01\/10-jan-21.pdf\" target=\"_blank\" rel=\"noreferrer noopener\">C\u00e9l\u00e9bration de la Parole du 10 janvier<\/a><\/li><\/ul>\n\n\n\n<h3 class=\"wp-block-heading\">En bonus : <\/h3>\n\n\n\n<div class=\"wp-block-file\"><a href=\"https:\/\/www.diocese-belfort-montbeliard.fr\/charmont-montbeliard\/wp-content\/uploads\/sites\/8\/2021\/01\/Petite-methode-pour-une-lecture-priante-de-la-Bible-seul-ou-en-groupe.pdf\">Petite m\u00e9thode pour une lecture priante de la Bible seul ou en groupe<\/a><a href=\"https:\/\/www.diocese-belfort-montbeliard.fr\/charmont-montbeliard\/wp-content\/uploads\/sites\/8\/2021\/01\/Petite-methode-pour-une-lecture-priante-de-la-Bible-seul-ou-en-groupe.pdf\" class=\"wp-block-file__button\" download>T\u00e9l\u00e9charger<\/a><\/div>\n\n\n\n<div class=\"wp-block-file\"><a href=\"https:\/\/www.diocese-belfort-montbeliard.fr\/charmont-montbeliard\/wp-content\/uploads\/sites\/8\/2021\/01\/la-communion-spirituelle-1.pdf\">Fiche sur la communion spirituelle <\/a><a href=\"https:\/\/www.diocese-belfort-montbeliard.fr\/charmont-montbeliard\/wp-content\/uploads\/sites\/8\/2021\/01\/la-communion-spirituelle-1.pdf\" class=\"wp-block-file__button\" download>T\u00e9l\u00e9charger<\/a><\/div>\n\n\n\n<div style=\"height:28px\" aria-hidden=\"true\" class=\"wp-block-spacer\"><\/div>\n\n\n\n<h3 class=\"wp-block-heading\">Prier lors d&rsquo;une c\u00e9l\u00e9bration de la Parole&#8230;.<\/h3>\n\n\n\n<ul class=\"wp-block-list\"><li>Pr\u00e9parer un cadre propice, calme, poser une bougie, croix sur sa table\u2026<\/li><li>Lire attentivement la Parole propos\u00e9e par la liturgie du jour<\/li><li>M\u00e9diter cette Parole, r\u00e9fl\u00e9chir \u00e0 son rapport avec notre vie<\/li><li>Prendre un moment de silence et d\u2019int\u00e9riorisation<\/li><li>Laisser \u00e9merger dans son c\u0153ur la pri\u00e8re que nous inspire cette m\u00e9ditation,<\/li><li>Terminer par un Notre P\u00e8re<\/li><\/ul>\n","protected":false},"excerpt":{"rendered":"<p>C\u00e9l\u00e9bration de la Parole La liturgie de la Parole a l\u2019importance \u00e9gale \u00e0 la liturgie du sacrement car le Christ y est pr\u00e9sent dans les deux cas. Le Pape Fran\u00e7ois l\u2019a affirm\u00e9 avec puissance instaurant par le motu proprio Aperuit illis le 30 septembre dernier le&nbsp;Dimanche de la Parole de Dieu sera c\u00e9l\u00e9br\u00e9 chaque ann\u00e9e [&hellip;]<\/p>\n","protected":false},"author":4,"featured_media":25,"parent":2,"menu_order":1,"comment_status":"closed","ping_status":"closed","template":"","meta":{"_acf_changed":false,"footnotes":""},"class_list":["post-14","page","type-page","status-publish","has-post-thumbnail","hentry"],"acf":[],"yoast_head":"<!-- This site is optimized with the Yoast SEO plugin v27.4 - https:\/\/yoast.com\/product\/yoast-seo-wordpress\/ -->\n<title>C\u00e9l\u00e9brations de la Parole - Doyenn\u00e9 de Charmont-Montb\u00e9liard<\/title>\n<meta name=\"robots\" content=\"index, follow, max-snippet:-1, max-image-preview:large, max-video-preview:-1\" \/>\n<link rel=\"canonical\" href=\"https:\/\/www.diocese-belfort-montbeliard.fr\/charmont-montbeliard\/accueil\/celebrations-de-la-parole\/\" \/>\n<meta property=\"og:locale\" content=\"fr_FR\" \/>\n<meta property=\"og:type\" content=\"article\" \/>\n<meta property=\"og:title\" content=\"C\u00e9l\u00e9brations de la Parole - Doyenn\u00e9 de Charmont-Montb\u00e9liard\" \/>\n<meta property=\"og:description\" content=\"C\u00e9l\u00e9bration de la Parole La liturgie de la Parole a l\u2019importance \u00e9gale \u00e0 la liturgie du sacrement car le Christ y est pr\u00e9sent dans les deux cas. Le Pape Fran\u00e7ois l\u2019a affirm\u00e9 avec puissance instaurant par le motu proprio Aperuit illis le 30 septembre dernier le&nbsp;Dimanche de la Parole de Dieu sera c\u00e9l\u00e9br\u00e9 chaque ann\u00e9e [&hellip;]\" \/>\n<meta property=\"og:url\" content=\"https:\/\/www.diocese-belfort-montbeliard.fr\/charmont-montbeliard\/accueil\/celebrations-de-la-parole\/\" \/>\n<meta property=\"og:site_name\" content=\"Doyenn\u00e9 de Charmont-Montb\u00e9liard\" \/>\n<meta property=\"article:modified_time\" content=\"2021-01-05T20:18:06+00:00\" \/>\n<meta property=\"og:image\" content=\"https:\/\/www.diocese-belfort-montbeliard.fr\/charmont-montbeliard\/wp-content\/uploads\/sites\/8\/2021\/01\/paysage-768x576.png\" \/>\n\t<meta property=\"og:image:width\" content=\"768\" \/>\n\t<meta property=\"og:image:height\" content=\"576\" \/>\n\t<meta property=\"og:image:type\" content=\"image\/png\" \/>\n<meta name=\"twitter:card\" content=\"summary_large_image\" \/>\n<meta name=\"twitter:label1\" content=\"Dur\u00e9e de lecture estim\u00e9e\" \/>\n\t<meta name=\"twitter:data1\" content=\"1 minute\" \/>\n<script type=\"application\/ld+json\" class=\"yoast-schema-graph\">{\"@context\":\"https:\\\/\\\/schema.org\",\"@graph\":[{\"@type\":\"WebPage\",\"@id\":\"https:\\\/\\\/www.diocese-belfort-montbeliard.fr\\\/charmont-montbeliard\\\/accueil\\\/celebrations-de-la-parole\\\/\",\"url\":\"https:\\\/\\\/www.diocese-belfort-montbeliard.fr\\\/charmont-montbeliard\\\/accueil\\\/celebrations-de-la-parole\\\/\",\"name\":\"C\u00e9l\u00e9brations de la Parole - Doyenn\u00e9 de Charmont-Montb\u00e9liard\",\"isPartOf\":{\"@id\":\"https:\\\/\\\/www.diocese-belfort-montbeliard.fr\\\/charmont-montbeliard\\\/#website\"},\"primaryImageOfPage\":{\"@id\":\"https:\\\/\\\/www.diocese-belfort-montbeliard.fr\\\/charmont-montbeliard\\\/accueil\\\/celebrations-de-la-parole\\\/#primaryimage\"},\"image\":{\"@id\":\"https:\\\/\\\/www.diocese-belfort-montbeliard.fr\\\/charmont-montbeliard\\\/accueil\\\/celebrations-de-la-parole\\\/#primaryimage\"},\"thumbnailUrl\":\"https:\\\/\\\/www.diocese-belfort-montbeliard.fr\\\/charmont-montbeliard\\\/wp-content\\\/uploads\\\/sites\\\/8\\\/2021\\\/01\\\/paysage.png\",\"datePublished\":\"2021-01-05T20:16:12+00:00\",\"dateModified\":\"2021-01-05T20:18:06+00:00\",\"breadcrumb\":{\"@id\":\"https:\\\/\\\/www.diocese-belfort-montbeliard.fr\\\/charmont-montbeliard\\\/accueil\\\/celebrations-de-la-parole\\\/#breadcrumb\"},\"inLanguage\":\"fr-FR\",\"potentialAction\":[{\"@type\":\"ReadAction\",\"target\":[\"https:\\\/\\\/www.diocese-belfort-montbeliard.fr\\\/charmont-montbeliard\\\/accueil\\\/celebrations-de-la-parole\\\/\"]}]},{\"@type\":\"ImageObject\",\"inLanguage\":\"fr-FR\",\"@id\":\"https:\\\/\\\/www.diocese-belfort-montbeliard.fr\\\/charmont-montbeliard\\\/accueil\\\/celebrations-de-la-parole\\\/#primaryimage\",\"url\":\"https:\\\/\\\/www.diocese-belfort-montbeliard.fr\\\/charmont-montbeliard\\\/wp-content\\\/uploads\\\/sites\\\/8\\\/2021\\\/01\\\/paysage.png\",\"contentUrl\":\"https:\\\/\\\/www.diocese-belfort-montbeliard.fr\\\/charmont-montbeliard\\\/wp-content\\\/uploads\\\/sites\\\/8\\\/2021\\\/01\\\/paysage.png\",\"width\":1599,\"height\":1200},{\"@type\":\"BreadcrumbList\",\"@id\":\"https:\\\/\\\/www.diocese-belfort-montbeliard.fr\\\/charmont-montbeliard\\\/accueil\\\/celebrations-de-la-parole\\\/#breadcrumb\",\"itemListElement\":[{\"@type\":\"ListItem\",\"position\":1,\"name\":\"Accueil\",\"item\":\"https:\\\/\\\/www.diocese-belfort-montbeliard.fr\\\/charmont-montbeliard\\\/\"},{\"@type\":\"ListItem\",\"position\":2,\"name\":\"Accueil\",\"item\":\"https:\\\/\\\/www.diocese-belfort-montbeliard.fr\\\/charmont-montbeliard\\\/\"},{\"@type\":\"ListItem\",\"position\":3,\"name\":\"C\u00e9l\u00e9brations de la Parole\"}]},{\"@type\":\"WebSite\",\"@id\":\"https:\\\/\\\/www.diocese-belfort-montbeliard.fr\\\/charmont-montbeliard\\\/#website\",\"url\":\"https:\\\/\\\/www.diocese-belfort-montbeliard.fr\\\/charmont-montbeliard\\\/\",\"name\":\"Doyenn\u00e9 de Charmont-Montb\u00e9liard\",\"description\":\"Dioc\u00e8se de Belfort-Montb\u00e9liard\",\"potentialAction\":[{\"@type\":\"SearchAction\",\"target\":{\"@type\":\"EntryPoint\",\"urlTemplate\":\"https:\\\/\\\/www.diocese-belfort-montbeliard.fr\\\/charmont-montbeliard\\\/?s={search_term_string}\"},\"query-input\":{\"@type\":\"PropertyValueSpecification\",\"valueRequired\":true,\"valueName\":\"search_term_string\"}}],\"inLanguage\":\"fr-FR\"}]}<\/script>\n<!-- \/ Yoast SEO plugin. -->","yoast_head_json":{"title":"C\u00e9l\u00e9brations de la Parole - Doyenn\u00e9 de Charmont-Montb\u00e9liard","robots":{"index":"index","follow":"follow","max-snippet":"max-snippet:-1","max-image-preview":"max-image-preview:large","max-video-preview":"max-video-preview:-1"},"canonical":"https:\/\/www.diocese-belfort-montbeliard.fr\/charmont-montbeliard\/accueil\/celebrations-de-la-parole\/","og_locale":"fr_FR","og_type":"article","og_title":"C\u00e9l\u00e9brations de la Parole - Doyenn\u00e9 de Charmont-Montb\u00e9liard","og_description":"C\u00e9l\u00e9bration de la Parole La liturgie de la Parole a l\u2019importance \u00e9gale \u00e0 la liturgie du sacrement car le Christ y est pr\u00e9sent dans les deux cas. Le Pape Fran\u00e7ois l\u2019a affirm\u00e9 avec puissance instaurant par le motu proprio Aperuit illis le 30 septembre dernier le&nbsp;Dimanche de la Parole de Dieu sera c\u00e9l\u00e9br\u00e9 chaque ann\u00e9e [&hellip;]","og_url":"https:\/\/www.diocese-belfort-montbeliard.fr\/charmont-montbeliard\/accueil\/celebrations-de-la-parole\/","og_site_name":"Doyenn\u00e9 de Charmont-Montb\u00e9liard","article_modified_time":"2021-01-05T20:18:06+00:00","og_image":[{"width":768,"height":576,"url":"https:\/\/www.diocese-belfort-montbeliard.fr\/charmont-montbeliard\/wp-content\/uploads\/sites\/8\/2021\/01\/paysage-768x576.png","type":"image\/png"}],"twitter_card":"summary_large_image","twitter_misc":{"Dur\u00e9e de lecture estim\u00e9e":"1 minute"},"schema":{"@context":"https:\/\/schema.org","@graph":[{"@type":"WebPage","@id":"https:\/\/www.diocese-belfort-montbeliard.fr\/charmont-montbeliard\/accueil\/celebrations-de-la-parole\/","url":"https:\/\/www.diocese-belfort-montbeliard.fr\/charmont-montbeliard\/accueil\/celebrations-de-la-parole\/","name":"C\u00e9l\u00e9brations de la Parole - Doyenn\u00e9 de Charmont-Montb\u00e9liard","isPartOf":{"@id":"https:\/\/www.diocese-belfort-montbeliard.fr\/charmont-montbeliard\/#website"},"primaryImageOfPage":{"@id":"https:\/\/www.diocese-belfort-montbeliard.fr\/charmont-montbeliard\/accueil\/celebrations-de-la-parole\/#primaryimage"},"image":{"@id":"https:\/\/www.diocese-belfort-montbeliard.fr\/charmont-montbeliard\/accueil\/celebrations-de-la-parole\/#primaryimage"},"thumbnailUrl":"https:\/\/www.diocese-belfort-montbeliard.fr\/charmont-montbeliard\/wp-content\/uploads\/sites\/8\/2021\/01\/paysage.png","datePublished":"2021-01-05T20:16:12+00:00","dateModified":"2021-01-05T20:18:06+00:00","breadcrumb":{"@id":"https:\/\/www.diocese-belfort-montbeliard.fr\/charmont-montbeliard\/accueil\/celebrations-de-la-parole\/#breadcrumb"},"inLanguage":"fr-FR","potentialAction":[{"@type":"ReadAction","target":["https:\/\/www.diocese-belfort-montbeliard.fr\/charmont-montbeliard\/accueil\/celebrations-de-la-parole\/"]}]},{"@type":"ImageObject","inLanguage":"fr-FR","@id":"https:\/\/www.diocese-belfort-montbeliard.fr\/charmont-montbeliard\/accueil\/celebrations-de-la-parole\/#primaryimage","url":"https:\/\/www.diocese-belfort-montbeliard.fr\/charmont-montbeliard\/wp-content\/uploads\/sites\/8\/2021\/01\/paysage.png","contentUrl":"https:\/\/www.diocese-belfort-montbeliard.fr\/charmont-montbeliard\/wp-content\/uploads\/sites\/8\/2021\/01\/paysage.png","width":1599,"height":1200},{"@type":"BreadcrumbList","@id":"https:\/\/www.diocese-belfort-montbeliard.fr\/charmont-montbeliard\/accueil\/celebrations-de-la-parole\/#breadcrumb","itemListElement":[{"@type":"ListItem","position":1,"name":"Accueil","item":"https:\/\/www.diocese-belfort-montbeliard.fr\/charmont-montbeliard\/"},{"@type":"ListItem","position":2,"name":"Accueil","item":"https:\/\/www.diocese-belfort-montbeliard.fr\/charmont-montbeliard\/"},{"@type":"ListItem","position":3,"name":"C\u00e9l\u00e9brations de la Parole"}]},{"@type":"WebSite","@id":"https:\/\/www.diocese-belfort-montbeliard.fr\/charmont-montbeliard\/#website","url":"https:\/\/www.diocese-belfort-montbeliard.fr\/charmont-montbeliard\/","name":"Doyenn\u00e9 de Charmont-Montb\u00e9liard","description":"Dioc\u00e8se de Belfort-Montb\u00e9liard","potentialAction":[{"@type":"SearchAction","target":{"@type":"EntryPoint","urlTemplate":"https:\/\/www.diocese-belfort-montbeliard.fr\/charmont-montbeliard\/?s={search_term_string}"},"query-input":{"@type":"PropertyValueSpecification","valueRequired":true,"valueName":"search_term_string"}}],"inLanguage":"fr-FR"}]}},"_links":{"self":[{"href":"https:\/\/www.diocese-belfort-montbeliard.fr\/charmont-montbeliard\/wp-json\/wp\/v2\/pages\/14","targetHints":{"allow":["GET"]}}],"collection":[{"href":"https:\/\/www.diocese-belfort-montbeliard.fr\/charmont-montbeliard\/wp-json\/wp\/v2\/pages"}],"about":[{"href":"https:\/\/www.diocese-belfort-montbeliard.fr\/charmont-montbeliard\/wp-json\/wp\/v2\/types\/page"}],"author":[{"embeddable":true,"href":"https:\/\/www.diocese-belfort-montbeliard.fr\/charmont-montbeliard\/wp-json\/wp\/v2\/users\/4"}],"replies":[{"embeddable":true,"href":"https:\/\/www.diocese-belfort-montbeliard.fr\/charmont-montbeliard\/wp-json\/wp\/v2\/comments?post=14"}],"version-history":[{"count":2,"href":"https:\/\/www.diocese-belfort-montbeliard.fr\/charmont-montbeliard\/wp-json\/wp\/v2\/pages\/14\/revisions"}],"predecessor-version":[{"id":28,"href":"https:\/\/www.diocese-belfort-montbeliard.fr\/charmont-montbeliard\/wp-json\/wp\/v2\/pages\/14\/revisions\/28"}],"up":[{"embeddable":true,"href":"https:\/\/www.diocese-belfort-montbeliard.fr\/charmont-montbeliard\/wp-json\/wp\/v2\/pages\/2"}],"wp:featuredmedia":[{"embeddable":true,"href":"https:\/\/www.diocese-belfort-montbeliard.fr\/charmont-montbeliard\/wp-json\/wp\/v2\/media\/25"}],"wp:attachment":[{"href":"https:\/\/www.diocese-belfort-montbeliard.fr\/charmont-montbeliard\/wp-json\/wp\/v2\/media?parent=14"}],"curies":[{"name":"wp","href":"https:\/\/api.w.org\/{rel}","templated":true}]}}