{"id":46,"date":"2021-01-06T18:19:59","date_gmt":"2021-01-06T17:19:59","guid":{"rendered":"https:\/\/www.diocese-belfort-montbeliard.fr\/charmont-montbeliard\/?post_type=paroisse&#038;p=46"},"modified":"2023-03-31T09:30:48","modified_gmt":"2023-03-31T07:30:48","slug":"accueil-et-lieux-de-culte","status":"publish","type":"paroisse","link":"https:\/\/www.diocese-belfort-montbeliard.fr\/charmont-montbeliard\/paroisses\/saint-paul\/la-paroisse\/accueil-et-lieux-de-culte\/","title":{"rendered":"Accueil et lieux de culte"},"content":{"rendered":"\n<p>La paroisse catholique Saint Paul s&rsquo;\u00e9tend sur les communes de Montb\u00e9liard, Sainte-Suzanne et Courcelles les Montb\u00e9liard. Elle fait partie du Dioc\u00e8se de Belfort-Montb\u00e9liard.<\/p>\n\n\n\n<p>Pour tous renseignements, contactez le secr\u00e9tariat au 03.81.91.00.77<br>Email :&nbsp;<a href=\"mailto:secretariat.paroisse.saintpaul@orange.fr\">secretariat.paroisse.saintpaul@orange.fr<\/a><br>&nbsp;<\/p>\n\n\n\n<ul class=\"wp-block-list\"><li><strong>Eglise \/ Presbyt\u00e8re Saint Maimboeuf<\/strong><br>1 parvis Jean Flory, 25200 MONTBELIARD<br>Tel : 03.81.91.00.77<\/li><\/ul>\n\n\n\n<p>Horaires habituels :<\/p>\n\n\n\n<div class=\"wp-block-columns is-layout-flex wp-container-core-columns-is-layout-9d6595d7 wp-block-columns-is-layout-flex\">\n<div class=\"wp-block-column is-layout-flow wp-block-column-is-layout-flow\" style=\"flex-basis:25%\"><\/div>\n\n\n\n<div class=\"wp-block-column is-layout-flow wp-block-column-is-layout-flow\" style=\"flex-basis:50%\">\n<figure class=\"wp-block-table is-style-stripes\"><table><tbody><tr><td>Mardi<\/td><td>9h &#8211; 12h<\/td><td>13h15 &#8211; 17h<\/td><\/tr><tr><td>Mercredi<\/td><td>9h &#8211; 12h<\/td><td>13h15 &#8211; 16h<\/td><\/tr><tr><td>Jeudi<\/td><td>9h &#8211; 12h<\/td><td>14h &#8211; 15h30<\/td><\/tr><tr><td>Vendredi<\/td><td>9h &#8211; 12h<\/td><td>14h &#8211; 15h30<\/td><\/tr><tr><td>Samedi<\/td><td>9h &#8211; 12h<\/td><td>&nbsp;<\/td><\/tr><\/tbody><\/table><\/figure>\n<\/div>\n\n\n\n<div class=\"wp-block-column is-layout-flow wp-block-column-is-layout-flow\" style=\"flex-basis:25%\"><\/div>\n<\/div>\n\n\n\n<ul class=\"wp-block-list\"><li><strong>Chapelle Saints Pierre et Paul<\/strong><br>32 rue du Petit Ch\u00eanois, 25200 MONTBELIARD<br>Tel : 03.81.90.12.74&nbsp; &nbsp;&nbsp;<\/li><\/ul>\n\n\n\n<p><strong>&nbsp; &nbsp; &nbsp; &nbsp; &nbsp; &nbsp; &nbsp; &nbsp;Horaires habituels:<\/strong>&nbsp;du lundi au vendredi de 9h30 \u00e0 11h30<\/p>\n\n\n\n<ul class=\"wp-block-list\"><li><strong>Chapelle St L\u00e9on<\/strong><br>3 rue de la Comtesse Henriette, 25200 MONTBELIARD<\/li><\/ul>\n","protected":false},"author":1,"featured_media":0,"parent":33,"menu_order":119,"template":"","meta":{"_acf_changed":false,"footnotes":""},"class_list":["post-46","paroisse","type-paroisse","status-publish","hentry"],"acf":[],"yoast_head":"<!-- This site is optimized with the Yoast SEO plugin v27.4 - https:\/\/yoast.com\/product\/yoast-seo-wordpress\/ -->\n<title>Accueil et lieux de culte - Doyenn\u00e9 de Charmont-Montb\u00e9liard<\/title>\n<meta name=\"robots\" content=\"index, follow, max-snippet:-1, max-image-preview:large, max-video-preview:-1\" \/>\n<link rel=\"canonical\" href=\"https:\/\/www.diocese-belfort-montbeliard.fr\/charmont-montbeliard\/paroisses\/saint-paul\/la-paroisse\/accueil-et-lieux-de-culte\/\" \/>\n<meta property=\"og:locale\" content=\"fr_FR\" \/>\n<meta property=\"og:type\" content=\"article\" \/>\n<meta property=\"og:title\" content=\"Accueil et lieux de culte - Doyenn\u00e9 de Charmont-Montb\u00e9liard\" \/>\n<meta property=\"og:description\" content=\"La paroisse catholique Saint Paul s&rsquo;\u00e9tend sur les communes de Montb\u00e9liard, Sainte-Suzanne et Courcelles les Montb\u00e9liard. Elle fait partie du Dioc\u00e8se de Belfort-Montb\u00e9liard. Pour tous renseignements, contactez le secr\u00e9tariat au 03.81.91.00.77Email :&nbsp;secretariat.paroisse.saintpaul@orange.fr&nbsp; Eglise \/ Presbyt\u00e8re Saint Maimboeuf1 parvis Jean Flory, 25200 MONTBELIARDTel : 03.81.91.00.77 Horaires habituels : Mardi 9h &#8211; 12h 13h15 &#8211; 17h Mercredi [&hellip;]\" \/>\n<meta property=\"og:url\" content=\"https:\/\/www.diocese-belfort-montbeliard.fr\/charmont-montbeliard\/paroisses\/saint-paul\/la-paroisse\/accueil-et-lieux-de-culte\/\" \/>\n<meta property=\"og:site_name\" content=\"Doyenn\u00e9 de Charmont-Montb\u00e9liard\" \/>\n<meta property=\"article:modified_time\" content=\"2023-03-31T07:30:48+00:00\" \/>\n<meta name=\"twitter:card\" content=\"summary_large_image\" \/>\n<meta name=\"twitter:label1\" content=\"Dur\u00e9e de lecture estim\u00e9e\" \/>\n\t<meta name=\"twitter:data1\" content=\"1 minute\" \/>\n<script type=\"application\/ld+json\" class=\"yoast-schema-graph\">{\"@context\":\"https:\\\/\\\/schema.org\",\"@graph\":[{\"@type\":\"WebPage\",\"@id\":\"https:\\\/\\\/www.diocese-belfort-montbeliard.fr\\\/charmont-montbeliard\\\/paroisses\\\/saint-paul\\\/la-paroisse\\\/accueil-et-lieux-de-culte\\\/\",\"url\":\"https:\\\/\\\/www.diocese-belfort-montbeliard.fr\\\/charmont-montbeliard\\\/paroisses\\\/saint-paul\\\/la-paroisse\\\/accueil-et-lieux-de-culte\\\/\",\"name\":\"Accueil et lieux de culte - Doyenn\u00e9 de Charmont-Montb\u00e9liard\",\"isPartOf\":{\"@id\":\"https:\\\/\\\/www.diocese-belfort-montbeliard.fr\\\/charmont-montbeliard\\\/#website\"},\"datePublished\":\"2021-01-06T17:19:59+00:00\",\"dateModified\":\"2023-03-31T07:30:48+00:00\",\"breadcrumb\":{\"@id\":\"https:\\\/\\\/www.diocese-belfort-montbeliard.fr\\\/charmont-montbeliard\\\/paroisses\\\/saint-paul\\\/la-paroisse\\\/accueil-et-lieux-de-culte\\\/#breadcrumb\"},\"inLanguage\":\"fr-FR\",\"potentialAction\":[{\"@type\":\"ReadAction\",\"target\":[\"https:\\\/\\\/www.diocese-belfort-montbeliard.fr\\\/charmont-montbeliard\\\/paroisses\\\/saint-paul\\\/la-paroisse\\\/accueil-et-lieux-de-culte\\\/\"]}]},{\"@type\":\"BreadcrumbList\",\"@id\":\"https:\\\/\\\/www.diocese-belfort-montbeliard.fr\\\/charmont-montbeliard\\\/paroisses\\\/saint-paul\\\/la-paroisse\\\/accueil-et-lieux-de-culte\\\/#breadcrumb\",\"itemListElement\":[{\"@type\":\"ListItem\",\"position\":1,\"name\":\"Accueil\",\"item\":\"https:\\\/\\\/www.diocese-belfort-montbeliard.fr\\\/charmont-montbeliard\\\/\"},{\"@type\":\"ListItem\",\"position\":2,\"name\":\"Saint Paul\",\"item\":\"https:\\\/\\\/www.diocese-belfort-montbeliard.fr\\\/charmont-montbeliard\\\/paroisses\\\/saint-paul\\\/\"},{\"@type\":\"ListItem\",\"position\":3,\"name\":\"La paroisse\",\"item\":\"https:\\\/\\\/www.diocese-belfort-montbeliard.fr\\\/charmont-montbeliard\\\/paroisses\\\/saint-paul\\\/la-paroisse\\\/\"},{\"@type\":\"ListItem\",\"position\":4,\"name\":\"Accueil et lieux de culte\"}]},{\"@type\":\"WebSite\",\"@id\":\"https:\\\/\\\/www.diocese-belfort-montbeliard.fr\\\/charmont-montbeliard\\\/#website\",\"url\":\"https:\\\/\\\/www.diocese-belfort-montbeliard.fr\\\/charmont-montbeliard\\\/\",\"name\":\"Doyenn\u00e9 de Charmont-Montb\u00e9liard\",\"description\":\"Dioc\u00e8se de Belfort-Montb\u00e9liard\",\"potentialAction\":[{\"@type\":\"SearchAction\",\"target\":{\"@type\":\"EntryPoint\",\"urlTemplate\":\"https:\\\/\\\/www.diocese-belfort-montbeliard.fr\\\/charmont-montbeliard\\\/?s={search_term_string}\"},\"query-input\":{\"@type\":\"PropertyValueSpecification\",\"valueRequired\":true,\"valueName\":\"search_term_string\"}}],\"inLanguage\":\"fr-FR\"}]}<\/script>\n<!-- \/ Yoast SEO plugin. -->","yoast_head_json":{"title":"Accueil et lieux de culte - Doyenn\u00e9 de Charmont-Montb\u00e9liard","robots":{"index":"index","follow":"follow","max-snippet":"max-snippet:-1","max-image-preview":"max-image-preview:large","max-video-preview":"max-video-preview:-1"},"canonical":"https:\/\/www.diocese-belfort-montbeliard.fr\/charmont-montbeliard\/paroisses\/saint-paul\/la-paroisse\/accueil-et-lieux-de-culte\/","og_locale":"fr_FR","og_type":"article","og_title":"Accueil et lieux de culte - Doyenn\u00e9 de Charmont-Montb\u00e9liard","og_description":"La paroisse catholique Saint Paul s&rsquo;\u00e9tend sur les communes de Montb\u00e9liard, Sainte-Suzanne et Courcelles les Montb\u00e9liard. Elle fait partie du Dioc\u00e8se de Belfort-Montb\u00e9liard. Pour tous renseignements, contactez le secr\u00e9tariat au 03.81.91.00.77Email :&nbsp;secretariat.paroisse.saintpaul@orange.fr&nbsp; Eglise \/ Presbyt\u00e8re Saint Maimboeuf1 parvis Jean Flory, 25200 MONTBELIARDTel : 03.81.91.00.77 Horaires habituels : Mardi 9h &#8211; 12h 13h15 &#8211; 17h Mercredi [&hellip;]","og_url":"https:\/\/www.diocese-belfort-montbeliard.fr\/charmont-montbeliard\/paroisses\/saint-paul\/la-paroisse\/accueil-et-lieux-de-culte\/","og_site_name":"Doyenn\u00e9 de Charmont-Montb\u00e9liard","article_modified_time":"2023-03-31T07:30:48+00:00","twitter_card":"summary_large_image","twitter_misc":{"Dur\u00e9e de lecture estim\u00e9e":"1 minute"},"schema":{"@context":"https:\/\/schema.org","@graph":[{"@type":"WebPage","@id":"https:\/\/www.diocese-belfort-montbeliard.fr\/charmont-montbeliard\/paroisses\/saint-paul\/la-paroisse\/accueil-et-lieux-de-culte\/","url":"https:\/\/www.diocese-belfort-montbeliard.fr\/charmont-montbeliard\/paroisses\/saint-paul\/la-paroisse\/accueil-et-lieux-de-culte\/","name":"Accueil et lieux de culte - Doyenn\u00e9 de Charmont-Montb\u00e9liard","isPartOf":{"@id":"https:\/\/www.diocese-belfort-montbeliard.fr\/charmont-montbeliard\/#website"},"datePublished":"2021-01-06T17:19:59+00:00","dateModified":"2023-03-31T07:30:48+00:00","breadcrumb":{"@id":"https:\/\/www.diocese-belfort-montbeliard.fr\/charmont-montbeliard\/paroisses\/saint-paul\/la-paroisse\/accueil-et-lieux-de-culte\/#breadcrumb"},"inLanguage":"fr-FR","potentialAction":[{"@type":"ReadAction","target":["https:\/\/www.diocese-belfort-montbeliard.fr\/charmont-montbeliard\/paroisses\/saint-paul\/la-paroisse\/accueil-et-lieux-de-culte\/"]}]},{"@type":"BreadcrumbList","@id":"https:\/\/www.diocese-belfort-montbeliard.fr\/charmont-montbeliard\/paroisses\/saint-paul\/la-paroisse\/accueil-et-lieux-de-culte\/#breadcrumb","itemListElement":[{"@type":"ListItem","position":1,"name":"Accueil","item":"https:\/\/www.diocese-belfort-montbeliard.fr\/charmont-montbeliard\/"},{"@type":"ListItem","position":2,"name":"Saint Paul","item":"https:\/\/www.diocese-belfort-montbeliard.fr\/charmont-montbeliard\/paroisses\/saint-paul\/"},{"@type":"ListItem","position":3,"name":"La paroisse","item":"https:\/\/www.diocese-belfort-montbeliard.fr\/charmont-montbeliard\/paroisses\/saint-paul\/la-paroisse\/"},{"@type":"ListItem","position":4,"name":"Accueil et lieux de culte"}]},{"@type":"WebSite","@id":"https:\/\/www.diocese-belfort-montbeliard.fr\/charmont-montbeliard\/#website","url":"https:\/\/www.diocese-belfort-montbeliard.fr\/charmont-montbeliard\/","name":"Doyenn\u00e9 de Charmont-Montb\u00e9liard","description":"Dioc\u00e8se de Belfort-Montb\u00e9liard","potentialAction":[{"@type":"SearchAction","target":{"@type":"EntryPoint","urlTemplate":"https:\/\/www.diocese-belfort-montbeliard.fr\/charmont-montbeliard\/?s={search_term_string}"},"query-input":{"@type":"PropertyValueSpecification","valueRequired":true,"valueName":"search_term_string"}}],"inLanguage":"fr-FR"}]}},"_links":{"self":[{"href":"https:\/\/www.diocese-belfort-montbeliard.fr\/charmont-montbeliard\/wp-json\/wp\/v2\/paroisse\/46","targetHints":{"allow":["GET"]}}],"collection":[{"href":"https:\/\/www.diocese-belfort-montbeliard.fr\/charmont-montbeliard\/wp-json\/wp\/v2\/paroisse"}],"about":[{"href":"https:\/\/www.diocese-belfort-montbeliard.fr\/charmont-montbeliard\/wp-json\/wp\/v2\/types\/paroisse"}],"author":[{"embeddable":true,"href":"https:\/\/www.diocese-belfort-montbeliard.fr\/charmont-montbeliard\/wp-json\/wp\/v2\/users\/1"}],"version-history":[{"count":2,"href":"https:\/\/www.diocese-belfort-montbeliard.fr\/charmont-montbeliard\/wp-json\/wp\/v2\/paroisse\/46\/revisions"}],"predecessor-version":[{"id":6603,"href":"https:\/\/www.diocese-belfort-montbeliard.fr\/charmont-montbeliard\/wp-json\/wp\/v2\/paroisse\/46\/revisions\/6603"}],"up":[{"embeddable":true,"href":"https:\/\/www.diocese-belfort-montbeliard.fr\/charmont-montbeliard\/wp-json\/wp\/v2\/paroisse\/33"}],"wp:attachment":[{"href":"https:\/\/www.diocese-belfort-montbeliard.fr\/charmont-montbeliard\/wp-json\/wp\/v2\/media?parent=46"}],"curies":[{"name":"wp","href":"https:\/\/api.w.org\/{rel}","templated":true}]}}

<p>La paroisse catholique Saint Paul s&rsquo;étend sur les communes de Montbéliard, Sainte-Suzanne et Courcelles les Montbéliard. Elle fait partie du Diocèse de Belfort-Montbéliard.</p>



<p>Pour tous renseignements, contactez le secrétariat au 03.81.91.00.77<br>Email :&nbsp;<a href="mailto:secretariat.paroisse.saintpaul@orange.fr">secretariat.paroisse.saintpaul@orange.fr</a><br>&nbsp;</p>



<ul class="wp-block-list"><li><strong>Eglise / Presbytère Saint Maimboeuf</strong><br>1 parvis Jean Flory, 25200 MONTBELIARD<br>Tel : 03.81.91.00.77</li></ul>



<p>Horaires habituels :</p>



<div class="wp-block-columns is-layout-flex wp-container-core-columns-is-layout-9d6595d7 wp-block-columns-is-layout-flex">
<div class="wp-block-column is-layout-flow wp-block-column-is-layout-flow" style="flex-basis:25%"></div>



<div class="wp-block-column is-layout-flow wp-block-column-is-layout-flow" style="flex-basis:50%">
<figure class="wp-block-table is-style-stripes"><table><tbody><tr><td>Mardi</td><td>9h &#8211; 12h</td><td>13h15 &#8211; 17h</td></tr><tr><td>Mercredi</td><td>9h &#8211; 12h</td><td>13h15 &#8211; 16h</td></tr><tr><td>Jeudi</td><td>9h &#8211; 12h</td><td>14h &#8211; 15h30</td></tr><tr><td>Vendredi</td><td>9h &#8211; 12h</td><td>14h &#8211; 15h30</td></tr><tr><td>Samedi</td><td>9h &#8211; 12h</td><td>&nbsp;</td></tr></tbody></table></figure>
</div>



<div class="wp-block-column is-layout-flow wp-block-column-is-layout-flow" style="flex-basis:25%"></div>
</div>



<ul class="wp-block-list"><li><strong>Chapelle Saints Pierre et Paul</strong><br>32 rue du Petit Chênois, 25200 MONTBELIARD<br>Tel : 03.81.90.12.74&nbsp; &nbsp;&nbsp;</li></ul>



<p><strong>&nbsp; &nbsp; &nbsp; &nbsp; &nbsp; &nbsp; &nbsp; &nbsp;Horaires habituels:</strong>&nbsp;du lundi au vendredi de 9h30 à 11h30</p>



<ul class="wp-block-list"><li><strong>Chapelle St Léon</strong><br>3 rue de la Comtesse Henriette, 25200 MONTBELIARD</li></ul>

<!-- This site is optimized with the Yoast SEO plugin v27.4 - https://yoast.com/product/yoast-seo-wordpress/ -->
<title>Accueil et lieux de culte - Doyenné de Charmont-Montbéliard</title>
<meta name="robots" content="index, follow, max-snippet:-1, max-image-preview:large, max-video-preview:-1" />
<link rel="canonical" href="https://www.diocese-belfort-montbeliard.fr/charmont-montbeliard/paroisses/saint-paul/la-paroisse/accueil-et-lieux-de-culte/" />
<meta property="og:locale" content="fr_FR" />
<meta property="og:type" content="article" />
<meta property="og:title" content="Accueil et lieux de culte - Doyenné de Charmont-Montbéliard" />
<meta property="og:description" content="La paroisse catholique Saint Paul s&rsquo;étend sur les communes de Montbéliard, Sainte-Suzanne et Courcelles les Montbéliard. Elle fait partie du Diocèse de Belfort-Montbéliard. Pour tous renseignements, contactez le secrétariat au 03.81.91.00.77Email :&nbsp;secretariat.paroisse.saintpaul@orange.fr&nbsp; Eglise / Presbytère Saint Maimboeuf1 parvis Jean Flory, 25200 MONTBELIARDTel : 03.81.91.00.77 Horaires habituels : Mardi 9h &#8211; 12h 13h15 &#8211; 17h Mercredi [&hellip;]" />
<meta property="og:url" content="https://www.diocese-belfort-montbeliard.fr/charmont-montbeliard/paroisses/saint-paul/la-paroisse/accueil-et-lieux-de-culte/" />
<meta property="og:site_name" content="Doyenné de Charmont-Montbéliard" />
<meta property="article:modified_time" content="2023-03-31T07:30:48+00:00" />
<meta name="twitter:card" content="summary_large_image" />
<meta name="twitter:label1" content="Durée de lecture estimée" />
	<meta name="twitter:data1" content="1 minute" />
<script type="application/ld+json" class="yoast-schema-graph">{"@context":"https:\/\/schema.org","@graph":[{"@type":"WebPage","@id":"https:\/\/www.diocese-belfort-montbeliard.fr\/charmont-montbeliard\/paroisses\/saint-paul\/la-paroisse\/accueil-et-lieux-de-culte\/","url":"https:\/\/www.diocese-belfort-montbeliard.fr\/charmont-montbeliard\/paroisses\/saint-paul\/la-paroisse\/accueil-et-lieux-de-culte\/","name":"Accueil et lieux de culte - Doyenné de Charmont-Montbéliard","isPartOf":{"@id":"https:\/\/www.diocese-belfort-montbeliard.fr\/charmont-montbeliard\/#website"},"datePublished":"2021-01-06T17:19:59+00:00","dateModified":"2023-03-31T07:30:48+00:00","breadcrumb":{"@id":"https:\/\/www.diocese-belfort-montbeliard.fr\/charmont-montbeliard\/paroisses\/saint-paul\/la-paroisse\/accueil-et-lieux-de-culte\/#breadcrumb"},"inLanguage":"fr-FR","potentialAction":[{"@type":"ReadAction","target":["https:\/\/www.diocese-belfort-montbeliard.fr\/charmont-montbeliard\/paroisses\/saint-paul\/la-paroisse\/accueil-et-lieux-de-culte\/"]}]},{"@type":"BreadcrumbList","@id":"https:\/\/www.diocese-belfort-montbeliard.fr\/charmont-montbeliard\/paroisses\/saint-paul\/la-paroisse\/accueil-et-lieux-de-culte\/#breadcrumb","itemListElement":[{"@type":"ListItem","position":1,"name":"Accueil","item":"https:\/\/www.diocese-belfort-montbeliard.fr\/charmont-montbeliard\/"},{"@type":"ListItem","position":2,"name":"Saint Paul","item":"https:\/\/www.diocese-belfort-montbeliard.fr\/charmont-montbeliard\/paroisses\/saint-paul\/"},{"@type":"ListItem","position":3,"name":"La paroisse","item":"https:\/\/www.diocese-belfort-montbeliard.fr\/charmont-montbeliard\/paroisses\/saint-paul\/la-paroisse\/"},{"@type":"ListItem","position":4,"name":"Accueil et lieux de culte"}]},{"@type":"WebSite","@id":"https:\/\/www.diocese-belfort-montbeliard.fr\/charmont-montbeliard\/#website","url":"https:\/\/www.diocese-belfort-montbeliard.fr\/charmont-montbeliard\/","name":"Doyenné de Charmont-Montbéliard","description":"Diocèse de Belfort-Montbéliard","potentialAction":[{"@type":"SearchAction","target":{"@type":"EntryPoint","urlTemplate":"https:\/\/www.diocese-belfort-montbeliard.fr\/charmont-montbeliard\/?s={search_term_string}"},"query-input":{"@type":"PropertyValueSpecification","valueRequired":true,"valueName":"search_term_string"}}],"inLanguage":"fr-FR"}]}</script>
<!-- / Yoast SEO plugin. -->

Accueil et lieux de culte - Doyenné de Charmont-Montbéliard

La paroisse catholique Saint Paul s&rsquo;étend sur les communes de Montbéliard, Sainte-Suzanne et Courcelles les Montbéliard. Elle fait partie du Diocèse de Belfort-Montbéliard. Pour tous renseignements, contactez le secrétariat au 03.81.91.00.77Email :&nbsp;secretariat.paroisse.saintpaul@orange.fr&nbsp; Eglise / Presbytère Saint Maimboeuf1 parvis Jean Flory, 25200 MONTBELIARDTel : 03.81.91.00.77 Horaires habituels : Mardi 9h &#8211; 12h 13h15 &#8211; 17h Mercredi [&hellip;]

Doyenné de Charmont-Montbéliard

Diocèse de Belfort-Montbéliard
