{"id":1562,"date":"2021-07-02T21:00:30","date_gmt":"2021-07-02T19:00:30","guid":{"rendered":"https:\/\/www.diocese-belfort-montbeliard.fr\/chevremont\/?post_type=evenement&#038;p=1562"},"modified":"2021-07-02T21:00:30","modified_gmt":"2021-07-02T19:00:30","slug":"mini-pelerinage-salettin-a-reppe","status":"publish","type":"evenement","link":"https:\/\/www.diocese-belfort-montbeliard.fr\/chevremont\/agenda\/mini-pelerinage-salettin-a-reppe\/","title":{"rendered":"Mini P\u00e8lerinage Salettin \u00e0 Reppe"},"content":{"rendered":"\n<p>Pour la 2\u00e8me ann\u00e9e cons\u00e9cutive, en raison de la crise sanitaire, le p\u00e8lerinage \u00e0 La Salette ne peut \u00eatre organis\u00e9. Un mini-p\u00e8lerinage avec partage, veill\u00e9e, c\u00e9l\u00e9bration (\u00e0 la mani\u00e8re de la veill\u00e9e \u00e0 La Salette) est propos\u00e9 autour du th\u00e8me : \u00a0\u00bb qu&rsquo;est-ce qui donne du go\u00fbt \u00e0 la vie ? \u00ab\u00a0<\/p>\n","protected":false},"author":12,"featured_media":1563,"template":"","meta":{"_acf_changed":false,"footnotes":""},"categories":[4],"tags":[],"class_list":["post-1562","evenement","type-evenement","status-publish","has-post-thumbnail","hentry","category-marie-desperance"],"acf":[],"yoast_head":"<!-- This site is optimized with the Yoast SEO plugin v27.4 - https:\/\/yoast.com\/product\/yoast-seo-wordpress\/ -->\n<title>Mini P\u00e8lerinage Salettin \u00e0 Reppe - Doyenn\u00e9 de Ch\u00e8vremont<\/title>\n<meta name=\"robots\" content=\"index, follow, max-snippet:-1, max-image-preview:large, max-video-preview:-1\" \/>\n<link rel=\"canonical\" href=\"https:\/\/www.diocese-belfort-montbeliard.fr\/chevremont\/agenda\/mini-pelerinage-salettin-a-reppe\/\" \/>\n<meta property=\"og:locale\" content=\"fr_FR\" \/>\n<meta property=\"og:type\" content=\"article\" \/>\n<meta property=\"og:title\" content=\"Mini P\u00e8lerinage Salettin \u00e0 Reppe - Doyenn\u00e9 de Ch\u00e8vremont\" \/>\n<meta property=\"og:description\" content=\"Pour la 2\u00e8me ann\u00e9e cons\u00e9cutive, en raison de la crise sanitaire, le p\u00e8lerinage \u00e0 La Salette ne peut \u00eatre organis\u00e9. Un mini-p\u00e8lerinage avec partage, veill\u00e9e, c\u00e9l\u00e9bration (\u00e0 la mani\u00e8re de la veill\u00e9e \u00e0 La Salette) est propos\u00e9 autour du th\u00e8me : \u00a0\u00bb qu&rsquo;est-ce qui donne du go\u00fbt \u00e0 la vie ? \u00ab\u00a0\" \/>\n<meta property=\"og:url\" content=\"https:\/\/www.diocese-belfort-montbeliard.fr\/chevremont\/agenda\/mini-pelerinage-salettin-a-reppe\/\" \/>\n<meta property=\"og:site_name\" content=\"Doyenn\u00e9 de Ch\u00e8vremont\" \/>\n<meta property=\"og:image\" content=\"https:\/\/www.diocese-belfort-montbeliard.fr\/chevremont\/wp-content\/uploads\/sites\/4\/2021\/07\/03-juillet.jpg\" \/>\n\t<meta property=\"og:image:width\" content=\"636\" \/>\n\t<meta property=\"og:image:height\" content=\"824\" \/>\n\t<meta property=\"og:image:type\" content=\"image\/jpeg\" \/>\n<meta name=\"twitter:card\" content=\"summary_large_image\" \/>\n<meta name=\"twitter:label1\" content=\"Dur\u00e9e de lecture estim\u00e9e\" \/>\n\t<meta name=\"twitter:data1\" content=\"1 minute\" \/>\n<script type=\"application\/ld+json\" class=\"yoast-schema-graph\">{\"@context\":\"https:\\\/\\\/schema.org\",\"@graph\":[{\"@type\":\"WebPage\",\"@id\":\"https:\\\/\\\/www.diocese-belfort-montbeliard.fr\\\/chevremont\\\/agenda\\\/mini-pelerinage-salettin-a-reppe\\\/\",\"url\":\"https:\\\/\\\/www.diocese-belfort-montbeliard.fr\\\/chevremont\\\/agenda\\\/mini-pelerinage-salettin-a-reppe\\\/\",\"name\":\"Mini P\u00e8lerinage Salettin \u00e0 Reppe - Doyenn\u00e9 de Ch\u00e8vremont\",\"isPartOf\":{\"@id\":\"https:\\\/\\\/www.diocese-belfort-montbeliard.fr\\\/chevremont\\\/#website\"},\"primaryImageOfPage\":{\"@id\":\"https:\\\/\\\/www.diocese-belfort-montbeliard.fr\\\/chevremont\\\/agenda\\\/mini-pelerinage-salettin-a-reppe\\\/#primaryimage\"},\"image\":{\"@id\":\"https:\\\/\\\/www.diocese-belfort-montbeliard.fr\\\/chevremont\\\/agenda\\\/mini-pelerinage-salettin-a-reppe\\\/#primaryimage\"},\"thumbnailUrl\":\"https:\\\/\\\/www.diocese-belfort-montbeliard.fr\\\/chevremont\\\/wp-content\\\/uploads\\\/sites\\\/4\\\/2021\\\/07\\\/03-juillet.jpg\",\"datePublished\":\"2021-07-02T19:00:30+00:00\",\"breadcrumb\":{\"@id\":\"https:\\\/\\\/www.diocese-belfort-montbeliard.fr\\\/chevremont\\\/agenda\\\/mini-pelerinage-salettin-a-reppe\\\/#breadcrumb\"},\"inLanguage\":\"fr-FR\",\"potentialAction\":[{\"@type\":\"ReadAction\",\"target\":[\"https:\\\/\\\/www.diocese-belfort-montbeliard.fr\\\/chevremont\\\/agenda\\\/mini-pelerinage-salettin-a-reppe\\\/\"]}]},{\"@type\":\"ImageObject\",\"inLanguage\":\"fr-FR\",\"@id\":\"https:\\\/\\\/www.diocese-belfort-montbeliard.fr\\\/chevremont\\\/agenda\\\/mini-pelerinage-salettin-a-reppe\\\/#primaryimage\",\"url\":\"https:\\\/\\\/www.diocese-belfort-montbeliard.fr\\\/chevremont\\\/wp-content\\\/uploads\\\/sites\\\/4\\\/2021\\\/07\\\/03-juillet.jpg\",\"contentUrl\":\"https:\\\/\\\/www.diocese-belfort-montbeliard.fr\\\/chevremont\\\/wp-content\\\/uploads\\\/sites\\\/4\\\/2021\\\/07\\\/03-juillet.jpg\",\"width\":636,\"height\":824},{\"@type\":\"BreadcrumbList\",\"@id\":\"https:\\\/\\\/www.diocese-belfort-montbeliard.fr\\\/chevremont\\\/agenda\\\/mini-pelerinage-salettin-a-reppe\\\/#breadcrumb\",\"itemListElement\":[{\"@type\":\"ListItem\",\"position\":1,\"name\":\"Accueil\",\"item\":\"https:\\\/\\\/www.diocese-belfort-montbeliard.fr\\\/chevremont\\\/\"},{\"@type\":\"ListItem\",\"position\":2,\"name\":\"Mini P\u00e8lerinage Salettin \u00e0 Reppe\"}]},{\"@type\":\"WebSite\",\"@id\":\"https:\\\/\\\/www.diocese-belfort-montbeliard.fr\\\/chevremont\\\/#website\",\"url\":\"https:\\\/\\\/www.diocese-belfort-montbeliard.fr\\\/chevremont\\\/\",\"name\":\"Doyenn\u00e9 de Ch\u00e8vremont\",\"description\":\"Dioc\u00e8se de Belfort-Montb\u00e9liard\",\"potentialAction\":[{\"@type\":\"SearchAction\",\"target\":{\"@type\":\"EntryPoint\",\"urlTemplate\":\"https:\\\/\\\/www.diocese-belfort-montbeliard.fr\\\/chevremont\\\/?s={search_term_string}\"},\"query-input\":{\"@type\":\"PropertyValueSpecification\",\"valueRequired\":true,\"valueName\":\"search_term_string\"}}],\"inLanguage\":\"fr-FR\"}]}<\/script>\n<!-- \/ Yoast SEO plugin. -->","yoast_head_json":{"title":"Mini P\u00e8lerinage Salettin \u00e0 Reppe - Doyenn\u00e9 de Ch\u00e8vremont","robots":{"index":"index","follow":"follow","max-snippet":"max-snippet:-1","max-image-preview":"max-image-preview:large","max-video-preview":"max-video-preview:-1"},"canonical":"https:\/\/www.diocese-belfort-montbeliard.fr\/chevremont\/agenda\/mini-pelerinage-salettin-a-reppe\/","og_locale":"fr_FR","og_type":"article","og_title":"Mini P\u00e8lerinage Salettin \u00e0 Reppe - Doyenn\u00e9 de Ch\u00e8vremont","og_description":"Pour la 2\u00e8me ann\u00e9e cons\u00e9cutive, en raison de la crise sanitaire, le p\u00e8lerinage \u00e0 La Salette ne peut \u00eatre organis\u00e9. Un mini-p\u00e8lerinage avec partage, veill\u00e9e, c\u00e9l\u00e9bration (\u00e0 la mani\u00e8re de la veill\u00e9e \u00e0 La Salette) est propos\u00e9 autour du th\u00e8me : \u00a0\u00bb qu&rsquo;est-ce qui donne du go\u00fbt \u00e0 la vie ? \u00ab\u00a0","og_url":"https:\/\/www.diocese-belfort-montbeliard.fr\/chevremont\/agenda\/mini-pelerinage-salettin-a-reppe\/","og_site_name":"Doyenn\u00e9 de Ch\u00e8vremont","og_image":[{"width":636,"height":824,"url":"https:\/\/www.diocese-belfort-montbeliard.fr\/chevremont\/wp-content\/uploads\/sites\/4\/2021\/07\/03-juillet.jpg","type":"image\/jpeg"}],"twitter_card":"summary_large_image","twitter_misc":{"Dur\u00e9e de lecture estim\u00e9e":"1 minute"},"schema":{"@context":"https:\/\/schema.org","@graph":[{"@type":"WebPage","@id":"https:\/\/www.diocese-belfort-montbeliard.fr\/chevremont\/agenda\/mini-pelerinage-salettin-a-reppe\/","url":"https:\/\/www.diocese-belfort-montbeliard.fr\/chevremont\/agenda\/mini-pelerinage-salettin-a-reppe\/","name":"Mini P\u00e8lerinage Salettin \u00e0 Reppe - Doyenn\u00e9 de Ch\u00e8vremont","isPartOf":{"@id":"https:\/\/www.diocese-belfort-montbeliard.fr\/chevremont\/#website"},"primaryImageOfPage":{"@id":"https:\/\/www.diocese-belfort-montbeliard.fr\/chevremont\/agenda\/mini-pelerinage-salettin-a-reppe\/#primaryimage"},"image":{"@id":"https:\/\/www.diocese-belfort-montbeliard.fr\/chevremont\/agenda\/mini-pelerinage-salettin-a-reppe\/#primaryimage"},"thumbnailUrl":"https:\/\/www.diocese-belfort-montbeliard.fr\/chevremont\/wp-content\/uploads\/sites\/4\/2021\/07\/03-juillet.jpg","datePublished":"2021-07-02T19:00:30+00:00","breadcrumb":{"@id":"https:\/\/www.diocese-belfort-montbeliard.fr\/chevremont\/agenda\/mini-pelerinage-salettin-a-reppe\/#breadcrumb"},"inLanguage":"fr-FR","potentialAction":[{"@type":"ReadAction","target":["https:\/\/www.diocese-belfort-montbeliard.fr\/chevremont\/agenda\/mini-pelerinage-salettin-a-reppe\/"]}]},{"@type":"ImageObject","inLanguage":"fr-FR","@id":"https:\/\/www.diocese-belfort-montbeliard.fr\/chevremont\/agenda\/mini-pelerinage-salettin-a-reppe\/#primaryimage","url":"https:\/\/www.diocese-belfort-montbeliard.fr\/chevremont\/wp-content\/uploads\/sites\/4\/2021\/07\/03-juillet.jpg","contentUrl":"https:\/\/www.diocese-belfort-montbeliard.fr\/chevremont\/wp-content\/uploads\/sites\/4\/2021\/07\/03-juillet.jpg","width":636,"height":824},{"@type":"BreadcrumbList","@id":"https:\/\/www.diocese-belfort-montbeliard.fr\/chevremont\/agenda\/mini-pelerinage-salettin-a-reppe\/#breadcrumb","itemListElement":[{"@type":"ListItem","position":1,"name":"Accueil","item":"https:\/\/www.diocese-belfort-montbeliard.fr\/chevremont\/"},{"@type":"ListItem","position":2,"name":"Mini P\u00e8lerinage Salettin \u00e0 Reppe"}]},{"@type":"WebSite","@id":"https:\/\/www.diocese-belfort-montbeliard.fr\/chevremont\/#website","url":"https:\/\/www.diocese-belfort-montbeliard.fr\/chevremont\/","name":"Doyenn\u00e9 de Ch\u00e8vremont","description":"Dioc\u00e8se de Belfort-Montb\u00e9liard","potentialAction":[{"@type":"SearchAction","target":{"@type":"EntryPoint","urlTemplate":"https:\/\/www.diocese-belfort-montbeliard.fr\/chevremont\/?s={search_term_string}"},"query-input":{"@type":"PropertyValueSpecification","valueRequired":true,"valueName":"search_term_string"}}],"inLanguage":"fr-FR"}]}},"_links":{"self":[{"href":"https:\/\/www.diocese-belfort-montbeliard.fr\/chevremont\/wp-json\/wp\/v2\/evenement\/1562","targetHints":{"allow":["GET"]}}],"collection":[{"href":"https:\/\/www.diocese-belfort-montbeliard.fr\/chevremont\/wp-json\/wp\/v2\/evenement"}],"about":[{"href":"https:\/\/www.diocese-belfort-montbeliard.fr\/chevremont\/wp-json\/wp\/v2\/types\/evenement"}],"author":[{"embeddable":true,"href":"https:\/\/www.diocese-belfort-montbeliard.fr\/chevremont\/wp-json\/wp\/v2\/users\/12"}],"version-history":[{"count":2,"href":"https:\/\/www.diocese-belfort-montbeliard.fr\/chevremont\/wp-json\/wp\/v2\/evenement\/1562\/revisions"}],"predecessor-version":[{"id":1565,"href":"https:\/\/www.diocese-belfort-montbeliard.fr\/chevremont\/wp-json\/wp\/v2\/evenement\/1562\/revisions\/1565"}],"wp:featuredmedia":[{"embeddable":true,"href":"https:\/\/www.diocese-belfort-montbeliard.fr\/chevremont\/wp-json\/wp\/v2\/media\/1563"}],"wp:attachment":[{"href":"https:\/\/www.diocese-belfort-montbeliard.fr\/chevremont\/wp-json\/wp\/v2\/media?parent=1562"}],"wp:term":[{"taxonomy":"category","embeddable":true,"href":"https:\/\/www.diocese-belfort-montbeliard.fr\/chevremont\/wp-json\/wp\/v2\/categories?post=1562"},{"taxonomy":"post_tag","embeddable":true,"href":"https:\/\/www.diocese-belfort-montbeliard.fr\/chevremont\/wp-json\/wp\/v2\/tags?post=1562"}],"curies":[{"name":"wp","href":"https:\/\/api.w.org\/{rel}","templated":true}]}}

Mini Pèlerinage Salettin à Reppe

<p>Pour la 2ème année consécutive, en raison de la crise sanitaire, le pèlerinage à La Salette ne peut être organisé. Un mini-pèlerinage avec partage, veillée, célébration (à la manière de la veillée à La Salette) est proposé autour du thème :  » qu&rsquo;est-ce qui donne du goût à la vie ? « </p>

<!-- This site is optimized with the Yoast SEO plugin v27.4 - https://yoast.com/product/yoast-seo-wordpress/ -->
<title>Mini Pèlerinage Salettin à Reppe - Doyenné de Chèvremont</title>
<meta name="robots" content="index, follow, max-snippet:-1, max-image-preview:large, max-video-preview:-1" />
<link rel="canonical" href="https://www.diocese-belfort-montbeliard.fr/chevremont/agenda/mini-pelerinage-salettin-a-reppe/" />
<meta property="og:locale" content="fr_FR" />
<meta property="og:type" content="article" />
<meta property="og:title" content="Mini Pèlerinage Salettin à Reppe - Doyenné de Chèvremont" />
<meta property="og:description" content="Pour la 2ème année consécutive, en raison de la crise sanitaire, le pèlerinage à La Salette ne peut être organisé. Un mini-pèlerinage avec partage, veillée, célébration (à la manière de la veillée à La Salette) est proposé autour du thème :  » qu&rsquo;est-ce qui donne du goût à la vie ? « " />
<meta property="og:url" content="https://www.diocese-belfort-montbeliard.fr/chevremont/agenda/mini-pelerinage-salettin-a-reppe/" />
<meta property="og:site_name" content="Doyenné de Chèvremont" />
<meta property="og:image" content="https://www.diocese-belfort-montbeliard.fr/chevremont/wp-content/uploads/sites/4/2021/07/03-juillet.jpg" />
	<meta property="og:image:width" content="636" />
	<meta property="og:image:height" content="824" />
	<meta property="og:image:type" content="image/jpeg" />
<meta name="twitter:card" content="summary_large_image" />
<meta name="twitter:label1" content="Durée de lecture estimée" />
	<meta name="twitter:data1" content="1 minute" />
<script type="application/ld+json" class="yoast-schema-graph">{"@context":"https:\/\/schema.org","@graph":[{"@type":"WebPage","@id":"https:\/\/www.diocese-belfort-montbeliard.fr\/chevremont\/agenda\/mini-pelerinage-salettin-a-reppe\/","url":"https:\/\/www.diocese-belfort-montbeliard.fr\/chevremont\/agenda\/mini-pelerinage-salettin-a-reppe\/","name":"Mini Pèlerinage Salettin à Reppe - Doyenné de Chèvremont","isPartOf":{"@id":"https:\/\/www.diocese-belfort-montbeliard.fr\/chevremont\/#website"},"primaryImageOfPage":{"@id":"https:\/\/www.diocese-belfort-montbeliard.fr\/chevremont\/agenda\/mini-pelerinage-salettin-a-reppe\/#primaryimage"},"image":{"@id":"https:\/\/www.diocese-belfort-montbeliard.fr\/chevremont\/agenda\/mini-pelerinage-salettin-a-reppe\/#primaryimage"},"thumbnailUrl":"https:\/\/www.diocese-belfort-montbeliard.fr\/chevremont\/wp-content\/uploads\/sites\/4\/2021\/07\/03-juillet.jpg","datePublished":"2021-07-02T19:00:30+00:00","breadcrumb":{"@id":"https:\/\/www.diocese-belfort-montbeliard.fr\/chevremont\/agenda\/mini-pelerinage-salettin-a-reppe\/#breadcrumb"},"inLanguage":"fr-FR","potentialAction":[{"@type":"ReadAction","target":["https:\/\/www.diocese-belfort-montbeliard.fr\/chevremont\/agenda\/mini-pelerinage-salettin-a-reppe\/"]}]},{"@type":"ImageObject","inLanguage":"fr-FR","@id":"https:\/\/www.diocese-belfort-montbeliard.fr\/chevremont\/agenda\/mini-pelerinage-salettin-a-reppe\/#primaryimage","url":"https:\/\/www.diocese-belfort-montbeliard.fr\/chevremont\/wp-content\/uploads\/sites\/4\/2021\/07\/03-juillet.jpg","contentUrl":"https:\/\/www.diocese-belfort-montbeliard.fr\/chevremont\/wp-content\/uploads\/sites\/4\/2021\/07\/03-juillet.jpg","width":636,"height":824},{"@type":"BreadcrumbList","@id":"https:\/\/www.diocese-belfort-montbeliard.fr\/chevremont\/agenda\/mini-pelerinage-salettin-a-reppe\/#breadcrumb","itemListElement":[{"@type":"ListItem","position":1,"name":"Accueil","item":"https:\/\/www.diocese-belfort-montbeliard.fr\/chevremont\/"},{"@type":"ListItem","position":2,"name":"Mini Pèlerinage Salettin à Reppe"}]},{"@type":"WebSite","@id":"https:\/\/www.diocese-belfort-montbeliard.fr\/chevremont\/#website","url":"https:\/\/www.diocese-belfort-montbeliard.fr\/chevremont\/","name":"Doyenné de Chèvremont","description":"Diocèse de Belfort-Montbéliard","potentialAction":[{"@type":"SearchAction","target":{"@type":"EntryPoint","urlTemplate":"https:\/\/www.diocese-belfort-montbeliard.fr\/chevremont\/?s={search_term_string}"},"query-input":{"@type":"PropertyValueSpecification","valueRequired":true,"valueName":"search_term_string"}}],"inLanguage":"fr-FR"}]}</script>
<!-- / Yoast SEO plugin. -->

Mini Pèlerinage Salettin à Reppe - Doyenné de Chèvremont

Pour la 2ème année consécutive, en raison de la crise sanitaire, le pèlerinage à La Salette ne peut être organisé. Un mini-pèlerinage avec partage, veillée, célébration (à la manière de la veillée à La Salette) est proposé autour du thème :  » qu&rsquo;est-ce qui donne du goût à la vie ? «

Doyenné de Chèvremont

Diocèse de Belfort-Montbéliard
