{"id":3239,"date":"2022-12-02T21:21:26","date_gmt":"2022-12-02T20:21:26","guid":{"rendered":"https:\/\/www.diocese-belfort-montbeliard.fr\/chevremont\/?post_type=evenement&#038;p=3239"},"modified":"2022-12-02T21:21:27","modified_gmt":"2022-12-02T20:21:27","slug":"fete-de-limmaculee-conception","status":"publish","type":"evenement","link":"https:\/\/www.diocese-belfort-montbeliard.fr\/chevremont\/agenda\/fete-de-limmaculee-conception\/","title":{"rendered":"F\u00eate de l&rsquo;Immacul\u00e9e Conception"},"content":{"rendered":"\n<p>Pour c\u00e9l\u00e9brer l&rsquo;Immacul\u00e9e Conception, la Paroisse Marie d&rsquo;Esp\u00e9rance propose \u00e0 l&rsquo;\u00e9glise de Larivi\u00e8re : 14H30 \u00e0 15H30 : Temps de pri\u00e8re ( Louange, m\u00e9ditations, d\u00e9marche personnelle, intentions&#8230;) 15H30 \u00e0 16H30 : Temps de pri\u00e8re libre 18H30 \u00e0 19H00: V\u00eapres 19H00 : Eucharistie<\/p>\n","protected":false},"author":12,"featured_media":0,"template":"","meta":{"_acf_changed":false,"footnotes":""},"categories":[4],"tags":[],"class_list":["post-3239","evenement","type-evenement","status-publish","hentry","category-marie-desperance"],"acf":[],"yoast_head":"<!-- This site is optimized with the Yoast SEO plugin v27.4 - https:\/\/yoast.com\/product\/yoast-seo-wordpress\/ -->\n<title>F\u00eate de l&#039;Immacul\u00e9e Conception - Doyenn\u00e9 de Ch\u00e8vremont<\/title>\n<meta name=\"robots\" content=\"index, follow, max-snippet:-1, max-image-preview:large, max-video-preview:-1\" \/>\n<link rel=\"canonical\" href=\"https:\/\/www.diocese-belfort-montbeliard.fr\/chevremont\/agenda\/fete-de-limmaculee-conception\/\" \/>\n<meta property=\"og:locale\" content=\"fr_FR\" \/>\n<meta property=\"og:type\" content=\"article\" \/>\n<meta property=\"og:title\" content=\"F\u00eate de l&#039;Immacul\u00e9e Conception - Doyenn\u00e9 de Ch\u00e8vremont\" \/>\n<meta property=\"og:description\" content=\"Pour c\u00e9l\u00e9brer l&rsquo;Immacul\u00e9e Conception, la Paroisse Marie d&rsquo;Esp\u00e9rance propose \u00e0 l&rsquo;\u00e9glise de Larivi\u00e8re : 14H30 \u00e0 15H30 : Temps de pri\u00e8re ( Louange, m\u00e9ditations, d\u00e9marche personnelle, intentions&#8230;) 15H30 \u00e0 16H30 : Temps de pri\u00e8re libre 18H30 \u00e0 19H00: V\u00eapres 19H00 : Eucharistie\" \/>\n<meta property=\"og:url\" content=\"https:\/\/www.diocese-belfort-montbeliard.fr\/chevremont\/agenda\/fete-de-limmaculee-conception\/\" \/>\n<meta property=\"og:site_name\" content=\"Doyenn\u00e9 de Ch\u00e8vremont\" \/>\n<meta property=\"article:modified_time\" content=\"2022-12-02T20:21:27+00:00\" \/>\n<meta name=\"twitter:card\" content=\"summary_large_image\" \/>\n<meta name=\"twitter:label1\" content=\"Dur\u00e9e de lecture estim\u00e9e\" \/>\n\t<meta name=\"twitter:data1\" content=\"1 minute\" \/>\n<script type=\"application\/ld+json\" class=\"yoast-schema-graph\">{\"@context\":\"https:\\\/\\\/schema.org\",\"@graph\":[{\"@type\":\"WebPage\",\"@id\":\"https:\\\/\\\/www.diocese-belfort-montbeliard.fr\\\/chevremont\\\/agenda\\\/fete-de-limmaculee-conception\\\/\",\"url\":\"https:\\\/\\\/www.diocese-belfort-montbeliard.fr\\\/chevremont\\\/agenda\\\/fete-de-limmaculee-conception\\\/\",\"name\":\"F\u00eate de l'Immacul\u00e9e Conception - Doyenn\u00e9 de Ch\u00e8vremont\",\"isPartOf\":{\"@id\":\"https:\\\/\\\/www.diocese-belfort-montbeliard.fr\\\/chevremont\\\/#website\"},\"datePublished\":\"2022-12-02T20:21:26+00:00\",\"dateModified\":\"2022-12-02T20:21:27+00:00\",\"breadcrumb\":{\"@id\":\"https:\\\/\\\/www.diocese-belfort-montbeliard.fr\\\/chevremont\\\/agenda\\\/fete-de-limmaculee-conception\\\/#breadcrumb\"},\"inLanguage\":\"fr-FR\",\"potentialAction\":[{\"@type\":\"ReadAction\",\"target\":[\"https:\\\/\\\/www.diocese-belfort-montbeliard.fr\\\/chevremont\\\/agenda\\\/fete-de-limmaculee-conception\\\/\"]}]},{\"@type\":\"BreadcrumbList\",\"@id\":\"https:\\\/\\\/www.diocese-belfort-montbeliard.fr\\\/chevremont\\\/agenda\\\/fete-de-limmaculee-conception\\\/#breadcrumb\",\"itemListElement\":[{\"@type\":\"ListItem\",\"position\":1,\"name\":\"Accueil\",\"item\":\"https:\\\/\\\/www.diocese-belfort-montbeliard.fr\\\/chevremont\\\/\"},{\"@type\":\"ListItem\",\"position\":2,\"name\":\"F\u00eate de l&#8217;Immacul\u00e9e Conception\"}]},{\"@type\":\"WebSite\",\"@id\":\"https:\\\/\\\/www.diocese-belfort-montbeliard.fr\\\/chevremont\\\/#website\",\"url\":\"https:\\\/\\\/www.diocese-belfort-montbeliard.fr\\\/chevremont\\\/\",\"name\":\"Doyenn\u00e9 de Ch\u00e8vremont\",\"description\":\"Dioc\u00e8se de Belfort-Montb\u00e9liard\",\"potentialAction\":[{\"@type\":\"SearchAction\",\"target\":{\"@type\":\"EntryPoint\",\"urlTemplate\":\"https:\\\/\\\/www.diocese-belfort-montbeliard.fr\\\/chevremont\\\/?s={search_term_string}\"},\"query-input\":{\"@type\":\"PropertyValueSpecification\",\"valueRequired\":true,\"valueName\":\"search_term_string\"}}],\"inLanguage\":\"fr-FR\"}]}<\/script>\n<!-- \/ Yoast SEO plugin. -->","yoast_head_json":{"title":"F\u00eate de l'Immacul\u00e9e Conception - Doyenn\u00e9 de Ch\u00e8vremont","robots":{"index":"index","follow":"follow","max-snippet":"max-snippet:-1","max-image-preview":"max-image-preview:large","max-video-preview":"max-video-preview:-1"},"canonical":"https:\/\/www.diocese-belfort-montbeliard.fr\/chevremont\/agenda\/fete-de-limmaculee-conception\/","og_locale":"fr_FR","og_type":"article","og_title":"F\u00eate de l'Immacul\u00e9e Conception - Doyenn\u00e9 de Ch\u00e8vremont","og_description":"Pour c\u00e9l\u00e9brer l&rsquo;Immacul\u00e9e Conception, la Paroisse Marie d&rsquo;Esp\u00e9rance propose \u00e0 l&rsquo;\u00e9glise de Larivi\u00e8re : 14H30 \u00e0 15H30 : Temps de pri\u00e8re ( Louange, m\u00e9ditations, d\u00e9marche personnelle, intentions&#8230;) 15H30 \u00e0 16H30 : Temps de pri\u00e8re libre 18H30 \u00e0 19H00: V\u00eapres 19H00 : Eucharistie","og_url":"https:\/\/www.diocese-belfort-montbeliard.fr\/chevremont\/agenda\/fete-de-limmaculee-conception\/","og_site_name":"Doyenn\u00e9 de Ch\u00e8vremont","article_modified_time":"2022-12-02T20:21:27+00:00","twitter_card":"summary_large_image","twitter_misc":{"Dur\u00e9e de lecture estim\u00e9e":"1 minute"},"schema":{"@context":"https:\/\/schema.org","@graph":[{"@type":"WebPage","@id":"https:\/\/www.diocese-belfort-montbeliard.fr\/chevremont\/agenda\/fete-de-limmaculee-conception\/","url":"https:\/\/www.diocese-belfort-montbeliard.fr\/chevremont\/agenda\/fete-de-limmaculee-conception\/","name":"F\u00eate de l'Immacul\u00e9e Conception - Doyenn\u00e9 de Ch\u00e8vremont","isPartOf":{"@id":"https:\/\/www.diocese-belfort-montbeliard.fr\/chevremont\/#website"},"datePublished":"2022-12-02T20:21:26+00:00","dateModified":"2022-12-02T20:21:27+00:00","breadcrumb":{"@id":"https:\/\/www.diocese-belfort-montbeliard.fr\/chevremont\/agenda\/fete-de-limmaculee-conception\/#breadcrumb"},"inLanguage":"fr-FR","potentialAction":[{"@type":"ReadAction","target":["https:\/\/www.diocese-belfort-montbeliard.fr\/chevremont\/agenda\/fete-de-limmaculee-conception\/"]}]},{"@type":"BreadcrumbList","@id":"https:\/\/www.diocese-belfort-montbeliard.fr\/chevremont\/agenda\/fete-de-limmaculee-conception\/#breadcrumb","itemListElement":[{"@type":"ListItem","position":1,"name":"Accueil","item":"https:\/\/www.diocese-belfort-montbeliard.fr\/chevremont\/"},{"@type":"ListItem","position":2,"name":"F\u00eate de l&#8217;Immacul\u00e9e Conception"}]},{"@type":"WebSite","@id":"https:\/\/www.diocese-belfort-montbeliard.fr\/chevremont\/#website","url":"https:\/\/www.diocese-belfort-montbeliard.fr\/chevremont\/","name":"Doyenn\u00e9 de Ch\u00e8vremont","description":"Dioc\u00e8se de Belfort-Montb\u00e9liard","potentialAction":[{"@type":"SearchAction","target":{"@type":"EntryPoint","urlTemplate":"https:\/\/www.diocese-belfort-montbeliard.fr\/chevremont\/?s={search_term_string}"},"query-input":{"@type":"PropertyValueSpecification","valueRequired":true,"valueName":"search_term_string"}}],"inLanguage":"fr-FR"}]}},"_links":{"self":[{"href":"https:\/\/www.diocese-belfort-montbeliard.fr\/chevremont\/wp-json\/wp\/v2\/evenement\/3239","targetHints":{"allow":["GET"]}}],"collection":[{"href":"https:\/\/www.diocese-belfort-montbeliard.fr\/chevremont\/wp-json\/wp\/v2\/evenement"}],"about":[{"href":"https:\/\/www.diocese-belfort-montbeliard.fr\/chevremont\/wp-json\/wp\/v2\/types\/evenement"}],"author":[{"embeddable":true,"href":"https:\/\/www.diocese-belfort-montbeliard.fr\/chevremont\/wp-json\/wp\/v2\/users\/12"}],"version-history":[{"count":2,"href":"https:\/\/www.diocese-belfort-montbeliard.fr\/chevremont\/wp-json\/wp\/v2\/evenement\/3239\/revisions"}],"predecessor-version":[{"id":3241,"href":"https:\/\/www.diocese-belfort-montbeliard.fr\/chevremont\/wp-json\/wp\/v2\/evenement\/3239\/revisions\/3241"}],"wp:attachment":[{"href":"https:\/\/www.diocese-belfort-montbeliard.fr\/chevremont\/wp-json\/wp\/v2\/media?parent=3239"}],"wp:term":[{"taxonomy":"category","embeddable":true,"href":"https:\/\/www.diocese-belfort-montbeliard.fr\/chevremont\/wp-json\/wp\/v2\/categories?post=3239"},{"taxonomy":"post_tag","embeddable":true,"href":"https:\/\/www.diocese-belfort-montbeliard.fr\/chevremont\/wp-json\/wp\/v2\/tags?post=3239"}],"curies":[{"name":"wp","href":"https:\/\/api.w.org\/{rel}","templated":true}]}}

Fête de l&rsquo;Immaculée Conception

<p>Pour célébrer l&rsquo;Immaculée Conception, la Paroisse Marie d&rsquo;Espérance propose à l&rsquo;église de Larivière : 14H30 à 15H30 : Temps de prière ( Louange, méditations, démarche personnelle, intentions&#8230;) 15H30 à 16H30 : Temps de prière libre 18H30 à 19H00: Vêpres 19H00 : Eucharistie</p>

<!-- This site is optimized with the Yoast SEO plugin v27.4 - https://yoast.com/product/yoast-seo-wordpress/ -->
<title>Fête de l&#039;Immaculée Conception - Doyenné de Chèvremont</title>
<meta name="robots" content="index, follow, max-snippet:-1, max-image-preview:large, max-video-preview:-1" />
<link rel="canonical" href="https://www.diocese-belfort-montbeliard.fr/chevremont/agenda/fete-de-limmaculee-conception/" />
<meta property="og:locale" content="fr_FR" />
<meta property="og:type" content="article" />
<meta property="og:title" content="Fête de l&#039;Immaculée Conception - Doyenné de Chèvremont" />
<meta property="og:description" content="Pour célébrer l&rsquo;Immaculée Conception, la Paroisse Marie d&rsquo;Espérance propose à l&rsquo;église de Larivière : 14H30 à 15H30 : Temps de prière ( Louange, méditations, démarche personnelle, intentions&#8230;) 15H30 à 16H30 : Temps de prière libre 18H30 à 19H00: Vêpres 19H00 : Eucharistie" />
<meta property="og:url" content="https://www.diocese-belfort-montbeliard.fr/chevremont/agenda/fete-de-limmaculee-conception/" />
<meta property="og:site_name" content="Doyenné de Chèvremont" />
<meta property="article:modified_time" content="2022-12-02T20:21:27+00:00" />
<meta name="twitter:card" content="summary_large_image" />
<meta name="twitter:label1" content="Durée de lecture estimée" />
	<meta name="twitter:data1" content="1 minute" />
<script type="application/ld+json" class="yoast-schema-graph">{"@context":"https:\/\/schema.org","@graph":[{"@type":"WebPage","@id":"https:\/\/www.diocese-belfort-montbeliard.fr\/chevremont\/agenda\/fete-de-limmaculee-conception\/","url":"https:\/\/www.diocese-belfort-montbeliard.fr\/chevremont\/agenda\/fete-de-limmaculee-conception\/","name":"Fête de l'Immaculée Conception - Doyenné de Chèvremont","isPartOf":{"@id":"https:\/\/www.diocese-belfort-montbeliard.fr\/chevremont\/#website"},"datePublished":"2022-12-02T20:21:26+00:00","dateModified":"2022-12-02T20:21:27+00:00","breadcrumb":{"@id":"https:\/\/www.diocese-belfort-montbeliard.fr\/chevremont\/agenda\/fete-de-limmaculee-conception\/#breadcrumb"},"inLanguage":"fr-FR","potentialAction":[{"@type":"ReadAction","target":["https:\/\/www.diocese-belfort-montbeliard.fr\/chevremont\/agenda\/fete-de-limmaculee-conception\/"]}]},{"@type":"BreadcrumbList","@id":"https:\/\/www.diocese-belfort-montbeliard.fr\/chevremont\/agenda\/fete-de-limmaculee-conception\/#breadcrumb","itemListElement":[{"@type":"ListItem","position":1,"name":"Accueil","item":"https:\/\/www.diocese-belfort-montbeliard.fr\/chevremont\/"},{"@type":"ListItem","position":2,"name":"Fête de l&#8217;Immaculée Conception"}]},{"@type":"WebSite","@id":"https:\/\/www.diocese-belfort-montbeliard.fr\/chevremont\/#website","url":"https:\/\/www.diocese-belfort-montbeliard.fr\/chevremont\/","name":"Doyenné de Chèvremont","description":"Diocèse de Belfort-Montbéliard","potentialAction":[{"@type":"SearchAction","target":{"@type":"EntryPoint","urlTemplate":"https:\/\/www.diocese-belfort-montbeliard.fr\/chevremont\/?s={search_term_string}"},"query-input":{"@type":"PropertyValueSpecification","valueRequired":true,"valueName":"search_term_string"}}],"inLanguage":"fr-FR"}]}</script>
<!-- / Yoast SEO plugin. -->

Fête de l'Immaculée Conception - Doyenné de Chèvremont

Pour célébrer l&rsquo;Immaculée Conception, la Paroisse Marie d&rsquo;Espérance propose à l&rsquo;église de Larivière : 14H30 à 15H30 : Temps de prière ( Louange, méditations, démarche personnelle, intentions&#8230;) 15H30 à 16H30 : Temps de prière libre 18H30 à 19H00: Vêpres 19H00 : Eucharistie

Doyenné de Chèvremont

Fête de l&#8217;Immaculée Conception

Diocèse de Belfort-Montbéliard
