{"id":161,"date":"2020-12-17T01:10:18","date_gmt":"2020-12-17T00:10:18","guid":{"rendered":"https:\/\/www.diocese-belfort-montbeliard.fr\/chevremont\/?post_type=paroisse&#038;p=161"},"modified":"2021-12-12T18:40:58","modified_gmt":"2021-12-12T17:40:58","slug":"marie-benie","status":"publish","type":"paroisse","link":"https:\/\/www.diocese-belfort-montbeliard.fr\/chevremont\/paroisses\/marie-desperance\/les-ptites-histoires-du-pere-thomas\/annee-liturgique-b-2020-2021\/marie-benie\/","title":{"rendered":"Marie b\u00e9nie ?"},"content":{"rendered":"\n<p>On la dit \u00ab&nbsp;b\u00e9nie entre toutes les femmes&nbsp;\u00bb, pourtant sa vie fut terrible&nbsp;:<\/p>\n\n\n\n<p>le myst\u00e8re de l&rsquo;Immacul\u00e9e Conception.<\/p>\n\n\n\n<p>la naissance de son fils dans une \u00e9table<\/p>\n\n\n\n<p>la fuite en Egypte<\/p>\n\n\n\n<p>la &nbsp;fugue&nbsp; de J\u00e9sus&nbsp;: il a 12 ans, elle le cherche durant 3 jours et quand elle le retrouve il &nbsp;l&rsquo;envoie promener&nbsp;&nbsp;: \u00ab&nbsp;je dois m&rsquo;occuper&#8230;<\/p>\n\n\n\n<p>la crucifixion&#8230;<\/p>\n\n\n\n<p>Mais on la dit \u00ab&nbsp;pleine de gr\u00e2ce&nbsp;\u00bb, car Marie \u00ab&nbsp;gardait tout cela dans son c\u0153ur&nbsp;\u00bb.<\/p>\n\n\n\n<p>A nous de savoir garder dans notre c\u0153ur nos difficult\u00e9s, de les analyser pour chercher \u00e0 comprendre la volont\u00e9 de Dieu.<\/p>\n\n\n\n<p>Amen<\/p>\n","protected":false},"author":1,"featured_media":0,"parent":2076,"menu_order":138,"template":"","meta":{"_acf_changed":false,"footnotes":""},"class_list":["post-161","paroisse","type-paroisse","status-publish","hentry"],"acf":[],"yoast_head":"<!-- This site is optimized with the Yoast SEO plugin v27.4 - https:\/\/yoast.com\/product\/yoast-seo-wordpress\/ -->\n<title>Marie b\u00e9nie ? - Doyenn\u00e9 de Ch\u00e8vremont<\/title>\n<meta name=\"robots\" content=\"index, follow, max-snippet:-1, max-image-preview:large, max-video-preview:-1\" \/>\n<link rel=\"canonical\" href=\"https:\/\/www.diocese-belfort-montbeliard.fr\/chevremont\/paroisses\/marie-desperance\/les-ptites-histoires-du-pere-thomas\/annee-liturgique-b-2020-2021\/marie-benie\/\" \/>\n<meta property=\"og:locale\" content=\"fr_FR\" \/>\n<meta property=\"og:type\" content=\"article\" \/>\n<meta property=\"og:title\" content=\"Marie b\u00e9nie ? - Doyenn\u00e9 de Ch\u00e8vremont\" \/>\n<meta property=\"og:description\" content=\"On la dit \u00ab&nbsp;b\u00e9nie entre toutes les femmes&nbsp;\u00bb, pourtant sa vie fut terrible&nbsp;: le myst\u00e8re de l&rsquo;Immacul\u00e9e Conception. la naissance de son fils dans une \u00e9table la fuite en Egypte la &nbsp;fugue&nbsp; de J\u00e9sus&nbsp;: il a 12 ans, elle le cherche durant 3 jours et quand elle le retrouve il &nbsp;l&rsquo;envoie promener&nbsp;&nbsp;: \u00ab&nbsp;je dois m&rsquo;occuper&#8230; [&hellip;]\" \/>\n<meta property=\"og:url\" content=\"https:\/\/www.diocese-belfort-montbeliard.fr\/chevremont\/paroisses\/marie-desperance\/les-ptites-histoires-du-pere-thomas\/annee-liturgique-b-2020-2021\/marie-benie\/\" \/>\n<meta property=\"og:site_name\" content=\"Doyenn\u00e9 de Ch\u00e8vremont\" \/>\n<meta property=\"article:modified_time\" content=\"2021-12-12T17:40:58+00:00\" \/>\n<meta name=\"twitter:card\" content=\"summary_large_image\" \/>\n<meta name=\"twitter:label1\" content=\"Dur\u00e9e de lecture estim\u00e9e\" \/>\n\t<meta name=\"twitter:data1\" content=\"1 minute\" \/>\n<script type=\"application\/ld+json\" class=\"yoast-schema-graph\">{\"@context\":\"https:\\\/\\\/schema.org\",\"@graph\":[{\"@type\":\"WebPage\",\"@id\":\"https:\\\/\\\/www.diocese-belfort-montbeliard.fr\\\/chevremont\\\/paroisses\\\/marie-desperance\\\/les-ptites-histoires-du-pere-thomas\\\/annee-liturgique-b-2020-2021\\\/marie-benie\\\/\",\"url\":\"https:\\\/\\\/www.diocese-belfort-montbeliard.fr\\\/chevremont\\\/paroisses\\\/marie-desperance\\\/les-ptites-histoires-du-pere-thomas\\\/annee-liturgique-b-2020-2021\\\/marie-benie\\\/\",\"name\":\"Marie b\u00e9nie ? - Doyenn\u00e9 de Ch\u00e8vremont\",\"isPartOf\":{\"@id\":\"https:\\\/\\\/www.diocese-belfort-montbeliard.fr\\\/chevremont\\\/#website\"},\"datePublished\":\"2020-12-17T00:10:18+00:00\",\"dateModified\":\"2021-12-12T17:40:58+00:00\",\"breadcrumb\":{\"@id\":\"https:\\\/\\\/www.diocese-belfort-montbeliard.fr\\\/chevremont\\\/paroisses\\\/marie-desperance\\\/les-ptites-histoires-du-pere-thomas\\\/annee-liturgique-b-2020-2021\\\/marie-benie\\\/#breadcrumb\"},\"inLanguage\":\"fr-FR\",\"potentialAction\":[{\"@type\":\"ReadAction\",\"target\":[\"https:\\\/\\\/www.diocese-belfort-montbeliard.fr\\\/chevremont\\\/paroisses\\\/marie-desperance\\\/les-ptites-histoires-du-pere-thomas\\\/annee-liturgique-b-2020-2021\\\/marie-benie\\\/\"]}]},{\"@type\":\"BreadcrumbList\",\"@id\":\"https:\\\/\\\/www.diocese-belfort-montbeliard.fr\\\/chevremont\\\/paroisses\\\/marie-desperance\\\/les-ptites-histoires-du-pere-thomas\\\/annee-liturgique-b-2020-2021\\\/marie-benie\\\/#breadcrumb\",\"itemListElement\":[{\"@type\":\"ListItem\",\"position\":1,\"name\":\"Accueil\",\"item\":\"https:\\\/\\\/www.diocese-belfort-montbeliard.fr\\\/chevremont\\\/\"},{\"@type\":\"ListItem\",\"position\":2,\"name\":\"Marie d&#8217;Esp\u00e9rance\",\"item\":\"https:\\\/\\\/www.diocese-belfort-montbeliard.fr\\\/chevremont\\\/paroisses\\\/marie-desperance\\\/\"},{\"@type\":\"ListItem\",\"position\":3,\"name\":\"Hom\u00e9lies du P\u00e8re Thomas\",\"item\":\"https:\\\/\\\/www.diocese-belfort-montbeliard.fr\\\/chevremont\\\/?post_type=paroisse&p=146\"},{\"@type\":\"ListItem\",\"position\":4,\"name\":\"Ann\u00e9e liturgique B 2020 &#8211; 2021\",\"item\":\"https:\\\/\\\/www.diocese-belfort-montbeliard.fr\\\/chevremont\\\/paroisses\\\/marie-desperance\\\/les-ptites-histoires-du-pere-thomas\\\/annee-liturgique-b-2020-2021\\\/\"},{\"@type\":\"ListItem\",\"position\":5,\"name\":\"Marie b\u00e9nie ?\"}]},{\"@type\":\"WebSite\",\"@id\":\"https:\\\/\\\/www.diocese-belfort-montbeliard.fr\\\/chevremont\\\/#website\",\"url\":\"https:\\\/\\\/www.diocese-belfort-montbeliard.fr\\\/chevremont\\\/\",\"name\":\"Doyenn\u00e9 de Ch\u00e8vremont\",\"description\":\"Dioc\u00e8se de Belfort-Montb\u00e9liard\",\"potentialAction\":[{\"@type\":\"SearchAction\",\"target\":{\"@type\":\"EntryPoint\",\"urlTemplate\":\"https:\\\/\\\/www.diocese-belfort-montbeliard.fr\\\/chevremont\\\/?s={search_term_string}\"},\"query-input\":{\"@type\":\"PropertyValueSpecification\",\"valueRequired\":true,\"valueName\":\"search_term_string\"}}],\"inLanguage\":\"fr-FR\"}]}<\/script>\n<!-- \/ Yoast SEO plugin. -->","yoast_head_json":{"title":"Marie b\u00e9nie ? - Doyenn\u00e9 de Ch\u00e8vremont","robots":{"index":"index","follow":"follow","max-snippet":"max-snippet:-1","max-image-preview":"max-image-preview:large","max-video-preview":"max-video-preview:-1"},"canonical":"https:\/\/www.diocese-belfort-montbeliard.fr\/chevremont\/paroisses\/marie-desperance\/les-ptites-histoires-du-pere-thomas\/annee-liturgique-b-2020-2021\/marie-benie\/","og_locale":"fr_FR","og_type":"article","og_title":"Marie b\u00e9nie ? - Doyenn\u00e9 de Ch\u00e8vremont","og_description":"On la dit \u00ab&nbsp;b\u00e9nie entre toutes les femmes&nbsp;\u00bb, pourtant sa vie fut terrible&nbsp;: le myst\u00e8re de l&rsquo;Immacul\u00e9e Conception. la naissance de son fils dans une \u00e9table la fuite en Egypte la &nbsp;fugue&nbsp; de J\u00e9sus&nbsp;: il a 12 ans, elle le cherche durant 3 jours et quand elle le retrouve il &nbsp;l&rsquo;envoie promener&nbsp;&nbsp;: \u00ab&nbsp;je dois m&rsquo;occuper&#8230; [&hellip;]","og_url":"https:\/\/www.diocese-belfort-montbeliard.fr\/chevremont\/paroisses\/marie-desperance\/les-ptites-histoires-du-pere-thomas\/annee-liturgique-b-2020-2021\/marie-benie\/","og_site_name":"Doyenn\u00e9 de Ch\u00e8vremont","article_modified_time":"2021-12-12T17:40:58+00:00","twitter_card":"summary_large_image","twitter_misc":{"Dur\u00e9e de lecture estim\u00e9e":"1 minute"},"schema":{"@context":"https:\/\/schema.org","@graph":[{"@type":"WebPage","@id":"https:\/\/www.diocese-belfort-montbeliard.fr\/chevremont\/paroisses\/marie-desperance\/les-ptites-histoires-du-pere-thomas\/annee-liturgique-b-2020-2021\/marie-benie\/","url":"https:\/\/www.diocese-belfort-montbeliard.fr\/chevremont\/paroisses\/marie-desperance\/les-ptites-histoires-du-pere-thomas\/annee-liturgique-b-2020-2021\/marie-benie\/","name":"Marie b\u00e9nie ? - Doyenn\u00e9 de Ch\u00e8vremont","isPartOf":{"@id":"https:\/\/www.diocese-belfort-montbeliard.fr\/chevremont\/#website"},"datePublished":"2020-12-17T00:10:18+00:00","dateModified":"2021-12-12T17:40:58+00:00","breadcrumb":{"@id":"https:\/\/www.diocese-belfort-montbeliard.fr\/chevremont\/paroisses\/marie-desperance\/les-ptites-histoires-du-pere-thomas\/annee-liturgique-b-2020-2021\/marie-benie\/#breadcrumb"},"inLanguage":"fr-FR","potentialAction":[{"@type":"ReadAction","target":["https:\/\/www.diocese-belfort-montbeliard.fr\/chevremont\/paroisses\/marie-desperance\/les-ptites-histoires-du-pere-thomas\/annee-liturgique-b-2020-2021\/marie-benie\/"]}]},{"@type":"BreadcrumbList","@id":"https:\/\/www.diocese-belfort-montbeliard.fr\/chevremont\/paroisses\/marie-desperance\/les-ptites-histoires-du-pere-thomas\/annee-liturgique-b-2020-2021\/marie-benie\/#breadcrumb","itemListElement":[{"@type":"ListItem","position":1,"name":"Accueil","item":"https:\/\/www.diocese-belfort-montbeliard.fr\/chevremont\/"},{"@type":"ListItem","position":2,"name":"Marie d&#8217;Esp\u00e9rance","item":"https:\/\/www.diocese-belfort-montbeliard.fr\/chevremont\/paroisses\/marie-desperance\/"},{"@type":"ListItem","position":3,"name":"Hom\u00e9lies du P\u00e8re Thomas","item":"https:\/\/www.diocese-belfort-montbeliard.fr\/chevremont\/?post_type=paroisse&p=146"},{"@type":"ListItem","position":4,"name":"Ann\u00e9e liturgique B 2020 &#8211; 2021","item":"https:\/\/www.diocese-belfort-montbeliard.fr\/chevremont\/paroisses\/marie-desperance\/les-ptites-histoires-du-pere-thomas\/annee-liturgique-b-2020-2021\/"},{"@type":"ListItem","position":5,"name":"Marie b\u00e9nie ?"}]},{"@type":"WebSite","@id":"https:\/\/www.diocese-belfort-montbeliard.fr\/chevremont\/#website","url":"https:\/\/www.diocese-belfort-montbeliard.fr\/chevremont\/","name":"Doyenn\u00e9 de Ch\u00e8vremont","description":"Dioc\u00e8se de Belfort-Montb\u00e9liard","potentialAction":[{"@type":"SearchAction","target":{"@type":"EntryPoint","urlTemplate":"https:\/\/www.diocese-belfort-montbeliard.fr\/chevremont\/?s={search_term_string}"},"query-input":{"@type":"PropertyValueSpecification","valueRequired":true,"valueName":"search_term_string"}}],"inLanguage":"fr-FR"}]}},"_links":{"self":[{"href":"https:\/\/www.diocese-belfort-montbeliard.fr\/chevremont\/wp-json\/wp\/v2\/paroisse\/161","targetHints":{"allow":["GET"]}}],"collection":[{"href":"https:\/\/www.diocese-belfort-montbeliard.fr\/chevremont\/wp-json\/wp\/v2\/paroisse"}],"about":[{"href":"https:\/\/www.diocese-belfort-montbeliard.fr\/chevremont\/wp-json\/wp\/v2\/types\/paroisse"}],"author":[{"embeddable":true,"href":"https:\/\/www.diocese-belfort-montbeliard.fr\/chevremont\/wp-json\/wp\/v2\/users\/1"}],"version-history":[{"count":1,"href":"https:\/\/www.diocese-belfort-montbeliard.fr\/chevremont\/wp-json\/wp\/v2\/paroisse\/161\/revisions"}],"predecessor-version":[{"id":2100,"href":"https:\/\/www.diocese-belfort-montbeliard.fr\/chevremont\/wp-json\/wp\/v2\/paroisse\/161\/revisions\/2100"}],"up":[{"embeddable":true,"href":"https:\/\/www.diocese-belfort-montbeliard.fr\/chevremont\/wp-json\/wp\/v2\/paroisse\/2076"}],"wp:attachment":[{"href":"https:\/\/www.diocese-belfort-montbeliard.fr\/chevremont\/wp-json\/wp\/v2\/media?parent=161"}],"curies":[{"name":"wp","href":"https:\/\/api.w.org\/{rel}","templated":true}]}}

Marie bénie ?

<p>On la dit «&nbsp;bénie entre toutes les femmes&nbsp;», pourtant sa vie fut terrible&nbsp;:</p>



<p>le mystère de l&rsquo;Immaculée Conception.</p>



<p>la naissance de son fils dans une étable</p>



<p>la fuite en Egypte</p>



<p>la &nbsp;fugue&nbsp; de Jésus&nbsp;: il a 12 ans, elle le cherche durant 3 jours et quand elle le retrouve il &nbsp;l&rsquo;envoie promener&nbsp;&nbsp;: «&nbsp;je dois m&rsquo;occuper&#8230;</p>



<p>la crucifixion&#8230;</p>



<p>Mais on la dit «&nbsp;pleine de grâce&nbsp;», car Marie «&nbsp;gardait tout cela dans son cœur&nbsp;».</p>



<p>A nous de savoir garder dans notre cœur nos difficultés, de les analyser pour chercher à comprendre la volonté de Dieu.</p>



<p>Amen</p>

<!-- This site is optimized with the Yoast SEO plugin v27.4 - https://yoast.com/product/yoast-seo-wordpress/ -->
<title>Marie bénie ? - Doyenné de Chèvremont</title>
<meta name="robots" content="index, follow, max-snippet:-1, max-image-preview:large, max-video-preview:-1" />
<link rel="canonical" href="https://www.diocese-belfort-montbeliard.fr/chevremont/paroisses/marie-desperance/les-ptites-histoires-du-pere-thomas/annee-liturgique-b-2020-2021/marie-benie/" />
<meta property="og:locale" content="fr_FR" />
<meta property="og:type" content="article" />
<meta property="og:title" content="Marie bénie ? - Doyenné de Chèvremont" />
<meta property="og:description" content="On la dit «&nbsp;bénie entre toutes les femmes&nbsp;», pourtant sa vie fut terrible&nbsp;: le mystère de l&rsquo;Immaculée Conception. la naissance de son fils dans une étable la fuite en Egypte la &nbsp;fugue&nbsp; de Jésus&nbsp;: il a 12 ans, elle le cherche durant 3 jours et quand elle le retrouve il &nbsp;l&rsquo;envoie promener&nbsp;&nbsp;: «&nbsp;je dois m&rsquo;occuper&#8230; [&hellip;]" />
<meta property="og:url" content="https://www.diocese-belfort-montbeliard.fr/chevremont/paroisses/marie-desperance/les-ptites-histoires-du-pere-thomas/annee-liturgique-b-2020-2021/marie-benie/" />
<meta property="og:site_name" content="Doyenné de Chèvremont" />
<meta property="article:modified_time" content="2021-12-12T17:40:58+00:00" />
<meta name="twitter:card" content="summary_large_image" />
<meta name="twitter:label1" content="Durée de lecture estimée" />
	<meta name="twitter:data1" content="1 minute" />
<script type="application/ld+json" class="yoast-schema-graph">{"@context":"https:\/\/schema.org","@graph":[{"@type":"WebPage","@id":"https:\/\/www.diocese-belfort-montbeliard.fr\/chevremont\/paroisses\/marie-desperance\/les-ptites-histoires-du-pere-thomas\/annee-liturgique-b-2020-2021\/marie-benie\/","url":"https:\/\/www.diocese-belfort-montbeliard.fr\/chevremont\/paroisses\/marie-desperance\/les-ptites-histoires-du-pere-thomas\/annee-liturgique-b-2020-2021\/marie-benie\/","name":"Marie bénie ? - Doyenné de Chèvremont","isPartOf":{"@id":"https:\/\/www.diocese-belfort-montbeliard.fr\/chevremont\/#website"},"datePublished":"2020-12-17T00:10:18+00:00","dateModified":"2021-12-12T17:40:58+00:00","breadcrumb":{"@id":"https:\/\/www.diocese-belfort-montbeliard.fr\/chevremont\/paroisses\/marie-desperance\/les-ptites-histoires-du-pere-thomas\/annee-liturgique-b-2020-2021\/marie-benie\/#breadcrumb"},"inLanguage":"fr-FR","potentialAction":[{"@type":"ReadAction","target":["https:\/\/www.diocese-belfort-montbeliard.fr\/chevremont\/paroisses\/marie-desperance\/les-ptites-histoires-du-pere-thomas\/annee-liturgique-b-2020-2021\/marie-benie\/"]}]},{"@type":"BreadcrumbList","@id":"https:\/\/www.diocese-belfort-montbeliard.fr\/chevremont\/paroisses\/marie-desperance\/les-ptites-histoires-du-pere-thomas\/annee-liturgique-b-2020-2021\/marie-benie\/#breadcrumb","itemListElement":[{"@type":"ListItem","position":1,"name":"Accueil","item":"https:\/\/www.diocese-belfort-montbeliard.fr\/chevremont\/"},{"@type":"ListItem","position":2,"name":"Marie d&#8217;Espérance","item":"https:\/\/www.diocese-belfort-montbeliard.fr\/chevremont\/paroisses\/marie-desperance\/"},{"@type":"ListItem","position":3,"name":"Homélies du Père Thomas","item":"https:\/\/www.diocese-belfort-montbeliard.fr\/chevremont\/?post_type=paroisse&p=146"},{"@type":"ListItem","position":4,"name":"Année liturgique B 2020 &#8211; 2021","item":"https:\/\/www.diocese-belfort-montbeliard.fr\/chevremont\/paroisses\/marie-desperance\/les-ptites-histoires-du-pere-thomas\/annee-liturgique-b-2020-2021\/"},{"@type":"ListItem","position":5,"name":"Marie bénie ?"}]},{"@type":"WebSite","@id":"https:\/\/www.diocese-belfort-montbeliard.fr\/chevremont\/#website","url":"https:\/\/www.diocese-belfort-montbeliard.fr\/chevremont\/","name":"Doyenné de Chèvremont","description":"Diocèse de Belfort-Montbéliard","potentialAction":[{"@type":"SearchAction","target":{"@type":"EntryPoint","urlTemplate":"https:\/\/www.diocese-belfort-montbeliard.fr\/chevremont\/?s={search_term_string}"},"query-input":{"@type":"PropertyValueSpecification","valueRequired":true,"valueName":"search_term_string"}}],"inLanguage":"fr-FR"}]}</script>
<!-- / Yoast SEO plugin. -->

Marie bénie ? - Doyenné de Chèvremont

On la dit «&nbsp;bénie entre toutes les femmes&nbsp;», pourtant sa vie fut terrible&nbsp;: le mystère de l&rsquo;Immaculée Conception. la naissance de son fils dans une étable la fuite en Egypte la &nbsp;fugue&nbsp; de Jésus&nbsp;: il a 12 ans, elle le cherche durant 3 jours et quand elle le retrouve il &nbsp;l&rsquo;envoie promener&nbsp;&nbsp;: «&nbsp;je dois m&rsquo;occuper&#8230; [&hellip;]

Doyenné de Chèvremont

Marie d&#8217;Espérance

Homélies du Père Thomas

Année liturgique B 2020 &#8211; 2021

Diocèse de Belfort-Montbéliard
