{"id":5304,"date":"2026-01-27T21:21:33","date_gmt":"2026-01-27T20:21:33","guid":{"rendered":"https:\/\/www.diocese-belfort-montbeliard.fr\/chevremont\/?post_type=paroisse&#038;p=5304"},"modified":"2026-01-27T21:37:16","modified_gmt":"2026-01-27T20:37:16","slug":"photos-2","status":"publish","type":"paroisse","link":"https:\/\/www.diocese-belfort-montbeliard.fr\/chevremont\/paroisses\/saint-antoine-le-grand\/photos-2\/","title":{"rendered":"PHOTOS"},"content":{"rendered":"<a class=\"wp-block-read-more\" href=\"https:\/\/www.diocese-belfort-montbeliard.fr\/chevremont\/paroisses\/saint-antoine-le-grand\/photos-2\/\" target=\"_self\">Lire la suite<span class=\"screen-reader-text\">\u00a0: PHOTOS<\/span><\/a>\n\n\n<p><a href=\"https:\/\/www.diocese-belfort-montbeliard.fr\/chevremont\/paroisses\/saint-antoine-le-grand\/photos-2\/fete-du-diocese-24-janvier-2026\/\">https:\/\/www.diocese-belfort-montbeliard.fr\/chevremont\/paroisses\/saint-antoine-le-grand\/photos-2\/fete-du-diocese-24-janvier-2026\/<\/a><\/p>\n\n\n\n<p><\/p>\n","protected":false},"author":14,"featured_media":4857,"parent":7,"menu_order":161,"template":"","meta":{"_acf_changed":false,"footnotes":""},"class_list":["post-5304","paroisse","type-paroisse","status-publish","has-post-thumbnail","hentry"],"acf":[],"yoast_head":"<!-- This site is optimized with the Yoast SEO plugin v27.4 - https:\/\/yoast.com\/product\/yoast-seo-wordpress\/ -->\n<title>PHOTOS - Doyenn\u00e9 de Ch\u00e8vremont<\/title>\n<meta name=\"robots\" content=\"index, follow, max-snippet:-1, max-image-preview:large, max-video-preview:-1\" \/>\n<link rel=\"canonical\" href=\"https:\/\/www.diocese-belfort-montbeliard.fr\/chevremont\/paroisses\/saint-antoine-le-grand\/photos-2\/\" \/>\n<meta property=\"og:locale\" content=\"fr_FR\" \/>\n<meta property=\"og:type\" content=\"article\" \/>\n<meta property=\"og:title\" content=\"PHOTOS - Doyenn\u00e9 de Ch\u00e8vremont\" \/>\n<meta property=\"og:description\" content=\"https:\/\/www.diocese-belfort-montbeliard.fr\/chevremont\/paroisses\/saint-antoine-le-grand\/photos-2\/fete-du-diocese-24-janvier-2026\/\" \/>\n<meta property=\"og:url\" content=\"https:\/\/www.diocese-belfort-montbeliard.fr\/chevremont\/paroisses\/saint-antoine-le-grand\/photos-2\/\" \/>\n<meta property=\"og:site_name\" content=\"Doyenn\u00e9 de Ch\u00e8vremont\" \/>\n<meta property=\"article:modified_time\" content=\"2026-01-27T20:37:16+00:00\" \/>\n<meta property=\"og:image\" content=\"https:\/\/www.diocese-belfort-montbeliard.fr\/chevremont\/wp-content\/uploads\/sites\/4\/2025\/02\/pxl_20250202_105040051-scaled.jpg\" \/>\n\t<meta property=\"og:image:width\" content=\"2560\" \/>\n\t<meta property=\"og:image:height\" content=\"1440\" \/>\n\t<meta property=\"og:image:type\" content=\"image\/jpeg\" \/>\n<meta name=\"twitter:card\" content=\"summary_large_image\" \/>\n<meta name=\"twitter:label1\" content=\"Dur\u00e9e de lecture estim\u00e9e\" \/>\n\t<meta name=\"twitter:data1\" content=\"1 minute\" \/>\n<script type=\"application\/ld+json\" class=\"yoast-schema-graph\">{\"@context\":\"https:\\\/\\\/schema.org\",\"@graph\":[{\"@type\":\"WebPage\",\"@id\":\"https:\\\/\\\/www.diocese-belfort-montbeliard.fr\\\/chevremont\\\/paroisses\\\/saint-antoine-le-grand\\\/photos-2\\\/\",\"url\":\"https:\\\/\\\/www.diocese-belfort-montbeliard.fr\\\/chevremont\\\/paroisses\\\/saint-antoine-le-grand\\\/photos-2\\\/\",\"name\":\"PHOTOS - Doyenn\u00e9 de Ch\u00e8vremont\",\"isPartOf\":{\"@id\":\"https:\\\/\\\/www.diocese-belfort-montbeliard.fr\\\/chevremont\\\/#website\"},\"primaryImageOfPage\":{\"@id\":\"https:\\\/\\\/www.diocese-belfort-montbeliard.fr\\\/chevremont\\\/paroisses\\\/saint-antoine-le-grand\\\/photos-2\\\/#primaryimage\"},\"image\":{\"@id\":\"https:\\\/\\\/www.diocese-belfort-montbeliard.fr\\\/chevremont\\\/paroisses\\\/saint-antoine-le-grand\\\/photos-2\\\/#primaryimage\"},\"thumbnailUrl\":\"https:\\\/\\\/www.diocese-belfort-montbeliard.fr\\\/chevremont\\\/wp-content\\\/uploads\\\/sites\\\/4\\\/2025\\\/02\\\/pxl_20250202_105040051-scaled.jpg\",\"datePublished\":\"2026-01-27T20:21:33+00:00\",\"dateModified\":\"2026-01-27T20:37:16+00:00\",\"breadcrumb\":{\"@id\":\"https:\\\/\\\/www.diocese-belfort-montbeliard.fr\\\/chevremont\\\/paroisses\\\/saint-antoine-le-grand\\\/photos-2\\\/#breadcrumb\"},\"inLanguage\":\"fr-FR\",\"potentialAction\":[{\"@type\":\"ReadAction\",\"target\":[\"https:\\\/\\\/www.diocese-belfort-montbeliard.fr\\\/chevremont\\\/paroisses\\\/saint-antoine-le-grand\\\/photos-2\\\/\"]}]},{\"@type\":\"ImageObject\",\"inLanguage\":\"fr-FR\",\"@id\":\"https:\\\/\\\/www.diocese-belfort-montbeliard.fr\\\/chevremont\\\/paroisses\\\/saint-antoine-le-grand\\\/photos-2\\\/#primaryimage\",\"url\":\"https:\\\/\\\/www.diocese-belfort-montbeliard.fr\\\/chevremont\\\/wp-content\\\/uploads\\\/sites\\\/4\\\/2025\\\/02\\\/pxl_20250202_105040051-scaled.jpg\",\"contentUrl\":\"https:\\\/\\\/www.diocese-belfort-montbeliard.fr\\\/chevremont\\\/wp-content\\\/uploads\\\/sites\\\/4\\\/2025\\\/02\\\/pxl_20250202_105040051-scaled.jpg\",\"width\":2560,\"height\":1440},{\"@type\":\"BreadcrumbList\",\"@id\":\"https:\\\/\\\/www.diocese-belfort-montbeliard.fr\\\/chevremont\\\/paroisses\\\/saint-antoine-le-grand\\\/photos-2\\\/#breadcrumb\",\"itemListElement\":[{\"@type\":\"ListItem\",\"position\":1,\"name\":\"Accueil\",\"item\":\"https:\\\/\\\/www.diocese-belfort-montbeliard.fr\\\/chevremont\\\/\"},{\"@type\":\"ListItem\",\"position\":2,\"name\":\"Saint Antoine le Grand\",\"item\":\"https:\\\/\\\/www.diocese-belfort-montbeliard.fr\\\/chevremont\\\/paroisses\\\/saint-antoine-le-grand\\\/\"},{\"@type\":\"ListItem\",\"position\":3,\"name\":\"PHOTOS\"}]},{\"@type\":\"WebSite\",\"@id\":\"https:\\\/\\\/www.diocese-belfort-montbeliard.fr\\\/chevremont\\\/#website\",\"url\":\"https:\\\/\\\/www.diocese-belfort-montbeliard.fr\\\/chevremont\\\/\",\"name\":\"Doyenn\u00e9 de Ch\u00e8vremont\",\"description\":\"Dioc\u00e8se de Belfort-Montb\u00e9liard\",\"potentialAction\":[{\"@type\":\"SearchAction\",\"target\":{\"@type\":\"EntryPoint\",\"urlTemplate\":\"https:\\\/\\\/www.diocese-belfort-montbeliard.fr\\\/chevremont\\\/?s={search_term_string}\"},\"query-input\":{\"@type\":\"PropertyValueSpecification\",\"valueRequired\":true,\"valueName\":\"search_term_string\"}}],\"inLanguage\":\"fr-FR\"}]}<\/script>\n<!-- \/ Yoast SEO plugin. -->","yoast_head_json":{"title":"PHOTOS - Doyenn\u00e9 de Ch\u00e8vremont","robots":{"index":"index","follow":"follow","max-snippet":"max-snippet:-1","max-image-preview":"max-image-preview:large","max-video-preview":"max-video-preview:-1"},"canonical":"https:\/\/www.diocese-belfort-montbeliard.fr\/chevremont\/paroisses\/saint-antoine-le-grand\/photos-2\/","og_locale":"fr_FR","og_type":"article","og_title":"PHOTOS - Doyenn\u00e9 de Ch\u00e8vremont","og_description":"https:\/\/www.diocese-belfort-montbeliard.fr\/chevremont\/paroisses\/saint-antoine-le-grand\/photos-2\/fete-du-diocese-24-janvier-2026\/","og_url":"https:\/\/www.diocese-belfort-montbeliard.fr\/chevremont\/paroisses\/saint-antoine-le-grand\/photos-2\/","og_site_name":"Doyenn\u00e9 de Ch\u00e8vremont","article_modified_time":"2026-01-27T20:37:16+00:00","og_image":[{"width":2560,"height":1440,"url":"https:\/\/www.diocese-belfort-montbeliard.fr\/chevremont\/wp-content\/uploads\/sites\/4\/2025\/02\/pxl_20250202_105040051-scaled.jpg","type":"image\/jpeg"}],"twitter_card":"summary_large_image","twitter_misc":{"Dur\u00e9e de lecture estim\u00e9e":"1 minute"},"schema":{"@context":"https:\/\/schema.org","@graph":[{"@type":"WebPage","@id":"https:\/\/www.diocese-belfort-montbeliard.fr\/chevremont\/paroisses\/saint-antoine-le-grand\/photos-2\/","url":"https:\/\/www.diocese-belfort-montbeliard.fr\/chevremont\/paroisses\/saint-antoine-le-grand\/photos-2\/","name":"PHOTOS - Doyenn\u00e9 de Ch\u00e8vremont","isPartOf":{"@id":"https:\/\/www.diocese-belfort-montbeliard.fr\/chevremont\/#website"},"primaryImageOfPage":{"@id":"https:\/\/www.diocese-belfort-montbeliard.fr\/chevremont\/paroisses\/saint-antoine-le-grand\/photos-2\/#primaryimage"},"image":{"@id":"https:\/\/www.diocese-belfort-montbeliard.fr\/chevremont\/paroisses\/saint-antoine-le-grand\/photos-2\/#primaryimage"},"thumbnailUrl":"https:\/\/www.diocese-belfort-montbeliard.fr\/chevremont\/wp-content\/uploads\/sites\/4\/2025\/02\/pxl_20250202_105040051-scaled.jpg","datePublished":"2026-01-27T20:21:33+00:00","dateModified":"2026-01-27T20:37:16+00:00","breadcrumb":{"@id":"https:\/\/www.diocese-belfort-montbeliard.fr\/chevremont\/paroisses\/saint-antoine-le-grand\/photos-2\/#breadcrumb"},"inLanguage":"fr-FR","potentialAction":[{"@type":"ReadAction","target":["https:\/\/www.diocese-belfort-montbeliard.fr\/chevremont\/paroisses\/saint-antoine-le-grand\/photos-2\/"]}]},{"@type":"ImageObject","inLanguage":"fr-FR","@id":"https:\/\/www.diocese-belfort-montbeliard.fr\/chevremont\/paroisses\/saint-antoine-le-grand\/photos-2\/#primaryimage","url":"https:\/\/www.diocese-belfort-montbeliard.fr\/chevremont\/wp-content\/uploads\/sites\/4\/2025\/02\/pxl_20250202_105040051-scaled.jpg","contentUrl":"https:\/\/www.diocese-belfort-montbeliard.fr\/chevremont\/wp-content\/uploads\/sites\/4\/2025\/02\/pxl_20250202_105040051-scaled.jpg","width":2560,"height":1440},{"@type":"BreadcrumbList","@id":"https:\/\/www.diocese-belfort-montbeliard.fr\/chevremont\/paroisses\/saint-antoine-le-grand\/photos-2\/#breadcrumb","itemListElement":[{"@type":"ListItem","position":1,"name":"Accueil","item":"https:\/\/www.diocese-belfort-montbeliard.fr\/chevremont\/"},{"@type":"ListItem","position":2,"name":"Saint Antoine le Grand","item":"https:\/\/www.diocese-belfort-montbeliard.fr\/chevremont\/paroisses\/saint-antoine-le-grand\/"},{"@type":"ListItem","position":3,"name":"PHOTOS"}]},{"@type":"WebSite","@id":"https:\/\/www.diocese-belfort-montbeliard.fr\/chevremont\/#website","url":"https:\/\/www.diocese-belfort-montbeliard.fr\/chevremont\/","name":"Doyenn\u00e9 de Ch\u00e8vremont","description":"Dioc\u00e8se de Belfort-Montb\u00e9liard","potentialAction":[{"@type":"SearchAction","target":{"@type":"EntryPoint","urlTemplate":"https:\/\/www.diocese-belfort-montbeliard.fr\/chevremont\/?s={search_term_string}"},"query-input":{"@type":"PropertyValueSpecification","valueRequired":true,"valueName":"search_term_string"}}],"inLanguage":"fr-FR"}]}},"_links":{"self":[{"href":"https:\/\/www.diocese-belfort-montbeliard.fr\/chevremont\/wp-json\/wp\/v2\/paroisse\/5304","targetHints":{"allow":["GET"]}}],"collection":[{"href":"https:\/\/www.diocese-belfort-montbeliard.fr\/chevremont\/wp-json\/wp\/v2\/paroisse"}],"about":[{"href":"https:\/\/www.diocese-belfort-montbeliard.fr\/chevremont\/wp-json\/wp\/v2\/types\/paroisse"}],"author":[{"embeddable":true,"href":"https:\/\/www.diocese-belfort-montbeliard.fr\/chevremont\/wp-json\/wp\/v2\/users\/14"}],"version-history":[{"count":2,"href":"https:\/\/www.diocese-belfort-montbeliard.fr\/chevremont\/wp-json\/wp\/v2\/paroisse\/5304\/revisions"}],"predecessor-version":[{"id":5337,"href":"https:\/\/www.diocese-belfort-montbeliard.fr\/chevremont\/wp-json\/wp\/v2\/paroisse\/5304\/revisions\/5337"}],"up":[{"embeddable":true,"href":"https:\/\/www.diocese-belfort-montbeliard.fr\/chevremont\/wp-json\/wp\/v2\/paroisse\/7"}],"wp:featuredmedia":[{"embeddable":true,"href":"https:\/\/www.diocese-belfort-montbeliard.fr\/chevremont\/wp-json\/wp\/v2\/media\/4857"}],"wp:attachment":[{"href":"https:\/\/www.diocese-belfort-montbeliard.fr\/chevremont\/wp-json\/wp\/v2\/media?parent=5304"}],"curies":[{"name":"wp","href":"https:\/\/api.w.org\/{rel}","templated":true}]}}

<!-- This site is optimized with the Yoast SEO plugin v27.4 - https://yoast.com/product/yoast-seo-wordpress/ -->
<title>PHOTOS - Doyenné de Chèvremont</title>
<meta name="robots" content="index, follow, max-snippet:-1, max-image-preview:large, max-video-preview:-1" />
<link rel="canonical" href="https://www.diocese-belfort-montbeliard.fr/chevremont/paroisses/saint-antoine-le-grand/photos-2/" />
<meta property="og:locale" content="fr_FR" />
<meta property="og:type" content="article" />
<meta property="og:title" content="PHOTOS - Doyenné de Chèvremont" />
<meta property="og:description" content="https://www.diocese-belfort-montbeliard.fr/chevremont/paroisses/saint-antoine-le-grand/photos-2/fete-du-diocese-24-janvier-2026/" />
<meta property="og:url" content="https://www.diocese-belfort-montbeliard.fr/chevremont/paroisses/saint-antoine-le-grand/photos-2/" />
<meta property="og:site_name" content="Doyenné de Chèvremont" />
<meta property="article:modified_time" content="2026-01-27T20:37:16+00:00" />
<meta property="og:image" content="https://www.diocese-belfort-montbeliard.fr/chevremont/wp-content/uploads/sites/4/2025/02/pxl_20250202_105040051-scaled.jpg" />
	<meta property="og:image:width" content="2560" />
	<meta property="og:image:height" content="1440" />
	<meta property="og:image:type" content="image/jpeg" />
<meta name="twitter:card" content="summary_large_image" />
<meta name="twitter:label1" content="Durée de lecture estimée" />
	<meta name="twitter:data1" content="1 minute" />
<script type="application/ld+json" class="yoast-schema-graph">{"@context":"https:\/\/schema.org","@graph":[{"@type":"WebPage","@id":"https:\/\/www.diocese-belfort-montbeliard.fr\/chevremont\/paroisses\/saint-antoine-le-grand\/photos-2\/","url":"https:\/\/www.diocese-belfort-montbeliard.fr\/chevremont\/paroisses\/saint-antoine-le-grand\/photos-2\/","name":"PHOTOS - Doyenné de Chèvremont","isPartOf":{"@id":"https:\/\/www.diocese-belfort-montbeliard.fr\/chevremont\/#website"},"primaryImageOfPage":{"@id":"https:\/\/www.diocese-belfort-montbeliard.fr\/chevremont\/paroisses\/saint-antoine-le-grand\/photos-2\/#primaryimage"},"image":{"@id":"https:\/\/www.diocese-belfort-montbeliard.fr\/chevremont\/paroisses\/saint-antoine-le-grand\/photos-2\/#primaryimage"},"thumbnailUrl":"https:\/\/www.diocese-belfort-montbeliard.fr\/chevremont\/wp-content\/uploads\/sites\/4\/2025\/02\/pxl_20250202_105040051-scaled.jpg","datePublished":"2026-01-27T20:21:33+00:00","dateModified":"2026-01-27T20:37:16+00:00","breadcrumb":{"@id":"https:\/\/www.diocese-belfort-montbeliard.fr\/chevremont\/paroisses\/saint-antoine-le-grand\/photos-2\/#breadcrumb"},"inLanguage":"fr-FR","potentialAction":[{"@type":"ReadAction","target":["https:\/\/www.diocese-belfort-montbeliard.fr\/chevremont\/paroisses\/saint-antoine-le-grand\/photos-2\/"]}]},{"@type":"ImageObject","inLanguage":"fr-FR","@id":"https:\/\/www.diocese-belfort-montbeliard.fr\/chevremont\/paroisses\/saint-antoine-le-grand\/photos-2\/#primaryimage","url":"https:\/\/www.diocese-belfort-montbeliard.fr\/chevremont\/wp-content\/uploads\/sites\/4\/2025\/02\/pxl_20250202_105040051-scaled.jpg","contentUrl":"https:\/\/www.diocese-belfort-montbeliard.fr\/chevremont\/wp-content\/uploads\/sites\/4\/2025\/02\/pxl_20250202_105040051-scaled.jpg","width":2560,"height":1440},{"@type":"BreadcrumbList","@id":"https:\/\/www.diocese-belfort-montbeliard.fr\/chevremont\/paroisses\/saint-antoine-le-grand\/photos-2\/#breadcrumb","itemListElement":[{"@type":"ListItem","position":1,"name":"Accueil","item":"https:\/\/www.diocese-belfort-montbeliard.fr\/chevremont\/"},{"@type":"ListItem","position":2,"name":"Saint Antoine le Grand","item":"https:\/\/www.diocese-belfort-montbeliard.fr\/chevremont\/paroisses\/saint-antoine-le-grand\/"},{"@type":"ListItem","position":3,"name":"PHOTOS"}]},{"@type":"WebSite","@id":"https:\/\/www.diocese-belfort-montbeliard.fr\/chevremont\/#website","url":"https:\/\/www.diocese-belfort-montbeliard.fr\/chevremont\/","name":"Doyenné de Chèvremont","description":"Diocèse de Belfort-Montbéliard","potentialAction":[{"@type":"SearchAction","target":{"@type":"EntryPoint","urlTemplate":"https:\/\/www.diocese-belfort-montbeliard.fr\/chevremont\/?s={search_term_string}"},"query-input":{"@type":"PropertyValueSpecification","valueRequired":true,"valueName":"search_term_string"}}],"inLanguage":"fr-FR"}]}</script>
<!-- / Yoast SEO plugin. -->

PHOTOS - Doyenné de Chèvremont

Doyenné de Chèvremont

Diocèse de Belfort-Montbéliard
