{"id":108,"date":"2021-01-08T00:05:32","date_gmt":"2021-01-07T23:05:32","guid":{"rendered":"https:\/\/www.diocese-belfort-montbeliard.fr\/hericourt-isle-doubs\/?post_type=paroisse&#038;p=108"},"modified":"2021-01-08T00:05:33","modified_gmt":"2021-01-07T23:05:33","slug":"apprends-nous-lesperance","status":"publish","type":"paroisse","link":"https:\/\/www.diocese-belfort-montbeliard.fr\/hericourt-isle-doubs\/paroisses\/notre-dame-du-paquis\/prieres-et-reflexions\/apprends-nous-lesperance\/","title":{"rendered":"Apprends-nous l&rsquo;esp\u00e9rance"},"content":{"rendered":"\n<p><strong>PAR TH\u00c9R\u00c8SE DELUCE DU BUREAU CCFD DE NANCY<\/strong><\/p>\n\n\n\n<p>Apprends-nous l&rsquo;Esp\u00e9rance !<\/p>\n\n\n\n<p>Lorsqu&rsquo;\u00e0 des r\u00e9unions bien pr\u00e9par\u00e9es&nbsp;peu d&rsquo;invit\u00e9s ont r\u00e9pondu,<\/p>\n\n\n\n<p><strong>Seigneur, apprends-nous l&rsquo;Esp\u00e9rance, apprends-nous la pers\u00e9v\u00e9rance !<\/strong><\/p>\n\n\n\n<p>Lorsque, pour la solidarit\u00e9 universelle \u00e0 laquelle nous croyons,<\/p>\n\n\n\n<p>nos proches semblent \u00eatre peu motiv\u00e9s,<\/p>\n\n\n\n<p><strong>Seigneur, apprends-nous l&rsquo;Esp\u00e9rance, apprends-nous la t\u00e9nacit\u00e9 !<\/strong><\/p>\n\n\n\n<p>Lorsque nous travaillons pour la justice et la paix, et que nous voyons tant d&rsquo;injustice,<\/p>\n\n\n\n<p>tant de violence, tant de gens bafou\u00e9s,<\/p>\n\n\n\n<p><strong>Seigneur, apprends-nous l&rsquo;Esp\u00e9rance et l&rsquo;audace de d\u00e9noncer !<\/strong><\/p>\n\n\n\n<p>Apprends-nous \u00e0 d\u00e9couvrir chez les autres les signes de ta tendresse !<\/p>\n\n\n\n<p>Apprends-nous \u00e0 reconna\u00eetre les signes d&rsquo;amiti\u00e9, de solidarit\u00e9, de justice et de d\u00e9veloppement,<\/p>\n\n\n\n<p><strong>Seigneur apprends-nous les signes de r\u00e9conciliation.<\/strong><\/p>\n\n\n\n<p>Apprends-nous \u00e0 vivre selon Ton Evangile, \u00e0 partager v\u00e9ritablement en fr\u00e8re,<\/p>\n\n\n\n<p>\u00e0 regarder les autres avec Ton regard, \u00e0 aimer les autres comme Toi!<\/p>\n\n\n\n<p>Alors,&nbsp;<strong>Seigneur nous pourrons esp\u00e9rer un monde nouveau.<\/strong><\/p>\n","protected":false},"author":1,"featured_media":0,"parent":105,"menu_order":136,"template":"","meta":{"_acf_changed":false,"footnotes":""},"class_list":["post-108","paroisse","type-paroisse","status-publish","hentry"],"acf":[],"yoast_head":"<!-- This site is optimized with the Yoast SEO plugin v27.4 - https:\/\/yoast.com\/product\/yoast-seo-wordpress\/ -->\n<title>Apprends-nous l&#039;esp\u00e9rance - Doyenn\u00e9 d&#039;H\u00e9ricourt - Isle\/Doubs<\/title>\n<meta name=\"robots\" content=\"index, follow, max-snippet:-1, max-image-preview:large, max-video-preview:-1\" \/>\n<link rel=\"canonical\" href=\"https:\/\/www.diocese-belfort-montbeliard.fr\/hericourt-isle-doubs\/paroisses\/notre-dame-du-paquis\/prieres-et-reflexions\/apprends-nous-lesperance\/\" \/>\n<meta property=\"og:locale\" content=\"fr_FR\" \/>\n<meta property=\"og:type\" content=\"article\" \/>\n<meta property=\"og:title\" content=\"Apprends-nous l&#039;esp\u00e9rance - Doyenn\u00e9 d&#039;H\u00e9ricourt - Isle\/Doubs\" \/>\n<meta property=\"og:description\" content=\"PAR TH\u00c9R\u00c8SE DELUCE DU BUREAU CCFD DE NANCY Apprends-nous l&rsquo;Esp\u00e9rance ! Lorsqu&rsquo;\u00e0 des r\u00e9unions bien pr\u00e9par\u00e9es&nbsp;peu d&rsquo;invit\u00e9s ont r\u00e9pondu, Seigneur, apprends-nous l&rsquo;Esp\u00e9rance, apprends-nous la pers\u00e9v\u00e9rance ! Lorsque, pour la solidarit\u00e9 universelle \u00e0 laquelle nous croyons, nos proches semblent \u00eatre peu motiv\u00e9s, Seigneur, apprends-nous l&rsquo;Esp\u00e9rance, apprends-nous la t\u00e9nacit\u00e9 ! Lorsque nous travaillons pour la justice et [&hellip;]\" \/>\n<meta property=\"og:url\" content=\"https:\/\/www.diocese-belfort-montbeliard.fr\/hericourt-isle-doubs\/paroisses\/notre-dame-du-paquis\/prieres-et-reflexions\/apprends-nous-lesperance\/\" \/>\n<meta property=\"og:site_name\" content=\"Doyenn\u00e9 d&#039;H\u00e9ricourt - Isle\/Doubs\" \/>\n<meta property=\"article:modified_time\" content=\"2021-01-07T23:05:33+00:00\" \/>\n<meta name=\"twitter:card\" content=\"summary_large_image\" \/>\n<meta name=\"twitter:label1\" content=\"Dur\u00e9e de lecture estim\u00e9e\" \/>\n\t<meta name=\"twitter:data1\" content=\"1 minute\" \/>\n<script type=\"application\/ld+json\" class=\"yoast-schema-graph\">{\"@context\":\"https:\\\/\\\/schema.org\",\"@graph\":[{\"@type\":\"WebPage\",\"@id\":\"https:\\\/\\\/www.diocese-belfort-montbeliard.fr\\\/hericourt-isle-doubs\\\/paroisses\\\/notre-dame-du-paquis\\\/prieres-et-reflexions\\\/apprends-nous-lesperance\\\/\",\"url\":\"https:\\\/\\\/www.diocese-belfort-montbeliard.fr\\\/hericourt-isle-doubs\\\/paroisses\\\/notre-dame-du-paquis\\\/prieres-et-reflexions\\\/apprends-nous-lesperance\\\/\",\"name\":\"Apprends-nous l'esp\u00e9rance - Doyenn\u00e9 d&#039;H\u00e9ricourt - Isle\\\/Doubs\",\"isPartOf\":{\"@id\":\"https:\\\/\\\/www.diocese-belfort-montbeliard.fr\\\/hericourt-isle-doubs\\\/#website\"},\"datePublished\":\"2021-01-07T23:05:32+00:00\",\"dateModified\":\"2021-01-07T23:05:33+00:00\",\"breadcrumb\":{\"@id\":\"https:\\\/\\\/www.diocese-belfort-montbeliard.fr\\\/hericourt-isle-doubs\\\/paroisses\\\/notre-dame-du-paquis\\\/prieres-et-reflexions\\\/apprends-nous-lesperance\\\/#breadcrumb\"},\"inLanguage\":\"fr-FR\",\"potentialAction\":[{\"@type\":\"ReadAction\",\"target\":[\"https:\\\/\\\/www.diocese-belfort-montbeliard.fr\\\/hericourt-isle-doubs\\\/paroisses\\\/notre-dame-du-paquis\\\/prieres-et-reflexions\\\/apprends-nous-lesperance\\\/\"]}]},{\"@type\":\"BreadcrumbList\",\"@id\":\"https:\\\/\\\/www.diocese-belfort-montbeliard.fr\\\/hericourt-isle-doubs\\\/paroisses\\\/notre-dame-du-paquis\\\/prieres-et-reflexions\\\/apprends-nous-lesperance\\\/#breadcrumb\",\"itemListElement\":[{\"@type\":\"ListItem\",\"position\":1,\"name\":\"Accueil\",\"item\":\"https:\\\/\\\/www.diocese-belfort-montbeliard.fr\\\/hericourt-isle-doubs\\\/\"},{\"@type\":\"ListItem\",\"position\":2,\"name\":\"Notre-Dame du P\u00e2quis\",\"item\":\"https:\\\/\\\/www.diocese-belfort-montbeliard.fr\\\/hericourt-isle-doubs\\\/paroisses\\\/notre-dame-du-paquis\\\/\"},{\"@type\":\"ListItem\",\"position\":3,\"name\":\"Pri\u00e8res et r\u00e9fl\u00e9xions\",\"item\":\"https:\\\/\\\/www.diocese-belfort-montbeliard.fr\\\/hericourt-isle-doubs\\\/paroisses\\\/notre-dame-du-paquis\\\/prieres-et-reflexions\\\/\"},{\"@type\":\"ListItem\",\"position\":4,\"name\":\"Apprends-nous l&#8217;esp\u00e9rance\"}]},{\"@type\":\"WebSite\",\"@id\":\"https:\\\/\\\/www.diocese-belfort-montbeliard.fr\\\/hericourt-isle-doubs\\\/#website\",\"url\":\"https:\\\/\\\/www.diocese-belfort-montbeliard.fr\\\/hericourt-isle-doubs\\\/\",\"name\":\"Doyenn\u00e9 d&#039;H\u00e9ricourt - Isle\\\/Doubs\",\"description\":\"Dioc\u00e8se de Belfort-Montb\u00e9liard\",\"potentialAction\":[{\"@type\":\"SearchAction\",\"target\":{\"@type\":\"EntryPoint\",\"urlTemplate\":\"https:\\\/\\\/www.diocese-belfort-montbeliard.fr\\\/hericourt-isle-doubs\\\/?s={search_term_string}\"},\"query-input\":{\"@type\":\"PropertyValueSpecification\",\"valueRequired\":true,\"valueName\":\"search_term_string\"}}],\"inLanguage\":\"fr-FR\"}]}<\/script>\n<!-- \/ Yoast SEO plugin. -->","yoast_head_json":{"title":"Apprends-nous l'esp\u00e9rance - Doyenn\u00e9 d&#039;H\u00e9ricourt - Isle\/Doubs","robots":{"index":"index","follow":"follow","max-snippet":"max-snippet:-1","max-image-preview":"max-image-preview:large","max-video-preview":"max-video-preview:-1"},"canonical":"https:\/\/www.diocese-belfort-montbeliard.fr\/hericourt-isle-doubs\/paroisses\/notre-dame-du-paquis\/prieres-et-reflexions\/apprends-nous-lesperance\/","og_locale":"fr_FR","og_type":"article","og_title":"Apprends-nous l'esp\u00e9rance - Doyenn\u00e9 d&#039;H\u00e9ricourt - Isle\/Doubs","og_description":"PAR TH\u00c9R\u00c8SE DELUCE DU BUREAU CCFD DE NANCY Apprends-nous l&rsquo;Esp\u00e9rance ! Lorsqu&rsquo;\u00e0 des r\u00e9unions bien pr\u00e9par\u00e9es&nbsp;peu d&rsquo;invit\u00e9s ont r\u00e9pondu, Seigneur, apprends-nous l&rsquo;Esp\u00e9rance, apprends-nous la pers\u00e9v\u00e9rance ! Lorsque, pour la solidarit\u00e9 universelle \u00e0 laquelle nous croyons, nos proches semblent \u00eatre peu motiv\u00e9s, Seigneur, apprends-nous l&rsquo;Esp\u00e9rance, apprends-nous la t\u00e9nacit\u00e9 ! Lorsque nous travaillons pour la justice et [&hellip;]","og_url":"https:\/\/www.diocese-belfort-montbeliard.fr\/hericourt-isle-doubs\/paroisses\/notre-dame-du-paquis\/prieres-et-reflexions\/apprends-nous-lesperance\/","og_site_name":"Doyenn\u00e9 d&#039;H\u00e9ricourt - Isle\/Doubs","article_modified_time":"2021-01-07T23:05:33+00:00","twitter_card":"summary_large_image","twitter_misc":{"Dur\u00e9e de lecture estim\u00e9e":"1 minute"},"schema":{"@context":"https:\/\/schema.org","@graph":[{"@type":"WebPage","@id":"https:\/\/www.diocese-belfort-montbeliard.fr\/hericourt-isle-doubs\/paroisses\/notre-dame-du-paquis\/prieres-et-reflexions\/apprends-nous-lesperance\/","url":"https:\/\/www.diocese-belfort-montbeliard.fr\/hericourt-isle-doubs\/paroisses\/notre-dame-du-paquis\/prieres-et-reflexions\/apprends-nous-lesperance\/","name":"Apprends-nous l'esp\u00e9rance - Doyenn\u00e9 d&#039;H\u00e9ricourt - Isle\/Doubs","isPartOf":{"@id":"https:\/\/www.diocese-belfort-montbeliard.fr\/hericourt-isle-doubs\/#website"},"datePublished":"2021-01-07T23:05:32+00:00","dateModified":"2021-01-07T23:05:33+00:00","breadcrumb":{"@id":"https:\/\/www.diocese-belfort-montbeliard.fr\/hericourt-isle-doubs\/paroisses\/notre-dame-du-paquis\/prieres-et-reflexions\/apprends-nous-lesperance\/#breadcrumb"},"inLanguage":"fr-FR","potentialAction":[{"@type":"ReadAction","target":["https:\/\/www.diocese-belfort-montbeliard.fr\/hericourt-isle-doubs\/paroisses\/notre-dame-du-paquis\/prieres-et-reflexions\/apprends-nous-lesperance\/"]}]},{"@type":"BreadcrumbList","@id":"https:\/\/www.diocese-belfort-montbeliard.fr\/hericourt-isle-doubs\/paroisses\/notre-dame-du-paquis\/prieres-et-reflexions\/apprends-nous-lesperance\/#breadcrumb","itemListElement":[{"@type":"ListItem","position":1,"name":"Accueil","item":"https:\/\/www.diocese-belfort-montbeliard.fr\/hericourt-isle-doubs\/"},{"@type":"ListItem","position":2,"name":"Notre-Dame du P\u00e2quis","item":"https:\/\/www.diocese-belfort-montbeliard.fr\/hericourt-isle-doubs\/paroisses\/notre-dame-du-paquis\/"},{"@type":"ListItem","position":3,"name":"Pri\u00e8res et r\u00e9fl\u00e9xions","item":"https:\/\/www.diocese-belfort-montbeliard.fr\/hericourt-isle-doubs\/paroisses\/notre-dame-du-paquis\/prieres-et-reflexions\/"},{"@type":"ListItem","position":4,"name":"Apprends-nous l&#8217;esp\u00e9rance"}]},{"@type":"WebSite","@id":"https:\/\/www.diocese-belfort-montbeliard.fr\/hericourt-isle-doubs\/#website","url":"https:\/\/www.diocese-belfort-montbeliard.fr\/hericourt-isle-doubs\/","name":"Doyenn\u00e9 d&#039;H\u00e9ricourt - Isle\/Doubs","description":"Dioc\u00e8se de Belfort-Montb\u00e9liard","potentialAction":[{"@type":"SearchAction","target":{"@type":"EntryPoint","urlTemplate":"https:\/\/www.diocese-belfort-montbeliard.fr\/hericourt-isle-doubs\/?s={search_term_string}"},"query-input":{"@type":"PropertyValueSpecification","valueRequired":true,"valueName":"search_term_string"}}],"inLanguage":"fr-FR"}]}},"_links":{"self":[{"href":"https:\/\/www.diocese-belfort-montbeliard.fr\/hericourt-isle-doubs\/wp-json\/wp\/v2\/paroisse\/108","targetHints":{"allow":["GET"]}}],"collection":[{"href":"https:\/\/www.diocese-belfort-montbeliard.fr\/hericourt-isle-doubs\/wp-json\/wp\/v2\/paroisse"}],"about":[{"href":"https:\/\/www.diocese-belfort-montbeliard.fr\/hericourt-isle-doubs\/wp-json\/wp\/v2\/types\/paroisse"}],"author":[{"embeddable":true,"href":"https:\/\/www.diocese-belfort-montbeliard.fr\/hericourt-isle-doubs\/wp-json\/wp\/v2\/users\/1"}],"version-history":[{"count":0,"href":"https:\/\/www.diocese-belfort-montbeliard.fr\/hericourt-isle-doubs\/wp-json\/wp\/v2\/paroisse\/108\/revisions"}],"up":[{"embeddable":true,"href":"https:\/\/www.diocese-belfort-montbeliard.fr\/hericourt-isle-doubs\/wp-json\/wp\/v2\/paroisse\/105"}],"wp:attachment":[{"href":"https:\/\/www.diocese-belfort-montbeliard.fr\/hericourt-isle-doubs\/wp-json\/wp\/v2\/media?parent=108"}],"curies":[{"name":"wp","href":"https:\/\/api.w.org\/{rel}","templated":true}]}}

Apprends-nous l&rsquo;espérance

<p><strong>PAR THÉRÈSE DELUCE DU BUREAU CCFD DE NANCY</strong></p>



<p>Apprends-nous l&rsquo;Espérance !</p>



<p>Lorsqu&rsquo;à des réunions bien préparées&nbsp;peu d&rsquo;invités ont répondu,</p>



<p><strong>Seigneur, apprends-nous l&rsquo;Espérance, apprends-nous la persévérance !</strong></p>



<p>Lorsque, pour la solidarité universelle à laquelle nous croyons,</p>



<p>nos proches semblent être peu motivés,</p>



<p><strong>Seigneur, apprends-nous l&rsquo;Espérance, apprends-nous la ténacité !</strong></p>



<p>Lorsque nous travaillons pour la justice et la paix, et que nous voyons tant d&rsquo;injustice,</p>



<p>tant de violence, tant de gens bafoués,</p>



<p><strong>Seigneur, apprends-nous l&rsquo;Espérance et l&rsquo;audace de dénoncer !</strong></p>



<p>Apprends-nous à découvrir chez les autres les signes de ta tendresse !</p>



<p>Apprends-nous à reconnaître les signes d&rsquo;amitié, de solidarité, de justice et de développement,</p>



<p><strong>Seigneur apprends-nous les signes de réconciliation.</strong></p>



<p>Apprends-nous à vivre selon Ton Evangile, à partager véritablement en frère,</p>



<p>à regarder les autres avec Ton regard, à aimer les autres comme Toi!</p>



<p>Alors,&nbsp;<strong>Seigneur nous pourrons espérer un monde nouveau.</strong></p>

<!-- This site is optimized with the Yoast SEO plugin v27.4 - https://yoast.com/product/yoast-seo-wordpress/ -->
<title>Apprends-nous l&#039;espérance - Doyenné d&#039;Héricourt - Isle/Doubs</title>
<meta name="robots" content="index, follow, max-snippet:-1, max-image-preview:large, max-video-preview:-1" />
<link rel="canonical" href="https://www.diocese-belfort-montbeliard.fr/hericourt-isle-doubs/paroisses/notre-dame-du-paquis/prieres-et-reflexions/apprends-nous-lesperance/" />
<meta property="og:locale" content="fr_FR" />
<meta property="og:type" content="article" />
<meta property="og:title" content="Apprends-nous l&#039;espérance - Doyenné d&#039;Héricourt - Isle/Doubs" />
<meta property="og:description" content="PAR THÉRÈSE DELUCE DU BUREAU CCFD DE NANCY Apprends-nous l&rsquo;Espérance ! Lorsqu&rsquo;à des réunions bien préparées&nbsp;peu d&rsquo;invités ont répondu, Seigneur, apprends-nous l&rsquo;Espérance, apprends-nous la persévérance ! Lorsque, pour la solidarité universelle à laquelle nous croyons, nos proches semblent être peu motivés, Seigneur, apprends-nous l&rsquo;Espérance, apprends-nous la ténacité ! Lorsque nous travaillons pour la justice et [&hellip;]" />
<meta property="og:url" content="https://www.diocese-belfort-montbeliard.fr/hericourt-isle-doubs/paroisses/notre-dame-du-paquis/prieres-et-reflexions/apprends-nous-lesperance/" />
<meta property="og:site_name" content="Doyenné d&#039;Héricourt - Isle/Doubs" />
<meta property="article:modified_time" content="2021-01-07T23:05:33+00:00" />
<meta name="twitter:card" content="summary_large_image" />
<meta name="twitter:label1" content="Durée de lecture estimée" />
	<meta name="twitter:data1" content="1 minute" />
<script type="application/ld+json" class="yoast-schema-graph">{"@context":"https:\/\/schema.org","@graph":[{"@type":"WebPage","@id":"https:\/\/www.diocese-belfort-montbeliard.fr\/hericourt-isle-doubs\/paroisses\/notre-dame-du-paquis\/prieres-et-reflexions\/apprends-nous-lesperance\/","url":"https:\/\/www.diocese-belfort-montbeliard.fr\/hericourt-isle-doubs\/paroisses\/notre-dame-du-paquis\/prieres-et-reflexions\/apprends-nous-lesperance\/","name":"Apprends-nous l'espérance - Doyenné d&#039;Héricourt - Isle\/Doubs","isPartOf":{"@id":"https:\/\/www.diocese-belfort-montbeliard.fr\/hericourt-isle-doubs\/#website"},"datePublished":"2021-01-07T23:05:32+00:00","dateModified":"2021-01-07T23:05:33+00:00","breadcrumb":{"@id":"https:\/\/www.diocese-belfort-montbeliard.fr\/hericourt-isle-doubs\/paroisses\/notre-dame-du-paquis\/prieres-et-reflexions\/apprends-nous-lesperance\/#breadcrumb"},"inLanguage":"fr-FR","potentialAction":[{"@type":"ReadAction","target":["https:\/\/www.diocese-belfort-montbeliard.fr\/hericourt-isle-doubs\/paroisses\/notre-dame-du-paquis\/prieres-et-reflexions\/apprends-nous-lesperance\/"]}]},{"@type":"BreadcrumbList","@id":"https:\/\/www.diocese-belfort-montbeliard.fr\/hericourt-isle-doubs\/paroisses\/notre-dame-du-paquis\/prieres-et-reflexions\/apprends-nous-lesperance\/#breadcrumb","itemListElement":[{"@type":"ListItem","position":1,"name":"Accueil","item":"https:\/\/www.diocese-belfort-montbeliard.fr\/hericourt-isle-doubs\/"},{"@type":"ListItem","position":2,"name":"Notre-Dame du Pâquis","item":"https:\/\/www.diocese-belfort-montbeliard.fr\/hericourt-isle-doubs\/paroisses\/notre-dame-du-paquis\/"},{"@type":"ListItem","position":3,"name":"Prières et réfléxions","item":"https:\/\/www.diocese-belfort-montbeliard.fr\/hericourt-isle-doubs\/paroisses\/notre-dame-du-paquis\/prieres-et-reflexions\/"},{"@type":"ListItem","position":4,"name":"Apprends-nous l&#8217;espérance"}]},{"@type":"WebSite","@id":"https:\/\/www.diocese-belfort-montbeliard.fr\/hericourt-isle-doubs\/#website","url":"https:\/\/www.diocese-belfort-montbeliard.fr\/hericourt-isle-doubs\/","name":"Doyenné d&#039;Héricourt - Isle\/Doubs","description":"Diocèse de Belfort-Montbéliard","potentialAction":[{"@type":"SearchAction","target":{"@type":"EntryPoint","urlTemplate":"https:\/\/www.diocese-belfort-montbeliard.fr\/hericourt-isle-doubs\/?s={search_term_string}"},"query-input":{"@type":"PropertyValueSpecification","valueRequired":true,"valueName":"search_term_string"}}],"inLanguage":"fr-FR"}]}</script>
<!-- / Yoast SEO plugin. -->

Apprends-nous l'espérance - Doyenné d&#039;Héricourt - Isle/Doubs

PAR THÉRÈSE DELUCE DU BUREAU CCFD DE NANCY Apprends-nous l&rsquo;Espérance ! Lorsqu&rsquo;à des réunions bien préparées&nbsp;peu d&rsquo;invités ont répondu, Seigneur, apprends-nous l&rsquo;Espérance, apprends-nous la persévérance ! Lorsque, pour la solidarité universelle à laquelle nous croyons, nos proches semblent être peu motivés, Seigneur, apprends-nous l&rsquo;Espérance, apprends-nous la ténacité ! Lorsque nous travaillons pour la justice et [&hellip;]

Doyenné d&#039;Héricourt - Isle/Doubs

Notre-Dame du Pâquis

Prières et réfléxions

Apprends-nous l&#8217;espérance

Diocèse de Belfort-Montbéliard
