{"id":123,"date":"2021-01-08T00:20:55","date_gmt":"2021-01-07T23:20:55","guid":{"rendered":"https:\/\/www.diocese-belfort-montbeliard.fr\/hericourt-isle-doubs\/?post_type=paroisse&#038;p=123"},"modified":"2021-01-08T00:20:55","modified_gmt":"2021-01-07T23:20:55","slug":"un-souffle-pour-grandir","status":"publish","type":"paroisse","link":"https:\/\/www.diocese-belfort-montbeliard.fr\/hericourt-isle-doubs\/paroisses\/notre-dame-du-paquis\/prieres-et-reflexions\/un-souffle-pour-grandir\/","title":{"rendered":"Un souffle pour grandir"},"content":{"rendered":"\n<p><strong>Seigneur re\u00e7ois ma vie comme une maison \u00e0 b\u00e2tir<\/strong><br><strong>Les fen\u00eatres grandes ouvertes sur un monde qui esp\u00e8re<\/strong><br><strong>Seigneur envoie l&rsquo;Esprit un souffle pour grandir<\/strong><\/p>\n\n\n\n<p>Regards nouveaux, chang\u00e9s, transform\u00e9s<br>Tout recevoir, tout donner<br>Ouvrons nos c\u0153urs aux diversit\u00e9s<br>Souffle de vie partag\u00e9e<\/p>\n\n\n\n<p>Membres du corps, ferments d&rsquo;unit\u00e9<br>Tout recevoir, tout donner<br>Osons servir nos comnunaut\u00e9s<br>Souffle de vie partag\u00e9e<br><br>Besoin de l&rsquo;autre pour exister<br>Tout recevoir, tout donner<br>Sortir de soi pour communiquer<br>Souffle de vie partag\u00e9<\/p>\n","protected":false},"author":1,"featured_media":0,"parent":105,"menu_order":125,"template":"","meta":{"_acf_changed":false,"footnotes":""},"class_list":["post-123","paroisse","type-paroisse","status-publish","hentry"],"acf":[],"yoast_head":"<!-- This site is optimized with the Yoast SEO plugin v27.4 - https:\/\/yoast.com\/product\/yoast-seo-wordpress\/ -->\n<title>Un souffle pour grandir - Doyenn\u00e9 d&#039;H\u00e9ricourt - Isle\/Doubs<\/title>\n<meta name=\"robots\" content=\"index, follow, max-snippet:-1, max-image-preview:large, max-video-preview:-1\" \/>\n<link rel=\"canonical\" href=\"https:\/\/www.diocese-belfort-montbeliard.fr\/hericourt-isle-doubs\/paroisses\/notre-dame-du-paquis\/prieres-et-reflexions\/un-souffle-pour-grandir\/\" \/>\n<meta property=\"og:locale\" content=\"fr_FR\" \/>\n<meta property=\"og:type\" content=\"article\" \/>\n<meta property=\"og:title\" content=\"Un souffle pour grandir - Doyenn\u00e9 d&#039;H\u00e9ricourt - Isle\/Doubs\" \/>\n<meta property=\"og:description\" content=\"Seigneur re\u00e7ois ma vie comme une maison \u00e0 b\u00e2tirLes fen\u00eatres grandes ouvertes sur un monde qui esp\u00e8reSeigneur envoie l&rsquo;Esprit un souffle pour grandir Regards nouveaux, chang\u00e9s, transform\u00e9sTout recevoir, tout donnerOuvrons nos c\u0153urs aux diversit\u00e9sSouffle de vie partag\u00e9e Membres du corps, ferments d&rsquo;unit\u00e9Tout recevoir, tout donnerOsons servir nos comnunaut\u00e9sSouffle de vie partag\u00e9e Besoin de l&rsquo;autre pour [&hellip;]\" \/>\n<meta property=\"og:url\" content=\"https:\/\/www.diocese-belfort-montbeliard.fr\/hericourt-isle-doubs\/paroisses\/notre-dame-du-paquis\/prieres-et-reflexions\/un-souffle-pour-grandir\/\" \/>\n<meta property=\"og:site_name\" content=\"Doyenn\u00e9 d&#039;H\u00e9ricourt - Isle\/Doubs\" \/>\n<meta name=\"twitter:card\" content=\"summary_large_image\" \/>\n<script type=\"application\/ld+json\" class=\"yoast-schema-graph\">{\"@context\":\"https:\\\/\\\/schema.org\",\"@graph\":[{\"@type\":\"WebPage\",\"@id\":\"https:\\\/\\\/www.diocese-belfort-montbeliard.fr\\\/hericourt-isle-doubs\\\/paroisses\\\/notre-dame-du-paquis\\\/prieres-et-reflexions\\\/un-souffle-pour-grandir\\\/\",\"url\":\"https:\\\/\\\/www.diocese-belfort-montbeliard.fr\\\/hericourt-isle-doubs\\\/paroisses\\\/notre-dame-du-paquis\\\/prieres-et-reflexions\\\/un-souffle-pour-grandir\\\/\",\"name\":\"Un souffle pour grandir - Doyenn\u00e9 d&#039;H\u00e9ricourt - Isle\\\/Doubs\",\"isPartOf\":{\"@id\":\"https:\\\/\\\/www.diocese-belfort-montbeliard.fr\\\/hericourt-isle-doubs\\\/#website\"},\"datePublished\":\"2021-01-07T23:20:55+00:00\",\"breadcrumb\":{\"@id\":\"https:\\\/\\\/www.diocese-belfort-montbeliard.fr\\\/hericourt-isle-doubs\\\/paroisses\\\/notre-dame-du-paquis\\\/prieres-et-reflexions\\\/un-souffle-pour-grandir\\\/#breadcrumb\"},\"inLanguage\":\"fr-FR\",\"potentialAction\":[{\"@type\":\"ReadAction\",\"target\":[\"https:\\\/\\\/www.diocese-belfort-montbeliard.fr\\\/hericourt-isle-doubs\\\/paroisses\\\/notre-dame-du-paquis\\\/prieres-et-reflexions\\\/un-souffle-pour-grandir\\\/\"]}]},{\"@type\":\"BreadcrumbList\",\"@id\":\"https:\\\/\\\/www.diocese-belfort-montbeliard.fr\\\/hericourt-isle-doubs\\\/paroisses\\\/notre-dame-du-paquis\\\/prieres-et-reflexions\\\/un-souffle-pour-grandir\\\/#breadcrumb\",\"itemListElement\":[{\"@type\":\"ListItem\",\"position\":1,\"name\":\"Accueil\",\"item\":\"https:\\\/\\\/www.diocese-belfort-montbeliard.fr\\\/hericourt-isle-doubs\\\/\"},{\"@type\":\"ListItem\",\"position\":2,\"name\":\"Notre-Dame du P\u00e2quis\",\"item\":\"https:\\\/\\\/www.diocese-belfort-montbeliard.fr\\\/hericourt-isle-doubs\\\/paroisses\\\/notre-dame-du-paquis\\\/\"},{\"@type\":\"ListItem\",\"position\":3,\"name\":\"Pri\u00e8res et r\u00e9fl\u00e9xions\",\"item\":\"https:\\\/\\\/www.diocese-belfort-montbeliard.fr\\\/hericourt-isle-doubs\\\/paroisses\\\/notre-dame-du-paquis\\\/prieres-et-reflexions\\\/\"},{\"@type\":\"ListItem\",\"position\":4,\"name\":\"Un souffle pour grandir\"}]},{\"@type\":\"WebSite\",\"@id\":\"https:\\\/\\\/www.diocese-belfort-montbeliard.fr\\\/hericourt-isle-doubs\\\/#website\",\"url\":\"https:\\\/\\\/www.diocese-belfort-montbeliard.fr\\\/hericourt-isle-doubs\\\/\",\"name\":\"Doyenn\u00e9 d&#039;H\u00e9ricourt - Isle\\\/Doubs\",\"description\":\"Dioc\u00e8se de Belfort-Montb\u00e9liard\",\"potentialAction\":[{\"@type\":\"SearchAction\",\"target\":{\"@type\":\"EntryPoint\",\"urlTemplate\":\"https:\\\/\\\/www.diocese-belfort-montbeliard.fr\\\/hericourt-isle-doubs\\\/?s={search_term_string}\"},\"query-input\":{\"@type\":\"PropertyValueSpecification\",\"valueRequired\":true,\"valueName\":\"search_term_string\"}}],\"inLanguage\":\"fr-FR\"}]}<\/script>\n<!-- \/ Yoast SEO plugin. -->","yoast_head_json":{"title":"Un souffle pour grandir - Doyenn\u00e9 d&#039;H\u00e9ricourt - Isle\/Doubs","robots":{"index":"index","follow":"follow","max-snippet":"max-snippet:-1","max-image-preview":"max-image-preview:large","max-video-preview":"max-video-preview:-1"},"canonical":"https:\/\/www.diocese-belfort-montbeliard.fr\/hericourt-isle-doubs\/paroisses\/notre-dame-du-paquis\/prieres-et-reflexions\/un-souffle-pour-grandir\/","og_locale":"fr_FR","og_type":"article","og_title":"Un souffle pour grandir - Doyenn\u00e9 d&#039;H\u00e9ricourt - Isle\/Doubs","og_description":"Seigneur re\u00e7ois ma vie comme une maison \u00e0 b\u00e2tirLes fen\u00eatres grandes ouvertes sur un monde qui esp\u00e8reSeigneur envoie l&rsquo;Esprit un souffle pour grandir Regards nouveaux, chang\u00e9s, transform\u00e9sTout recevoir, tout donnerOuvrons nos c\u0153urs aux diversit\u00e9sSouffle de vie partag\u00e9e Membres du corps, ferments d&rsquo;unit\u00e9Tout recevoir, tout donnerOsons servir nos comnunaut\u00e9sSouffle de vie partag\u00e9e Besoin de l&rsquo;autre pour [&hellip;]","og_url":"https:\/\/www.diocese-belfort-montbeliard.fr\/hericourt-isle-doubs\/paroisses\/notre-dame-du-paquis\/prieres-et-reflexions\/un-souffle-pour-grandir\/","og_site_name":"Doyenn\u00e9 d&#039;H\u00e9ricourt - Isle\/Doubs","twitter_card":"summary_large_image","schema":{"@context":"https:\/\/schema.org","@graph":[{"@type":"WebPage","@id":"https:\/\/www.diocese-belfort-montbeliard.fr\/hericourt-isle-doubs\/paroisses\/notre-dame-du-paquis\/prieres-et-reflexions\/un-souffle-pour-grandir\/","url":"https:\/\/www.diocese-belfort-montbeliard.fr\/hericourt-isle-doubs\/paroisses\/notre-dame-du-paquis\/prieres-et-reflexions\/un-souffle-pour-grandir\/","name":"Un souffle pour grandir - Doyenn\u00e9 d&#039;H\u00e9ricourt - Isle\/Doubs","isPartOf":{"@id":"https:\/\/www.diocese-belfort-montbeliard.fr\/hericourt-isle-doubs\/#website"},"datePublished":"2021-01-07T23:20:55+00:00","breadcrumb":{"@id":"https:\/\/www.diocese-belfort-montbeliard.fr\/hericourt-isle-doubs\/paroisses\/notre-dame-du-paquis\/prieres-et-reflexions\/un-souffle-pour-grandir\/#breadcrumb"},"inLanguage":"fr-FR","potentialAction":[{"@type":"ReadAction","target":["https:\/\/www.diocese-belfort-montbeliard.fr\/hericourt-isle-doubs\/paroisses\/notre-dame-du-paquis\/prieres-et-reflexions\/un-souffle-pour-grandir\/"]}]},{"@type":"BreadcrumbList","@id":"https:\/\/www.diocese-belfort-montbeliard.fr\/hericourt-isle-doubs\/paroisses\/notre-dame-du-paquis\/prieres-et-reflexions\/un-souffle-pour-grandir\/#breadcrumb","itemListElement":[{"@type":"ListItem","position":1,"name":"Accueil","item":"https:\/\/www.diocese-belfort-montbeliard.fr\/hericourt-isle-doubs\/"},{"@type":"ListItem","position":2,"name":"Notre-Dame du P\u00e2quis","item":"https:\/\/www.diocese-belfort-montbeliard.fr\/hericourt-isle-doubs\/paroisses\/notre-dame-du-paquis\/"},{"@type":"ListItem","position":3,"name":"Pri\u00e8res et r\u00e9fl\u00e9xions","item":"https:\/\/www.diocese-belfort-montbeliard.fr\/hericourt-isle-doubs\/paroisses\/notre-dame-du-paquis\/prieres-et-reflexions\/"},{"@type":"ListItem","position":4,"name":"Un souffle pour grandir"}]},{"@type":"WebSite","@id":"https:\/\/www.diocese-belfort-montbeliard.fr\/hericourt-isle-doubs\/#website","url":"https:\/\/www.diocese-belfort-montbeliard.fr\/hericourt-isle-doubs\/","name":"Doyenn\u00e9 d&#039;H\u00e9ricourt - Isle\/Doubs","description":"Dioc\u00e8se de Belfort-Montb\u00e9liard","potentialAction":[{"@type":"SearchAction","target":{"@type":"EntryPoint","urlTemplate":"https:\/\/www.diocese-belfort-montbeliard.fr\/hericourt-isle-doubs\/?s={search_term_string}"},"query-input":{"@type":"PropertyValueSpecification","valueRequired":true,"valueName":"search_term_string"}}],"inLanguage":"fr-FR"}]}},"_links":{"self":[{"href":"https:\/\/www.diocese-belfort-montbeliard.fr\/hericourt-isle-doubs\/wp-json\/wp\/v2\/paroisse\/123","targetHints":{"allow":["GET"]}}],"collection":[{"href":"https:\/\/www.diocese-belfort-montbeliard.fr\/hericourt-isle-doubs\/wp-json\/wp\/v2\/paroisse"}],"about":[{"href":"https:\/\/www.diocese-belfort-montbeliard.fr\/hericourt-isle-doubs\/wp-json\/wp\/v2\/types\/paroisse"}],"author":[{"embeddable":true,"href":"https:\/\/www.diocese-belfort-montbeliard.fr\/hericourt-isle-doubs\/wp-json\/wp\/v2\/users\/1"}],"version-history":[{"count":0,"href":"https:\/\/www.diocese-belfort-montbeliard.fr\/hericourt-isle-doubs\/wp-json\/wp\/v2\/paroisse\/123\/revisions"}],"up":[{"embeddable":true,"href":"https:\/\/www.diocese-belfort-montbeliard.fr\/hericourt-isle-doubs\/wp-json\/wp\/v2\/paroisse\/105"}],"wp:attachment":[{"href":"https:\/\/www.diocese-belfort-montbeliard.fr\/hericourt-isle-doubs\/wp-json\/wp\/v2\/media?parent=123"}],"curies":[{"name":"wp","href":"https:\/\/api.w.org\/{rel}","templated":true}]}}

<p><strong>Seigneur reçois ma vie comme une maison à bâtir</strong><br><strong>Les fenêtres grandes ouvertes sur un monde qui espère</strong><br><strong>Seigneur envoie l&rsquo;Esprit un souffle pour grandir</strong></p>



<p>Regards nouveaux, changés, transformés<br>Tout recevoir, tout donner<br>Ouvrons nos cœurs aux diversités<br>Souffle de vie partagée</p>



<p>Membres du corps, ferments d&rsquo;unité<br>Tout recevoir, tout donner<br>Osons servir nos comnunautés<br>Souffle de vie partagée<br><br>Besoin de l&rsquo;autre pour exister<br>Tout recevoir, tout donner<br>Sortir de soi pour communiquer<br>Souffle de vie partagé</p>

<!-- This site is optimized with the Yoast SEO plugin v27.4 - https://yoast.com/product/yoast-seo-wordpress/ -->
<title>Un souffle pour grandir - Doyenné d&#039;Héricourt - Isle/Doubs</title>
<meta name="robots" content="index, follow, max-snippet:-1, max-image-preview:large, max-video-preview:-1" />
<link rel="canonical" href="https://www.diocese-belfort-montbeliard.fr/hericourt-isle-doubs/paroisses/notre-dame-du-paquis/prieres-et-reflexions/un-souffle-pour-grandir/" />
<meta property="og:locale" content="fr_FR" />
<meta property="og:type" content="article" />
<meta property="og:title" content="Un souffle pour grandir - Doyenné d&#039;Héricourt - Isle/Doubs" />
<meta property="og:description" content="Seigneur reçois ma vie comme une maison à bâtirLes fenêtres grandes ouvertes sur un monde qui espèreSeigneur envoie l&rsquo;Esprit un souffle pour grandir Regards nouveaux, changés, transformésTout recevoir, tout donnerOuvrons nos cœurs aux diversitésSouffle de vie partagée Membres du corps, ferments d&rsquo;unitéTout recevoir, tout donnerOsons servir nos comnunautésSouffle de vie partagée Besoin de l&rsquo;autre pour [&hellip;]" />
<meta property="og:url" content="https://www.diocese-belfort-montbeliard.fr/hericourt-isle-doubs/paroisses/notre-dame-du-paquis/prieres-et-reflexions/un-souffle-pour-grandir/" />
<meta property="og:site_name" content="Doyenné d&#039;Héricourt - Isle/Doubs" />
<meta name="twitter:card" content="summary_large_image" />
<script type="application/ld+json" class="yoast-schema-graph">{"@context":"https:\/\/schema.org","@graph":[{"@type":"WebPage","@id":"https:\/\/www.diocese-belfort-montbeliard.fr\/hericourt-isle-doubs\/paroisses\/notre-dame-du-paquis\/prieres-et-reflexions\/un-souffle-pour-grandir\/","url":"https:\/\/www.diocese-belfort-montbeliard.fr\/hericourt-isle-doubs\/paroisses\/notre-dame-du-paquis\/prieres-et-reflexions\/un-souffle-pour-grandir\/","name":"Un souffle pour grandir - Doyenné d&#039;Héricourt - Isle\/Doubs","isPartOf":{"@id":"https:\/\/www.diocese-belfort-montbeliard.fr\/hericourt-isle-doubs\/#website"},"datePublished":"2021-01-07T23:20:55+00:00","breadcrumb":{"@id":"https:\/\/www.diocese-belfort-montbeliard.fr\/hericourt-isle-doubs\/paroisses\/notre-dame-du-paquis\/prieres-et-reflexions\/un-souffle-pour-grandir\/#breadcrumb"},"inLanguage":"fr-FR","potentialAction":[{"@type":"ReadAction","target":["https:\/\/www.diocese-belfort-montbeliard.fr\/hericourt-isle-doubs\/paroisses\/notre-dame-du-paquis\/prieres-et-reflexions\/un-souffle-pour-grandir\/"]}]},{"@type":"BreadcrumbList","@id":"https:\/\/www.diocese-belfort-montbeliard.fr\/hericourt-isle-doubs\/paroisses\/notre-dame-du-paquis\/prieres-et-reflexions\/un-souffle-pour-grandir\/#breadcrumb","itemListElement":[{"@type":"ListItem","position":1,"name":"Accueil","item":"https:\/\/www.diocese-belfort-montbeliard.fr\/hericourt-isle-doubs\/"},{"@type":"ListItem","position":2,"name":"Notre-Dame du Pâquis","item":"https:\/\/www.diocese-belfort-montbeliard.fr\/hericourt-isle-doubs\/paroisses\/notre-dame-du-paquis\/"},{"@type":"ListItem","position":3,"name":"Prières et réfléxions","item":"https:\/\/www.diocese-belfort-montbeliard.fr\/hericourt-isle-doubs\/paroisses\/notre-dame-du-paquis\/prieres-et-reflexions\/"},{"@type":"ListItem","position":4,"name":"Un souffle pour grandir"}]},{"@type":"WebSite","@id":"https:\/\/www.diocese-belfort-montbeliard.fr\/hericourt-isle-doubs\/#website","url":"https:\/\/www.diocese-belfort-montbeliard.fr\/hericourt-isle-doubs\/","name":"Doyenné d&#039;Héricourt - Isle\/Doubs","description":"Diocèse de Belfort-Montbéliard","potentialAction":[{"@type":"SearchAction","target":{"@type":"EntryPoint","urlTemplate":"https:\/\/www.diocese-belfort-montbeliard.fr\/hericourt-isle-doubs\/?s={search_term_string}"},"query-input":{"@type":"PropertyValueSpecification","valueRequired":true,"valueName":"search_term_string"}}],"inLanguage":"fr-FR"}]}</script>
<!-- / Yoast SEO plugin. -->

Un souffle pour grandir - Doyenné d&#039;Héricourt - Isle/Doubs

Seigneur reçois ma vie comme une maison à bâtirLes fenêtres grandes ouvertes sur un monde qui espèreSeigneur envoie l&rsquo;Esprit un souffle pour grandir Regards nouveaux, changés, transformésTout recevoir, tout donnerOuvrons nos cœurs aux diversitésSouffle de vie partagée Membres du corps, ferments d&rsquo;unitéTout recevoir, tout donnerOsons servir nos comnunautésSouffle de vie partagée Besoin de l&rsquo;autre pour [&hellip;]

Doyenné d&#039;Héricourt - Isle/Doubs

Notre-Dame du Pâquis

Prières et réfléxions

Diocèse de Belfort-Montbéliard
