{"id":953,"date":"2023-12-21T15:21:25","date_gmt":"2023-12-21T14:21:25","guid":{"rendered":"https:\/\/www.diocese-belfort-montbeliard.fr\/hericourt-isle-doubs\/?post_type=paroisse&#038;p=953"},"modified":"2023-12-21T15:21:26","modified_gmt":"2023-12-21T14:21:26","slug":"notre-pere","status":"publish","type":"paroisse","link":"https:\/\/www.diocese-belfort-montbeliard.fr\/hericourt-isle-doubs\/paroisses\/notre-dame-du-paquis\/prieres-et-reflexions\/notre-pere\/","title":{"rendered":"Notre P\u00e8re"},"content":{"rendered":"\n<p>Notre P\u00e8re<\/p>\n\n\n\n<p>qui habite au plus profond de notre c\u0153ur,<\/p>\n\n\n\n<p>et fait de nous des fr\u00e8res,<\/p>\n\n\n\n<p>Que ton Nom soit premier dans nos vies,<\/p>\n\n\n\n<p>Que ton amour tout-puissant<\/p>\n\n\n\n<p>r\u00e8gne sur le monde,<\/p>\n\n\n\n<p>Que nous r\u00e9alisions ta volont\u00e9<\/p>\n\n\n\n<p>de nous aimer les uns les autres<\/p>\n\n\n\n<p>comme tu nous aimes,<\/p>\n\n\n\n<p>Donnes-nous aujourd&rsquo;hui<\/p>\n\n\n\n<p>ce qui nous fait vivre,<\/p>\n\n\n\n<p>Pardonne-nous<\/p>\n\n\n\n<p>d&rsquo;avoir offens\u00e9 ton amour,<\/p>\n\n\n\n<p>et que nous partagions ton pardon<\/p>\n\n\n\n<p>avec ceux qui nous ont bless\u00e9s;<\/p>\n\n\n\n<p>Rends-nous forts<\/p>\n\n\n\n<p>pour que la tentation ne l&#8217;emporte pas<\/p>\n\n\n\n<p>sur notre faiblesse,<\/p>\n\n\n\n<p>Et lib\u00e8re-nous de l&#8217;emprise du Mal.<\/p>\n\n\n\n<p>Car c&rsquo;est \u00e0 toi que reviennent<\/p>\n\n\n\n<p>le r\u00e8gne de la paix,<\/p>\n\n\n\n<p>la toute-puissance de l&rsquo;amour,<\/p>\n\n\n\n<p>et la gloire de la r\u00e9surrection.<\/p>\n\n\n\n<p>Amen<\/p>\n","protected":false},"author":28,"featured_media":0,"parent":105,"menu_order":70,"template":"","meta":{"_acf_changed":false,"footnotes":""},"class_list":["post-953","paroisse","type-paroisse","status-publish","hentry"],"acf":[],"yoast_head":"<!-- This site is optimized with the Yoast SEO plugin v27.4 - https:\/\/yoast.com\/product\/yoast-seo-wordpress\/ -->\n<title>Notre P\u00e8re - Doyenn\u00e9 d&#039;H\u00e9ricourt - Isle\/Doubs<\/title>\n<meta name=\"robots\" content=\"index, follow, max-snippet:-1, max-image-preview:large, max-video-preview:-1\" \/>\n<link rel=\"canonical\" href=\"https:\/\/www.diocese-belfort-montbeliard.fr\/hericourt-isle-doubs\/paroisses\/notre-dame-du-paquis\/prieres-et-reflexions\/notre-pere\/\" \/>\n<meta property=\"og:locale\" content=\"fr_FR\" \/>\n<meta property=\"og:type\" content=\"article\" \/>\n<meta property=\"og:title\" content=\"Notre P\u00e8re - Doyenn\u00e9 d&#039;H\u00e9ricourt - Isle\/Doubs\" \/>\n<meta property=\"og:description\" content=\"Notre P\u00e8re qui habite au plus profond de notre c\u0153ur, et fait de nous des fr\u00e8res, Que ton Nom soit premier dans nos vies, Que ton amour tout-puissant r\u00e8gne sur le monde, Que nous r\u00e9alisions ta volont\u00e9 de nous aimer les uns les autres comme tu nous aimes, Donnes-nous aujourd&rsquo;hui ce qui nous fait vivre, [&hellip;]\" \/>\n<meta property=\"og:url\" content=\"https:\/\/www.diocese-belfort-montbeliard.fr\/hericourt-isle-doubs\/paroisses\/notre-dame-du-paquis\/prieres-et-reflexions\/notre-pere\/\" \/>\n<meta property=\"og:site_name\" content=\"Doyenn\u00e9 d&#039;H\u00e9ricourt - Isle\/Doubs\" \/>\n<meta property=\"article:modified_time\" content=\"2023-12-21T14:21:26+00:00\" \/>\n<meta name=\"twitter:card\" content=\"summary_large_image\" \/>\n<meta name=\"twitter:label1\" content=\"Dur\u00e9e de lecture estim\u00e9e\" \/>\n\t<meta name=\"twitter:data1\" content=\"1 minute\" \/>\n<script type=\"application\/ld+json\" class=\"yoast-schema-graph\">{\"@context\":\"https:\\\/\\\/schema.org\",\"@graph\":[{\"@type\":\"WebPage\",\"@id\":\"https:\\\/\\\/www.diocese-belfort-montbeliard.fr\\\/hericourt-isle-doubs\\\/paroisses\\\/notre-dame-du-paquis\\\/prieres-et-reflexions\\\/notre-pere\\\/\",\"url\":\"https:\\\/\\\/www.diocese-belfort-montbeliard.fr\\\/hericourt-isle-doubs\\\/paroisses\\\/notre-dame-du-paquis\\\/prieres-et-reflexions\\\/notre-pere\\\/\",\"name\":\"Notre P\u00e8re - Doyenn\u00e9 d&#039;H\u00e9ricourt - Isle\\\/Doubs\",\"isPartOf\":{\"@id\":\"https:\\\/\\\/www.diocese-belfort-montbeliard.fr\\\/hericourt-isle-doubs\\\/#website\"},\"datePublished\":\"2023-12-21T14:21:25+00:00\",\"dateModified\":\"2023-12-21T14:21:26+00:00\",\"breadcrumb\":{\"@id\":\"https:\\\/\\\/www.diocese-belfort-montbeliard.fr\\\/hericourt-isle-doubs\\\/paroisses\\\/notre-dame-du-paquis\\\/prieres-et-reflexions\\\/notre-pere\\\/#breadcrumb\"},\"inLanguage\":\"fr-FR\",\"potentialAction\":[{\"@type\":\"ReadAction\",\"target\":[\"https:\\\/\\\/www.diocese-belfort-montbeliard.fr\\\/hericourt-isle-doubs\\\/paroisses\\\/notre-dame-du-paquis\\\/prieres-et-reflexions\\\/notre-pere\\\/\"]}]},{\"@type\":\"BreadcrumbList\",\"@id\":\"https:\\\/\\\/www.diocese-belfort-montbeliard.fr\\\/hericourt-isle-doubs\\\/paroisses\\\/notre-dame-du-paquis\\\/prieres-et-reflexions\\\/notre-pere\\\/#breadcrumb\",\"itemListElement\":[{\"@type\":\"ListItem\",\"position\":1,\"name\":\"Accueil\",\"item\":\"https:\\\/\\\/www.diocese-belfort-montbeliard.fr\\\/hericourt-isle-doubs\\\/\"},{\"@type\":\"ListItem\",\"position\":2,\"name\":\"Notre-Dame du P\u00e2quis\",\"item\":\"https:\\\/\\\/www.diocese-belfort-montbeliard.fr\\\/hericourt-isle-doubs\\\/paroisses\\\/notre-dame-du-paquis\\\/\"},{\"@type\":\"ListItem\",\"position\":3,\"name\":\"Pri\u00e8res et r\u00e9fl\u00e9xions\",\"item\":\"https:\\\/\\\/www.diocese-belfort-montbeliard.fr\\\/hericourt-isle-doubs\\\/paroisses\\\/notre-dame-du-paquis\\\/prieres-et-reflexions\\\/\"},{\"@type\":\"ListItem\",\"position\":4,\"name\":\"Notre P\u00e8re\"}]},{\"@type\":\"WebSite\",\"@id\":\"https:\\\/\\\/www.diocese-belfort-montbeliard.fr\\\/hericourt-isle-doubs\\\/#website\",\"url\":\"https:\\\/\\\/www.diocese-belfort-montbeliard.fr\\\/hericourt-isle-doubs\\\/\",\"name\":\"Doyenn\u00e9 d&#039;H\u00e9ricourt - Isle\\\/Doubs\",\"description\":\"Dioc\u00e8se de Belfort-Montb\u00e9liard\",\"potentialAction\":[{\"@type\":\"SearchAction\",\"target\":{\"@type\":\"EntryPoint\",\"urlTemplate\":\"https:\\\/\\\/www.diocese-belfort-montbeliard.fr\\\/hericourt-isle-doubs\\\/?s={search_term_string}\"},\"query-input\":{\"@type\":\"PropertyValueSpecification\",\"valueRequired\":true,\"valueName\":\"search_term_string\"}}],\"inLanguage\":\"fr-FR\"}]}<\/script>\n<!-- \/ Yoast SEO plugin. -->","yoast_head_json":{"title":"Notre P\u00e8re - Doyenn\u00e9 d&#039;H\u00e9ricourt - Isle\/Doubs","robots":{"index":"index","follow":"follow","max-snippet":"max-snippet:-1","max-image-preview":"max-image-preview:large","max-video-preview":"max-video-preview:-1"},"canonical":"https:\/\/www.diocese-belfort-montbeliard.fr\/hericourt-isle-doubs\/paroisses\/notre-dame-du-paquis\/prieres-et-reflexions\/notre-pere\/","og_locale":"fr_FR","og_type":"article","og_title":"Notre P\u00e8re - Doyenn\u00e9 d&#039;H\u00e9ricourt - Isle\/Doubs","og_description":"Notre P\u00e8re qui habite au plus profond de notre c\u0153ur, et fait de nous des fr\u00e8res, Que ton Nom soit premier dans nos vies, Que ton amour tout-puissant r\u00e8gne sur le monde, Que nous r\u00e9alisions ta volont\u00e9 de nous aimer les uns les autres comme tu nous aimes, Donnes-nous aujourd&rsquo;hui ce qui nous fait vivre, [&hellip;]","og_url":"https:\/\/www.diocese-belfort-montbeliard.fr\/hericourt-isle-doubs\/paroisses\/notre-dame-du-paquis\/prieres-et-reflexions\/notre-pere\/","og_site_name":"Doyenn\u00e9 d&#039;H\u00e9ricourt - Isle\/Doubs","article_modified_time":"2023-12-21T14:21:26+00:00","twitter_card":"summary_large_image","twitter_misc":{"Dur\u00e9e de lecture estim\u00e9e":"1 minute"},"schema":{"@context":"https:\/\/schema.org","@graph":[{"@type":"WebPage","@id":"https:\/\/www.diocese-belfort-montbeliard.fr\/hericourt-isle-doubs\/paroisses\/notre-dame-du-paquis\/prieres-et-reflexions\/notre-pere\/","url":"https:\/\/www.diocese-belfort-montbeliard.fr\/hericourt-isle-doubs\/paroisses\/notre-dame-du-paquis\/prieres-et-reflexions\/notre-pere\/","name":"Notre P\u00e8re - Doyenn\u00e9 d&#039;H\u00e9ricourt - Isle\/Doubs","isPartOf":{"@id":"https:\/\/www.diocese-belfort-montbeliard.fr\/hericourt-isle-doubs\/#website"},"datePublished":"2023-12-21T14:21:25+00:00","dateModified":"2023-12-21T14:21:26+00:00","breadcrumb":{"@id":"https:\/\/www.diocese-belfort-montbeliard.fr\/hericourt-isle-doubs\/paroisses\/notre-dame-du-paquis\/prieres-et-reflexions\/notre-pere\/#breadcrumb"},"inLanguage":"fr-FR","potentialAction":[{"@type":"ReadAction","target":["https:\/\/www.diocese-belfort-montbeliard.fr\/hericourt-isle-doubs\/paroisses\/notre-dame-du-paquis\/prieres-et-reflexions\/notre-pere\/"]}]},{"@type":"BreadcrumbList","@id":"https:\/\/www.diocese-belfort-montbeliard.fr\/hericourt-isle-doubs\/paroisses\/notre-dame-du-paquis\/prieres-et-reflexions\/notre-pere\/#breadcrumb","itemListElement":[{"@type":"ListItem","position":1,"name":"Accueil","item":"https:\/\/www.diocese-belfort-montbeliard.fr\/hericourt-isle-doubs\/"},{"@type":"ListItem","position":2,"name":"Notre-Dame du P\u00e2quis","item":"https:\/\/www.diocese-belfort-montbeliard.fr\/hericourt-isle-doubs\/paroisses\/notre-dame-du-paquis\/"},{"@type":"ListItem","position":3,"name":"Pri\u00e8res et r\u00e9fl\u00e9xions","item":"https:\/\/www.diocese-belfort-montbeliard.fr\/hericourt-isle-doubs\/paroisses\/notre-dame-du-paquis\/prieres-et-reflexions\/"},{"@type":"ListItem","position":4,"name":"Notre P\u00e8re"}]},{"@type":"WebSite","@id":"https:\/\/www.diocese-belfort-montbeliard.fr\/hericourt-isle-doubs\/#website","url":"https:\/\/www.diocese-belfort-montbeliard.fr\/hericourt-isle-doubs\/","name":"Doyenn\u00e9 d&#039;H\u00e9ricourt - Isle\/Doubs","description":"Dioc\u00e8se de Belfort-Montb\u00e9liard","potentialAction":[{"@type":"SearchAction","target":{"@type":"EntryPoint","urlTemplate":"https:\/\/www.diocese-belfort-montbeliard.fr\/hericourt-isle-doubs\/?s={search_term_string}"},"query-input":{"@type":"PropertyValueSpecification","valueRequired":true,"valueName":"search_term_string"}}],"inLanguage":"fr-FR"}]}},"_links":{"self":[{"href":"https:\/\/www.diocese-belfort-montbeliard.fr\/hericourt-isle-doubs\/wp-json\/wp\/v2\/paroisse\/953","targetHints":{"allow":["GET"]}}],"collection":[{"href":"https:\/\/www.diocese-belfort-montbeliard.fr\/hericourt-isle-doubs\/wp-json\/wp\/v2\/paroisse"}],"about":[{"href":"https:\/\/www.diocese-belfort-montbeliard.fr\/hericourt-isle-doubs\/wp-json\/wp\/v2\/types\/paroisse"}],"author":[{"embeddable":true,"href":"https:\/\/www.diocese-belfort-montbeliard.fr\/hericourt-isle-doubs\/wp-json\/wp\/v2\/users\/28"}],"version-history":[{"count":1,"href":"https:\/\/www.diocese-belfort-montbeliard.fr\/hericourt-isle-doubs\/wp-json\/wp\/v2\/paroisse\/953\/revisions"}],"predecessor-version":[{"id":954,"href":"https:\/\/www.diocese-belfort-montbeliard.fr\/hericourt-isle-doubs\/wp-json\/wp\/v2\/paroisse\/953\/revisions\/954"}],"up":[{"embeddable":true,"href":"https:\/\/www.diocese-belfort-montbeliard.fr\/hericourt-isle-doubs\/wp-json\/wp\/v2\/paroisse\/105"}],"wp:attachment":[{"href":"https:\/\/www.diocese-belfort-montbeliard.fr\/hericourt-isle-doubs\/wp-json\/wp\/v2\/media?parent=953"}],"curies":[{"name":"wp","href":"https:\/\/api.w.org\/{rel}","templated":true}]}}

Notre Père

<p>Notre Père</p>



<p>qui habite au plus profond de notre cœur,</p>



<p>et fait de nous des frères,</p>



<p>Que ton Nom soit premier dans nos vies,</p>



<p>Que ton amour tout-puissant</p>



<p>règne sur le monde,</p>



<p>Que nous réalisions ta volonté</p>



<p>de nous aimer les uns les autres</p>



<p>comme tu nous aimes,</p>



<p>Donnes-nous aujourd&rsquo;hui</p>



<p>ce qui nous fait vivre,</p>



<p>Pardonne-nous</p>



<p>d&rsquo;avoir offensé ton amour,</p>



<p>et que nous partagions ton pardon</p>



<p>avec ceux qui nous ont blessés;</p>



<p>Rends-nous forts</p>



<p>pour que la tentation ne l&#8217;emporte pas</p>



<p>sur notre faiblesse,</p>



<p>Et libère-nous de l&#8217;emprise du Mal.</p>



<p>Car c&rsquo;est à toi que reviennent</p>



<p>le règne de la paix,</p>



<p>la toute-puissance de l&rsquo;amour,</p>



<p>et la gloire de la résurrection.</p>



<p>Amen</p>

<!-- This site is optimized with the Yoast SEO plugin v27.4 - https://yoast.com/product/yoast-seo-wordpress/ -->
<title>Notre Père - Doyenné d&#039;Héricourt - Isle/Doubs</title>
<meta name="robots" content="index, follow, max-snippet:-1, max-image-preview:large, max-video-preview:-1" />
<link rel="canonical" href="https://www.diocese-belfort-montbeliard.fr/hericourt-isle-doubs/paroisses/notre-dame-du-paquis/prieres-et-reflexions/notre-pere/" />
<meta property="og:locale" content="fr_FR" />
<meta property="og:type" content="article" />
<meta property="og:title" content="Notre Père - Doyenné d&#039;Héricourt - Isle/Doubs" />
<meta property="og:description" content="Notre Père qui habite au plus profond de notre cœur, et fait de nous des frères, Que ton Nom soit premier dans nos vies, Que ton amour tout-puissant règne sur le monde, Que nous réalisions ta volonté de nous aimer les uns les autres comme tu nous aimes, Donnes-nous aujourd&rsquo;hui ce qui nous fait vivre, [&hellip;]" />
<meta property="og:url" content="https://www.diocese-belfort-montbeliard.fr/hericourt-isle-doubs/paroisses/notre-dame-du-paquis/prieres-et-reflexions/notre-pere/" />
<meta property="og:site_name" content="Doyenné d&#039;Héricourt - Isle/Doubs" />
<meta property="article:modified_time" content="2023-12-21T14:21:26+00:00" />
<meta name="twitter:card" content="summary_large_image" />
<meta name="twitter:label1" content="Durée de lecture estimée" />
	<meta name="twitter:data1" content="1 minute" />
<script type="application/ld+json" class="yoast-schema-graph">{"@context":"https:\/\/schema.org","@graph":[{"@type":"WebPage","@id":"https:\/\/www.diocese-belfort-montbeliard.fr\/hericourt-isle-doubs\/paroisses\/notre-dame-du-paquis\/prieres-et-reflexions\/notre-pere\/","url":"https:\/\/www.diocese-belfort-montbeliard.fr\/hericourt-isle-doubs\/paroisses\/notre-dame-du-paquis\/prieres-et-reflexions\/notre-pere\/","name":"Notre Père - Doyenné d&#039;Héricourt - Isle\/Doubs","isPartOf":{"@id":"https:\/\/www.diocese-belfort-montbeliard.fr\/hericourt-isle-doubs\/#website"},"datePublished":"2023-12-21T14:21:25+00:00","dateModified":"2023-12-21T14:21:26+00:00","breadcrumb":{"@id":"https:\/\/www.diocese-belfort-montbeliard.fr\/hericourt-isle-doubs\/paroisses\/notre-dame-du-paquis\/prieres-et-reflexions\/notre-pere\/#breadcrumb"},"inLanguage":"fr-FR","potentialAction":[{"@type":"ReadAction","target":["https:\/\/www.diocese-belfort-montbeliard.fr\/hericourt-isle-doubs\/paroisses\/notre-dame-du-paquis\/prieres-et-reflexions\/notre-pere\/"]}]},{"@type":"BreadcrumbList","@id":"https:\/\/www.diocese-belfort-montbeliard.fr\/hericourt-isle-doubs\/paroisses\/notre-dame-du-paquis\/prieres-et-reflexions\/notre-pere\/#breadcrumb","itemListElement":[{"@type":"ListItem","position":1,"name":"Accueil","item":"https:\/\/www.diocese-belfort-montbeliard.fr\/hericourt-isle-doubs\/"},{"@type":"ListItem","position":2,"name":"Notre-Dame du Pâquis","item":"https:\/\/www.diocese-belfort-montbeliard.fr\/hericourt-isle-doubs\/paroisses\/notre-dame-du-paquis\/"},{"@type":"ListItem","position":3,"name":"Prières et réfléxions","item":"https:\/\/www.diocese-belfort-montbeliard.fr\/hericourt-isle-doubs\/paroisses\/notre-dame-du-paquis\/prieres-et-reflexions\/"},{"@type":"ListItem","position":4,"name":"Notre Père"}]},{"@type":"WebSite","@id":"https:\/\/www.diocese-belfort-montbeliard.fr\/hericourt-isle-doubs\/#website","url":"https:\/\/www.diocese-belfort-montbeliard.fr\/hericourt-isle-doubs\/","name":"Doyenné d&#039;Héricourt - Isle\/Doubs","description":"Diocèse de Belfort-Montbéliard","potentialAction":[{"@type":"SearchAction","target":{"@type":"EntryPoint","urlTemplate":"https:\/\/www.diocese-belfort-montbeliard.fr\/hericourt-isle-doubs\/?s={search_term_string}"},"query-input":{"@type":"PropertyValueSpecification","valueRequired":true,"valueName":"search_term_string"}}],"inLanguage":"fr-FR"}]}</script>
<!-- / Yoast SEO plugin. -->

Notre Père - Doyenné d&#039;Héricourt - Isle/Doubs

Notre Père qui habite au plus profond de notre cœur, et fait de nous des frères, Que ton Nom soit premier dans nos vies, Que ton amour tout-puissant règne sur le monde, Que nous réalisions ta volonté de nous aimer les uns les autres comme tu nous aimes, Donnes-nous aujourd&rsquo;hui ce qui nous fait vivre, [&hellip;]

Doyenné d&#039;Héricourt - Isle/Doubs

Notre-Dame du Pâquis

Prières et réfléxions

Diocèse de Belfort-Montbéliard
